{"id":1342,"date":"2018-05-22T12:43:27","date_gmt":"2018-05-22T10:43:27","guid":{"rendered":"http:\/\/ksiegarnia-akademicka.pl\/index.php\/product\/prawo-konstytucyjne-rp\/"},"modified":"2018-12-11T14:08:18","modified_gmt":"2018-12-11T13:08:18","slug":"prawo-konstytucyjne-rp","status":"publish","type":"product","link":"https:\/\/ksiegarnia-akademicka.pl\/index.php\/product\/prawo-konstytucyjne-rp\/","title":{"rendered":"Prawo konstytucyjne RP"},"content":{"rendered":"<p>Nale\u017cy do serii:<br \/>\nPODR\u0118CZNIKI PRAWNICZE<br \/>\nAutor:<br \/>\nPawe\u0142 Sarnecki<br \/>\nRedakcja: Sarnecki Pawe\u0142<br \/>\nWydawca: C.H. Beck<br \/>\nOprawa: Mi\u0119kka<br \/>\nFormat: 14.5&#215;20.5cm<br \/>\nLiczba stron: 472<br \/>\nWydanie: 9<br \/>\nRok wydania: 2014<\/p>\n<p>Seria ta stanowi kanon wiedzy niezb\u0119dnej ka\u017cdemu studentowi prawa do zdania egzaminu.<\/p>\n<p>W podr\u0119czniku \u201ePrawo konstytucyjne RP\u201d om\u00f3wiono zagadnienia obj\u0119te uniwersyteckim kursem tego przedmiotu, do kt\u00f3rych nale\u017cy zaliczy\u0107:<br \/>\nzasady ustroju pa\u0144stwa,<br \/>\nstatus jednostki,<br \/>\nprawa i wolno\u015bci obywatelskie,<br \/>\nkompetencje organ\u00f3w w\u0142adzy ustawodawczej, wykonawczej i s\u0105downiczej. <\/p>\n<p>W dziewi\u0105tym wydaniu Autorzy zaktualizowali prezentowany materia\u0142, uwzgl\u0119dnili dokonane zmiany normatywne (np. wej\u015bcie w \u017cycie Kodeksu wyborczego), odnie\u015bli si\u0119 tak\u017ce do najnowszych problem\u00f3w zwi\u0105zanych z cz\u0142onkowstwem Polski w Unii Europejskiej.<\/p>\n<p>Prof. dr hab. Pawe\u0142 Sarnecki, dr Piotr Czarny, dr Andrzej Kulig, dr Bogumi\u0142 Nalezi\u0144ski, prof. UJ dr hab. Piotr Tuleja, prof. UJ dr Krzysztof Wojtyczek \u2013 pracownicy naukowi Katedry Prawa Konstytucyjnego Wydzia\u0142u Prawa i Administracji Uniwersytetu Jagiello\u0144skiego.<\/p>\n","protected":false},"excerpt":{"rendered":"<p>Nale\u017cy do serii: PODR\u0118CZNIKI PRAWNICZE Autor: Pawe\u0142 Sarnecki Redakcja: Sarnecki [&hellip;]<\/p>\n","protected":false},"featured_media":9413,"template":"","meta":[],"product_brand":[],"product_cat":[7496,18],"product_tag":[873,701],"class_list":{"0":"post-1342","1":"product","2":"type-product","3":"status-publish","4":"has-post-thumbnail","6":"product_cat-konstytucyjne","7":"product_cat-prawo","8":"product_tag-prawo-konstytucyjne","9":"product_tag-seria-podreczniki-prawnicze","11":"first","12":"instock","13":"sale","14":"shipping-taxable","15":"purchasable","16":"product-type-simple"},"_links":{"self":[{"href":"https:\/\/ksiegarnia-akademicka.pl\/index.php\/wp-json\/wp\/v2\/product\/1342","targetHints":{"allow":["GET"]}}],"collection":[{"href":"https:\/\/ksiegarnia-akademicka.pl\/index.php\/wp-json\/wp\/v2\/product"}],"about":[{"href":"https:\/\/ksiegarnia-akademicka.pl\/index.php\/wp-json\/wp\/v2\/types\/product"}],"wp:featuredmedia":[{"embeddable":true,"href":"https:\/\/ksiegarnia-akademicka.pl\/index.php\/wp-json\/wp\/v2\/media\/9413"}],"wp:attachment":[{"href":"https:\/\/ksiegarnia-akademicka.pl\/index.php\/wp-json\/wp\/v2\/media?parent=1342"}],"wp:term":[{"taxonomy":"product_brand","embeddable":true,"href":"https:\/\/ksiegarnia-akademicka.pl\/index.php\/wp-json\/wp\/v2\/product_brand?post=1342"},{"taxonomy":"product_cat","embeddable":true,"href":"https:\/\/ksiegarnia-akademicka.pl\/index.php\/wp-json\/wp\/v2\/product_cat?post=1342"},{"taxonomy":"product_tag","embeddable":true,"href":"https:\/\/ksiegarnia-akademicka.pl\/index.php\/wp-json\/wp\/v2\/product_tag?post=1342"}],"curies":[{"name":"wp","href":"https:\/\/api.w.org\/{rel}","templated":true}]}}

<p>Należy do serii:<br />
PODRĘCZNIKI PRAWNICZE<br />
Autor:<br />
Paweł Sarnecki<br />
Redakcja: Sarnecki Paweł<br />
Wydawca: C.H. Beck<br />
Oprawa: Miękka<br />
Format: 14.5&#215;20.5cm<br />
Liczba stron: 472<br />
Wydanie: 9<br />
Rok wydania: 2014</p>
<p>Seria ta stanowi kanon wiedzy niezbędnej każdemu studentowi prawa do zdania egzaminu.</p>
<p>W podręczniku „Prawo konstytucyjne RP” omówiono zagadnienia objęte uniwersyteckim kursem tego przedmiotu, do których należy zaliczyć:<br />
zasady ustroju państwa,<br />
status jednostki,<br />
prawa i wolności obywatelskie,<br />
kompetencje organów władzy ustawodawczej, wykonawczej i sądowniczej. </p>
<p>W dziewiątym wydaniu Autorzy zaktualizowali prezentowany materiał, uwzględnili dokonane zmiany normatywne (np. wejście w życie Kodeksu wyborczego), odnieśli się także do najnowszych problemów związanych z członkowstwem Polski w Unii Europejskiej.</p>
<p>Prof. dr hab. Paweł Sarnecki, dr Piotr Czarny, dr Andrzej Kulig, dr Bogumił Naleziński, prof. UJ dr hab. Piotr Tuleja, prof. UJ dr Krzysztof Wojtyczek – pracownicy naukowi Katedry Prawa Konstytucyjnego Wydziału Prawa i Administracji Uniwersytetu Jagiellońskiego.</p>

<p>Należy do serii: PODRĘCZNIKI PRAWNICZE Autor: Paweł Sarnecki Redakcja: Sarnecki [&hellip;]</p>
