{"id":13323,"date":"2020-10-05T10:32:59","date_gmt":"2020-10-05T08:32:59","guid":{"rendered":"http:\/\/ksiegarnia-akademicka.pl\/?post_type=product&#038;p=13323"},"modified":"2024-12-05T08:33:26","modified_gmt":"2024-12-05T07:33:26","slug":"praca-zdalna-praktyczny-przewodnik","status":"publish","type":"product","link":"https:\/\/ksiegarnia-akademicka.pl\/index.php\/product\/praca-zdalna-praktyczny-przewodnik\/","title":{"rendered":"Praca zdalna. Praktyczny przewodnik"},"content":{"rendered":"<p>Monika Krzyszkowska-D\u0105browska<br \/>\nWydawnictwo: Wolters Kluwer Polska<br \/>\nRok publikacji: 2020<br \/>\nWydanie: 1<br \/>\nLiczba stron: 140<br \/>\nSeria: Poradniki kadrowe<br \/>\nRodzaj: Poradnik<br \/>\nOk\u0142adka: mi\u0119kka<\/p>\n<p>Publikacja stanowi praktyczny przewodnik po zagadnieniach szeroko poj\u0119tej pracy zdalnej.<\/p>\n<p>Przedstawia ramy prawne:<\/p>\n<p>pracy zdalnej w warunkach przeciwdzia\u0142ania COVID-19 (o ograniczonym obecnie okresie obowi\u0105zywania),<br \/>\ntelepracy,<br \/>\nsporadycznej pracy w ramach tzw. \u201ehome office\u201d, \u201ehomeworking\u201d i \u201epracy z domu\u201d.<br \/>\nW poradniku w spos\u00f3b przyst\u0119pny om\u00f3wiono aktualne przepisy prawa, opisano tak\u017ce jak krok po kroku wdro\u017cy\u0107 prac\u0119 zdaln\u0105, a tak\u017ce zamieszczono wskaz\u00f3wki przydatne przy sporz\u0105dzaniu dokumentacji wewn\u0119trznej. W ksi\u0105\u017cce zawarte zosta\u0142y r\u00f3wnie\u017c przyk\u0142ady, wzory podstawowych dokument\u00f3w. Przedstawiono tak\u017ce wybrane orzecznictwo s\u0105dowe wraz z jego praktycznym zastosowaniem.<\/p>\n<p>W publikacji uwzgl\u0119dniono najnowsze zmiany wynikaj\u0105ce z ustawy z 24 lipca 2020 r. o zmianie ustawy o delegowaniu pracownik\u00f3w w ramach \u015bwiadczenia us\u0142ug oraz niekt\u00f3rych innych ustaw, kt\u00f3ra zawiera nowe regulacje w zakresie dotychczasowych zasad \u015bwiadczenia pracy zdalnej w ramach prewencji COVID-19.<\/p>\n<p>Adresaci:<br \/>\nKsi\u0105\u017cka przygotowana jest z my\u015bl\u0105 o praktykach \u2013 radcach prawnych i adwokatach, a tak\u017ce pracownikach dzia\u0142\u00f3w HR.<\/p>\n","protected":false},"excerpt":{"rendered":"<p>Monika Krzyszkowska-D\u0105browska Wydawnictwo: Wolters Kluwer Polska Rok publikacji: 2020 Wydanie: [&hellip;]<\/p>\n","protected":false},"featured_media":13324,"template":"","meta":[],"product_brand":[],"product_cat":[18,7550,21,30,7513],"product_tag":[793,649,538],"class_list":{"0":"post-13323","1":"product","2":"type-product","3":"status-publish","4":"has-post-thumbnail","6":"product_cat-prawo","7":"product_cat-prawo-pracy","8":"product_cat-ubezpieczenia","9":"product_cat-zarzadzanie","10":"product_cat-zarzadzanie-zasobami-ludzkimi","11":"product_tag-prawo-pracy","12":"product_tag-prawo-ubezpieczen-spolecznych","13":"product_tag-zarzadzanie-zasobami-ludzkimi","15":"first","16":"instock","17":"sale","18":"shipping-taxable","19":"purchasable","20":"product-type-simple"},"_links":{"self":[{"href":"https:\/\/ksiegarnia-akademicka.pl\/index.php\/wp-json\/wp\/v2\/product\/13323","targetHints":{"allow":["GET"]}}],"collection":[{"href":"https:\/\/ksiegarnia-akademicka.pl\/index.php\/wp-json\/wp\/v2\/product"}],"about":[{"href":"https:\/\/ksiegarnia-akademicka.pl\/index.php\/wp-json\/wp\/v2\/types\/product"}],"wp:featuredmedia":[{"embeddable":true,"href":"https:\/\/ksiegarnia-akademicka.pl\/index.php\/wp-json\/wp\/v2\/media\/13324"}],"wp:attachment":[{"href":"https:\/\/ksiegarnia-akademicka.pl\/index.php\/wp-json\/wp\/v2\/media?parent=13323"}],"wp:term":[{"taxonomy":"product_brand","embeddable":true,"href":"https:\/\/ksiegarnia-akademicka.pl\/index.php\/wp-json\/wp\/v2\/product_brand?post=13323"},{"taxonomy":"product_cat","embeddable":true,"href":"https:\/\/ksiegarnia-akademicka.pl\/index.php\/wp-json\/wp\/v2\/product_cat?post=13323"},{"taxonomy":"product_tag","embeddable":true,"href":"https:\/\/ksiegarnia-akademicka.pl\/index.php\/wp-json\/wp\/v2\/product_tag?post=13323"}],"curies":[{"name":"wp","href":"https:\/\/api.w.org\/{rel}","templated":true}]}}