{"id":13253,"date":"2020-09-09T13:33:29","date_gmt":"2020-09-09T11:33:29","guid":{"rendered":"http:\/\/ksiegarnia-akademicka.pl\/?post_type=product&#038;p=13253"},"modified":"2024-12-05T08:34:31","modified_gmt":"2024-12-05T07:34:31","slug":"relacje-sieciowe-urzedu-gminy-budowanie-przewagi-kooperacyjnej","status":"publish","type":"product","link":"https:\/\/ksiegarnia-akademicka.pl\/index.php\/product\/relacje-sieciowe-urzedu-gminy-budowanie-przewagi-kooperacyjnej\/","title":{"rendered":"Relacje sieciowe urz\u0119du gminy. Budowanie przewagi kooperacyjnej"},"content":{"rendered":"<p>Autor: dr Marcin Flieger<br \/>\nWydawnictwo: C.H. Beck<br \/>\nSeria: Ekonomia Zarz\u0105dzanie<br \/>\nRok wydania: 2020<br \/>\nOprawa: Mi\u0119kka<br \/>\nLiczba stron: 283<br \/>\nWaga: 460 g<br \/>\nISBN: 978-83-8198-771-4<\/p>\n<p>W ostatnich dekadach otoczenie organizacji uleg\u0142o g\u0142\u0119bokiej transformacji, a kluczow\u0105 rol\u0119 odgrywa wielokierunkowa wsp\u00f3\u0142zale\u017cno\u015b\u0107 podmiot\u00f3w. Partnerzy coraz cz\u0119\u015bciej podejmuj\u0105 dzia\u0142ania wsp\u00f3lne, tworz\u0105c tzw. sieci mi\u0119dzyorganizacyjne. Zrozumienie i wyja\u015bnienie uwarunkowa\u0144 ich funkcjonowania stanowi obecnie istotne wyzwanie w obszarze zarz\u0105dzania strategicznego.<\/p>\n<p>W ksi\u0105\u017cce pog\u0142\u0119biona zosta\u0142a problematyka nurtu sieciowego i zwi\u0119kszania skuteczno\u015bci realizowania zada\u0144 przez organizacj\u0119. Zamierzenia badawcze skoncentrowano na opracowaniu sp\u00f3jnej konstrukcji teoretycznej, umo\u017cliwiaj\u0105cej integracj\u0119 problematyki kszta\u0142towania relacji sieciowych oraz mo\u017cliwo\u015bci i uwarunkowa\u0144 budowania przewagi kooperacyjnej. Badaniem obj\u0119te zosta\u0142y organizacje sektora publicznego. W ksi\u0105\u017cce przyj\u0119to podej\u015bcie egocentryczne i skupiono si\u0119 na perspektywie urz\u0119du gminy, pe\u0142ni\u0105cego rol\u0119 lokalnego integratora dzia\u0142a\u0144 na rzecz ekonomicznego i spo\u0142ecznego rozwoju regionu.<\/p>\n<p>Publikacja dedykowana jest przede wszystkim zarz\u0105dzaj\u0105cym zaanga\u017cowanym w rozwijanie wsp\u00f3\u0142pracy w ramach sieci mi\u0119dzyorganizacyjnych, ze szczeg\u00f3lnym uwzgl\u0119dnieniem sieci publicznych. Cho\u0107 ma charakter naukowy, zawiera r\u00f3wnie\u017c praktyczne wskaz\u00f3wki wyja\u015bniaj\u0105ce istot\u0119 relacji sieciowych i uwarunkowania skutecznego wykorzystania potencja\u0142u przewagi kooperacyjnej organizacji.<\/p>\n","protected":false},"excerpt":{"rendered":"<p>Autor: dr Marcin Flieger Wydawnictwo: C.H. Beck Seria: Ekonomia Zarz\u0105dzanie [&hellip;]<\/p>\n","protected":false},"featured_media":13254,"template":"","meta":[],"product_brand":[],"product_cat":[17,7499,7494],"product_tag":[337,486,7809],"class_list":{"0":"post-13253","1":"product","2":"type-product","3":"status-publish","4":"has-post-thumbnail","6":"product_cat-ekonomia","7":"product_cat-makro-i-mikroekonomia","8":"product_cat-samorzad-terytorialny","9":"product_tag-ekonomia","10":"product_tag-samorzad-terytorialny","11":"product_tag-seria-ekonomia-zarzadzanie","13":"first","14":"instock","15":"sale","16":"shipping-taxable","17":"purchasable","18":"product-type-simple"},"_links":{"self":[{"href":"https:\/\/ksiegarnia-akademicka.pl\/index.php\/wp-json\/wp\/v2\/product\/13253","targetHints":{"allow":["GET"]}}],"collection":[{"href":"https:\/\/ksiegarnia-akademicka.pl\/index.php\/wp-json\/wp\/v2\/product"}],"about":[{"href":"https:\/\/ksiegarnia-akademicka.pl\/index.php\/wp-json\/wp\/v2\/types\/product"}],"wp:featuredmedia":[{"embeddable":true,"href":"https:\/\/ksiegarnia-akademicka.pl\/index.php\/wp-json\/wp\/v2\/media\/13254"}],"wp:attachment":[{"href":"https:\/\/ksiegarnia-akademicka.pl\/index.php\/wp-json\/wp\/v2\/media?parent=13253"}],"wp:term":[{"taxonomy":"product_brand","embeddable":true,"href":"https:\/\/ksiegarnia-akademicka.pl\/index.php\/wp-json\/wp\/v2\/product_brand?post=13253"},{"taxonomy":"product_cat","embeddable":true,"href":"https:\/\/ksiegarnia-akademicka.pl\/index.php\/wp-json\/wp\/v2\/product_cat?post=13253"},{"taxonomy":"product_tag","embeddable":true,"href":"https:\/\/ksiegarnia-akademicka.pl\/index.php\/wp-json\/wp\/v2\/product_tag?post=13253"}],"curies":[{"name":"wp","href":"https:\/\/api.w.org\/{rel}","templated":true}]}}