{"id":12920,"date":"2020-08-25T09:35:28","date_gmt":"2020-08-25T07:35:28","guid":{"rendered":"http:\/\/ksiegarnia-akademicka.pl\/?post_type=product&#038;p=12920"},"modified":"2024-12-05T08:23:03","modified_gmt":"2024-12-05T07:23:03","slug":"wszystko-jest-latwiejsze-niz-nam-sie-wydaje-nada-es-tan-terrible","status":"publish","type":"product","link":"https:\/\/ksiegarnia-akademicka.pl\/index.php\/product\/wszystko-jest-latwiejsze-niz-nam-sie-wydaje-nada-es-tan-terrible\/","title":{"rendered":"Wszystko jest \u0142atwiejsze ni\u017c nam si\u0119 wydaje Nada es tan terrible"},"content":{"rendered":"<p>Autor:<br \/>\nRafael E. Santandreu<br \/>\nT\u0142umacze: Kuhn Joanna<br \/>\nWydawca: Muza<br \/>\nOprawa: Mi\u0119kka ze skrzyde\u0142kami<br \/>\nFormat: 13.5&#215;21.0cm<br \/>\nLiczba stron: 320<br \/>\nWydanie: 1<br \/>\nRok wydania: 2020<br \/>\nJ\u0119zyk wydania: polski<\/p>\n<p>Rafael Santandreu \u2013 autorytet w dziedzinie zdrowia psychicznego \u2013 wyja\u015bnia, jak pracowa\u0107, \u017ceby czerpa\u0107 z tego przyjemno\u015b\u0107, w jaki spos\u00f3b radykalnie wyzby\u0107 si\u0119 kompleks\u00f3w i dlaczego warto postrzega\u0107 strat\u0119 jako szans\u0119. Poradnik zawiera praktyczne \u0107wiczenia, kt\u00f3re nie tylko pomagaj\u0105 nauczy\u0107 si\u0119, jak wzorowo dawa\u0107 sobie rad\u0119 z trudnymi osobami, by\u0107 w stanie przebacza\u0107 i umie\u0107 zapomina\u0107, ale te\u017c w jaki spos\u00f3b stworzy\u0107 dobr\u0105 relacj\u0119 partnersk\u0105 i czu\u0107 si\u0119 szcz\u0119\u015bliwym, niezale\u017cnie od sytuacji.<br \/>\nZmienianie siebie wymaga pracy i wysi\u0142ku, ale jest to najwa\u017cniejsza praktyka w \u017cyciu cz\u0142owieka \u2013 przepustka do du\u017co lepszego, szcz\u0119\u015bliwszego i pe\u0142niejszego \u017cycia, to pot\u0119\u017cne narz\u0119dzie pomagaj\u0105ce dokona\u0107 osobistej przemiany, to tak\u017ce kompletny podr\u0119cznik autoterapii.<\/p>\n","protected":false},"excerpt":{"rendered":"<p>Autor: Rafael E. Santandreu T\u0142umacze: Kuhn Joanna Wydawca: Muza Oprawa: [&hellip;]<\/p>\n","protected":false},"featured_media":12921,"template":"","meta":[],"product_brand":[],"product_cat":[27,7509],"product_tag":[1257,1186,1660],"class_list":{"0":"post-12920","1":"product","2":"type-product","3":"status-publish","4":"has-post-thumbnail","6":"product_cat-nauki-spoleczne","7":"product_cat-psychologia","8":"product_tag-poradniki","9":"product_tag-psychologia","10":"product_tag-samorealizacja","12":"first","13":"instock","14":"sale","15":"shipping-taxable","16":"purchasable","17":"product-type-simple"},"_links":{"self":[{"href":"https:\/\/ksiegarnia-akademicka.pl\/index.php\/wp-json\/wp\/v2\/product\/12920","targetHints":{"allow":["GET"]}}],"collection":[{"href":"https:\/\/ksiegarnia-akademicka.pl\/index.php\/wp-json\/wp\/v2\/product"}],"about":[{"href":"https:\/\/ksiegarnia-akademicka.pl\/index.php\/wp-json\/wp\/v2\/types\/product"}],"wp:featuredmedia":[{"embeddable":true,"href":"https:\/\/ksiegarnia-akademicka.pl\/index.php\/wp-json\/wp\/v2\/media\/12921"}],"wp:attachment":[{"href":"https:\/\/ksiegarnia-akademicka.pl\/index.php\/wp-json\/wp\/v2\/media?parent=12920"}],"wp:term":[{"taxonomy":"product_brand","embeddable":true,"href":"https:\/\/ksiegarnia-akademicka.pl\/index.php\/wp-json\/wp\/v2\/product_brand?post=12920"},{"taxonomy":"product_cat","embeddable":true,"href":"https:\/\/ksiegarnia-akademicka.pl\/index.php\/wp-json\/wp\/v2\/product_cat?post=12920"},{"taxonomy":"product_tag","embeddable":true,"href":"https:\/\/ksiegarnia-akademicka.pl\/index.php\/wp-json\/wp\/v2\/product_tag?post=12920"}],"curies":[{"name":"wp","href":"https:\/\/api.w.org\/{rel}","templated":true}]}}

Wszystko jest łatwiejsze niż nam się wydaje Nada es tan terrible

<p>Autor:<br />
Rafael E. Santandreu<br />
Tłumacze: Kuhn Joanna<br />
Wydawca: Muza<br />
Oprawa: Miękka ze skrzydełkami<br />
Format: 13.5&#215;21.0cm<br />
Liczba stron: 320<br />
Wydanie: 1<br />
Rok wydania: 2020<br />
Język wydania: polski</p>
<p>Rafael Santandreu – autorytet w dziedzinie zdrowia psychicznego – wyjaśnia, jak pracować, żeby czerpać z tego przyjemność, w jaki sposób radykalnie wyzbyć się kompleksów i dlaczego warto postrzegać stratę jako szansę. Poradnik zawiera praktyczne ćwiczenia, które nie tylko pomagają nauczyć się, jak wzorowo dawać sobie radę z trudnymi osobami, być w stanie przebaczać i umieć zapominać, ale też w jaki sposób stworzyć dobrą relację partnerską i czuć się szczęśliwym, niezależnie od sytuacji.<br />
Zmienianie siebie wymaga pracy i wysiłku, ale jest to najważniejsza praktyka w życiu człowieka – przepustka do dużo lepszego, szczęśliwszego i pełniejszego życia, to potężne narzędzie pomagające dokonać osobistej przemiany, to także kompletny podręcznik autoterapii.</p>

<p>Autor: Rafael E. Santandreu Tłumacze: Kuhn Joanna Wydawca: Muza Oprawa: [&hellip;]</p>
