{"id":12800,"date":"2020-07-10T10:38:58","date_gmt":"2020-07-10T08:38:58","guid":{"rendered":"http:\/\/ksiegarnia-akademicka.pl\/?post_type=product&#038;p=12800"},"modified":"2024-12-05T08:26:20","modified_gmt":"2024-12-05T07:26:20","slug":"obliczenia-kwantowe-dla-kazdego-quantum-computing-for-everyone","status":"publish","type":"product","link":"https:\/\/ksiegarnia-akademicka.pl\/index.php\/product\/obliczenia-kwantowe-dla-kazdego-quantum-computing-for-everyone\/","title":{"rendered":"Obliczenia kwantowe dla ka\u017cdego Quantum Computing for Everyone"},"content":{"rendered":"<p>Autor:<br \/>\nChris Bernhardt<br \/>\nT\u0142umacze: Lewandowski Tomasz<br \/>\nWydawca: Wydawnictwo Naukowe PWN<br \/>\nOprawa: Mi\u0119kka<br \/>\nFormat: 16.5&#215;23.5cm<br \/>\nLiczba stron: 240<br \/>\nWydanie: 1<br \/>\nRok wydania: 2020<br \/>\nJ\u0119zyk wydania: polski<\/p>\n<p>Ksi\u0105\u017cka jest przyst\u0119pnym wprowadzeniem do nowej, fascynuj\u0105cej dziedziny teorii oblicze\u0144.<br \/>\nObliczenia kwantowe to przepi\u0119kne spotkanie fizyki kwantowej z informatyk\u0105. Najbardziej zaskakuj\u0105ce idee fizyki XX wieku pozwalaj\u0105 nam zupe\u0142nie zmieni\u0107 spos\u00f3b my\u015blenia o obliczeniach. Chris Bernhardt wprowadza Czytelnika w obliczenia kwantowe w spos\u00f3b, kt\u00f3ry jest zrozumia\u0142y dla ka\u017cdego, kto jest zaznajomiony z matematyk\u0105 na poziomie liceum. Autor, sam b\u0119d\u0105c matematykiem, stara si\u0119 upraszcza\u0107 cz\u0119\u015b\u0107 matematyczn\u0105 tak bardzo, jak tylko jest to mo\u017cliwe. Wyja\u015bnia kubity, spl\u0105tanie, teleportacj\u0119 kwantow\u0105, algorytmy kwantowe oraz wiele innych zagadnie\u0144 zwi\u0105zanych z mechanik\u0105 kwantow\u0105. Zar\u00f3wno dzia\u0142anie, jak i znaczenie aparatu matematycznego wyja\u015bnia dodatkowo na prostych przyk\u0142adach.<br \/>\nW ksi\u0105\u017cce autor:<br \/>\ndefiniuje podstawow\u0105 jednostk\u0119 oblicze\u0144 kwantowych &#8211; kubit &#8211; i wyja\u015bnia jak mo\u017cna dokona\u0107 jego pomiaru, omawia spl\u0105tanie, kt\u00f3re &#8211; jak twierdzi &#8211; \u0142atwiej opisa\u0107 matematyk\u0105 ni\u017c s\u0142owami, wyja\u015bnia, co to znaczy, \u017ce dwa kubity mog\u0105 by\u0107 spl\u0105tane, wprowadza w tematyk\u0119 kryptografii kwantowej, podsumowuje standardowe zagadnienia klasycznego wprowadzenia do teorii oblicze\u0144 &#8211; bity, logika i bramki logiczne, opisuje pomys\u0142owy komputer kul bilardowych Edwarda Fredkina, definiuje kwantowe bramki logiczne, omawia z\u0142o\u017cono\u015b\u0107 algorytm\u00f3w kwantowych, opisuje budow\u0119 kwantowych komputer\u00f3w.<\/p>\n","protected":false},"excerpt":{"rendered":"<p>Autor: Chris Bernhardt T\u0142umacze: Lewandowski Tomasz Wydawca: Wydawnictwo Naukowe PWN [&hellip;]<\/p>\n","protected":false},"featured_media":12801,"template":"","meta":[],"product_brand":[],"product_cat":[7519,35],"product_tag":[129,103,253],"class_list":{"0":"post-12800","1":"product","2":"type-product","3":"status-publish","4":"has-post-thumbnail","6":"product_cat-matematyka","7":"product_cat-matematyka-i-jej-zastosowania","8":"product_tag-fizyka","9":"product_tag-informatyka","10":"product_tag-matematyka","12":"first","13":"instock","14":"sale","15":"shipping-taxable","16":"purchasable","17":"product-type-simple"},"_links":{"self":[{"href":"https:\/\/ksiegarnia-akademicka.pl\/index.php\/wp-json\/wp\/v2\/product\/12800","targetHints":{"allow":["GET"]}}],"collection":[{"href":"https:\/\/ksiegarnia-akademicka.pl\/index.php\/wp-json\/wp\/v2\/product"}],"about":[{"href":"https:\/\/ksiegarnia-akademicka.pl\/index.php\/wp-json\/wp\/v2\/types\/product"}],"wp:featuredmedia":[{"embeddable":true,"href":"https:\/\/ksiegarnia-akademicka.pl\/index.php\/wp-json\/wp\/v2\/media\/12801"}],"wp:attachment":[{"href":"https:\/\/ksiegarnia-akademicka.pl\/index.php\/wp-json\/wp\/v2\/media?parent=12800"}],"wp:term":[{"taxonomy":"product_brand","embeddable":true,"href":"https:\/\/ksiegarnia-akademicka.pl\/index.php\/wp-json\/wp\/v2\/product_brand?post=12800"},{"taxonomy":"product_cat","embeddable":true,"href":"https:\/\/ksiegarnia-akademicka.pl\/index.php\/wp-json\/wp\/v2\/product_cat?post=12800"},{"taxonomy":"product_tag","embeddable":true,"href":"https:\/\/ksiegarnia-akademicka.pl\/index.php\/wp-json\/wp\/v2\/product_tag?post=12800"}],"curies":[{"name":"wp","href":"https:\/\/api.w.org\/{rel}","templated":true}]}}