{"id":12723,"date":"2020-04-30T11:39:50","date_gmt":"2020-04-30T09:39:50","guid":{"rendered":"http:\/\/ksiegarnia-akademicka.pl\/?post_type=product&#038;p=12723"},"modified":"2020-04-30T11:39:51","modified_gmt":"2020-04-30T09:39:51","slug":"krol-liczb-szkice-z-metafizyki-kapitalizmu","status":"publish","type":"product","link":"https:\/\/ksiegarnia-akademicka.pl\/index.php\/product\/krol-liczb-szkice-z-metafizyki-kapitalizmu\/","title":{"rendered":"Kr\u00f3l liczb Szkice z metafizyki kapitalizmu"},"content":{"rendered":"<p>Autor:<br \/>\nBartosz Ku\u017aniarz<br \/>\nWydawca: Fundacja Augusta hr. Cieszkowskiego<br \/>\nOprawa: Mi\u0119kka<br \/>\nLiczba stron: 558<br \/>\nRok wydania: 2020<br \/>\nJ\u0119zyk wydania: polski<\/p>\n<p>Na terytorium dzisiejszej ekonomii trwa wojna dw\u00f3ch bog\u00f3w. Po jednej stronie znajduje si\u0119 B\u00f3g-osoba, s\u0142owo, kt\u00f3re sta\u0142o si\u0119 cia\u0142em, niesko\u0144czono\u015b\u0107 walcz\u0105ca o wcielenie \u2013 innymi s\u0142owy, B\u00f3g psychofizycznej formy ludzkiej jako nieprzekraczalnego telos ziemskiego \u017cycia. Po drugiej stronie jest abstrakcyjny witalizm: gnostycki b\u00f3g energii, informacji, mocy i rosn\u0105cej z\u0142o\u017cono\u015bci, oboj\u0119tny na materialny no\u015bnik, w kt\u00f3rym si\u0119 urzeczywistni.<br \/>\nW obecnej sytuacji nie ma pilniejszego zadania ni\u017c podwa\u017cenie zgubnego w skutkach uto\u017csamienia liberalizmu \u2013 wzrostu jako\u015bciowego i skupionego na cz\u0142owieku \u2013 z kapitalizmem, czyli niesko\u0144czonym pot\u0119gowaniem energii czystego \u017cycia.<br \/>\nWbrew temu, w co z czasem uda\u0142o nam si\u0119 uwierzy\u0107, celem kapitalistycznej logiki nigdy nie by\u0142 cz\u0142owiek.<\/p>\n","protected":false},"excerpt":{"rendered":"<p>Autor: Bartosz Ku\u017aniarz Wydawca: Fundacja Augusta hr. Cieszkowskiego Oprawa: Mi\u0119kka [&hellip;]<\/p>\n","protected":false},"featured_media":12724,"template":"","meta":[],"product_brand":[],"product_cat":[17,7498],"product_tag":[337,233,4546],"class_list":{"0":"post-12723","1":"product","2":"type-product","3":"status-publish","4":"has-post-thumbnail","6":"product_cat-ekonomia","7":"product_cat-teoria-ekonomii","8":"product_tag-ekonomia","9":"product_tag-filozofia","10":"product_tag-historia-ekonomii","12":"first","13":"instock","14":"sale","15":"shipping-taxable","16":"purchasable","17":"product-type-simple"},"_links":{"self":[{"href":"https:\/\/ksiegarnia-akademicka.pl\/index.php\/wp-json\/wp\/v2\/product\/12723","targetHints":{"allow":["GET"]}}],"collection":[{"href":"https:\/\/ksiegarnia-akademicka.pl\/index.php\/wp-json\/wp\/v2\/product"}],"about":[{"href":"https:\/\/ksiegarnia-akademicka.pl\/index.php\/wp-json\/wp\/v2\/types\/product"}],"wp:featuredmedia":[{"embeddable":true,"href":"https:\/\/ksiegarnia-akademicka.pl\/index.php\/wp-json\/wp\/v2\/media\/12724"}],"wp:attachment":[{"href":"https:\/\/ksiegarnia-akademicka.pl\/index.php\/wp-json\/wp\/v2\/media?parent=12723"}],"wp:term":[{"taxonomy":"product_brand","embeddable":true,"href":"https:\/\/ksiegarnia-akademicka.pl\/index.php\/wp-json\/wp\/v2\/product_brand?post=12723"},{"taxonomy":"product_cat","embeddable":true,"href":"https:\/\/ksiegarnia-akademicka.pl\/index.php\/wp-json\/wp\/v2\/product_cat?post=12723"},{"taxonomy":"product_tag","embeddable":true,"href":"https:\/\/ksiegarnia-akademicka.pl\/index.php\/wp-json\/wp\/v2\/product_tag?post=12723"}],"curies":[{"name":"wp","href":"https:\/\/api.w.org\/{rel}","templated":true}]}}