{"id":12613,"date":"2020-04-15T10:57:56","date_gmt":"2020-04-15T08:57:56","guid":{"rendered":"http:\/\/ksiegarnia-akademicka.pl\/?post_type=product&#038;p=12613"},"modified":"2020-04-15T10:57:56","modified_gmt":"2020-04-15T08:57:56","slug":"atopowe-zapalenie-skory","status":"publish","type":"product","link":"https:\/\/ksiegarnia-akademicka.pl\/index.php\/product\/atopowe-zapalenie-skory\/","title":{"rendered":"Atopowe zapalenie sk\u00f3ry"},"content":{"rendered":"<p>Wydawca: Termedia<br \/>\nOprawa: Mi\u0119kka<br \/>\nFormat: 16.5&#215;23.5cm<br \/>\nLiczba stron: 224<br \/>\nWydanie: 1<br \/>\nRok wydania: 2020<br \/>\nJ\u0119zyk wydania: polski<\/p>\n<p>Pierwszy polski podr\u0119cznik kompleksowo t\u0142umacz\u0105cy patogenez\u0119, klinik\u0119 oraz leczenie atopowego zapalenia sk\u00f3ry na podstawie dowod\u00f3w naukowych. Ze wzgl\u0119du na przewlek\u0142y przebieg oraz mo\u017cliwo\u015b\u0107 wsp\u00f3\u0142istnienia cech ma\u0142o swoistych istnieje wiele odmiennych postaci tej choroby. Na szczeg\u00f3ln\u0105 uwag\u0119 zas\u0142uguj\u0105 rozdzia\u0142y traktuj\u0105ce o atopowym zapaleniu sk\u00f3ry u os\u00f3b starszych i kobiet ci\u0119\u017carnych. Ksi\u0105\u017cka zosta\u0142a przygotowana przez zesp\u00f3\u0142 specjalist\u00f3w: alergologa, dermatologa, pediatr\u0119 i psychologa.<\/p>\n","protected":false},"excerpt":{"rendered":"<p>Wydawca: Termedia Oprawa: Mi\u0119kka Format: 16.5&#215;23.5cm Liczba stron: 224 Wydanie: [&hellip;]<\/p>\n","protected":false},"featured_media":12614,"template":"","meta":[],"product_brand":[],"product_cat":[7493],"product_tag":[2861,3994],"class_list":{"0":"post-12613","1":"product","2":"type-product","3":"status-publish","4":"has-post-thumbnail","6":"product_cat-medycyna","7":"product_tag-dermatologia","8":"product_tag-medycyna","10":"first","11":"instock","12":"sale","13":"shipping-taxable","14":"purchasable","15":"product-type-simple"},"_links":{"self":[{"href":"https:\/\/ksiegarnia-akademicka.pl\/index.php\/wp-json\/wp\/v2\/product\/12613","targetHints":{"allow":["GET"]}}],"collection":[{"href":"https:\/\/ksiegarnia-akademicka.pl\/index.php\/wp-json\/wp\/v2\/product"}],"about":[{"href":"https:\/\/ksiegarnia-akademicka.pl\/index.php\/wp-json\/wp\/v2\/types\/product"}],"wp:featuredmedia":[{"embeddable":true,"href":"https:\/\/ksiegarnia-akademicka.pl\/index.php\/wp-json\/wp\/v2\/media\/12614"}],"wp:attachment":[{"href":"https:\/\/ksiegarnia-akademicka.pl\/index.php\/wp-json\/wp\/v2\/media?parent=12613"}],"wp:term":[{"taxonomy":"product_brand","embeddable":true,"href":"https:\/\/ksiegarnia-akademicka.pl\/index.php\/wp-json\/wp\/v2\/product_brand?post=12613"},{"taxonomy":"product_cat","embeddable":true,"href":"https:\/\/ksiegarnia-akademicka.pl\/index.php\/wp-json\/wp\/v2\/product_cat?post=12613"},{"taxonomy":"product_tag","embeddable":true,"href":"https:\/\/ksiegarnia-akademicka.pl\/index.php\/wp-json\/wp\/v2\/product_tag?post=12613"}],"curies":[{"name":"wp","href":"https:\/\/api.w.org\/{rel}","templated":true}]}}