{"id":12550,"date":"2020-03-26T13:17:03","date_gmt":"2020-03-26T12:17:03","guid":{"rendered":"http:\/\/ksiegarnia-akademicka.pl\/?post_type=product&#038;p=12550"},"modified":"2020-03-26T13:17:04","modified_gmt":"2020-03-26T12:17:04","slug":"arteterapia-dla-dzieci-i-mlodziezy-scenariusze-zajec","status":"publish","type":"product","link":"https:\/\/ksiegarnia-akademicka.pl\/index.php\/product\/arteterapia-dla-dzieci-i-mlodziezy-scenariusze-zajec\/","title":{"rendered":"Arteterapia dla dzieci i m\u0142odzie\u017cy Scenariusze zaj\u0119\u0107"},"content":{"rendered":"<p>Autor:<br \/>\nWies\u0142aw Karolak<br \/>\nWydawca: Wydawnictwo Uniwersytetu \u0141\u00f3dzkiego<br \/>\nOprawa: Mi\u0119kka<br \/>\nFormat: 17.0&#215;24.0cm<br \/>\nLiczba stron: 174<br \/>\nWydanie: 1<br \/>\nRok wydania: 2019<br \/>\nJ\u0119zyk wydania: polski<\/p>\n<p>Arteterapia dla dzieci i m\u0142odzie\u017cy. Scenariusze zaj\u0119\u0107 mo\u017ce stanowi\u0107 cenn\u0105 pomoc dla nauczycieli, pedagog\u00f3w, metodyk\u00f3w, arteterapeut\u00f3w oraz student\u00f3w wielu specjalno\u015bci pedagogicznych, edukacji artystycznej i arteterapii. Z tej publikacji, jak z przewodnika, mog\u0105 korzysta\u0107 wszyscy, kt\u00f3rzy prowadz\u0105c r\u00f3\u017cne grupy zaj\u0119\u0107, poszukuj\u0105 prostych i atrakcyjnych metod pracy, daj\u0105cych uczestnikom rado\u015b\u0107 tworzenia i zwi\u0119kszaj\u0105cych efektywno\u015b\u0107 dzia\u0142a\u0144 tw\u00f3rczych.<br \/>\nKsi\u0105\u017cka sk\u0142ada si\u0119 z dw\u00f3ch cz\u0119\u015bci. Pierwsza ma charakter teoretyczny i wprowadzaj\u0105cy \u2013 pozwala na poszerzenie i usystematyzowanie wiedzy dotycz\u0105cej arteterapii. Natomiast cz\u0119\u015b\u0107 druga zawiera scenariusze zaj\u0119\u0107 wraz z dokumentacj\u0105 fotograficzn\u0105, uj\u0119te w trzech blokach tematycznych: Zmys\u0142y, Cztery pory roku i Interakcje. Uczestnikami proponowanych warsztat\u00f3w mog\u0105 by\u0107 dzieci w wieku przedszkolnym i szkolnym oraz m\u0142odzie\u017c licealna.<\/p>\n","protected":false},"excerpt":{"rendered":"<p>Autor: Wies\u0142aw Karolak Wydawca: Wydawnictwo Uniwersytetu \u0141\u00f3dzkiego Oprawa: Mi\u0119kka Format: [&hellip;]<\/p>\n","protected":false},"featured_media":12551,"template":"","meta":[],"product_brand":[],"product_cat":[28],"product_tag":[4785,5423,51],"class_list":{"0":"post-12550","1":"product","2":"type-product","3":"status-publish","4":"has-post-thumbnail","6":"product_cat-pedagogika","7":"product_tag-arteterapia","8":"product_tag-biblioterapia","9":"product_tag-pedagogika","11":"first","12":"instock","13":"sale","14":"shipping-taxable","15":"purchasable","16":"product-type-simple"},"_links":{"self":[{"href":"https:\/\/ksiegarnia-akademicka.pl\/index.php\/wp-json\/wp\/v2\/product\/12550","targetHints":{"allow":["GET"]}}],"collection":[{"href":"https:\/\/ksiegarnia-akademicka.pl\/index.php\/wp-json\/wp\/v2\/product"}],"about":[{"href":"https:\/\/ksiegarnia-akademicka.pl\/index.php\/wp-json\/wp\/v2\/types\/product"}],"wp:featuredmedia":[{"embeddable":true,"href":"https:\/\/ksiegarnia-akademicka.pl\/index.php\/wp-json\/wp\/v2\/media\/12551"}],"wp:attachment":[{"href":"https:\/\/ksiegarnia-akademicka.pl\/index.php\/wp-json\/wp\/v2\/media?parent=12550"}],"wp:term":[{"taxonomy":"product_brand","embeddable":true,"href":"https:\/\/ksiegarnia-akademicka.pl\/index.php\/wp-json\/wp\/v2\/product_brand?post=12550"},{"taxonomy":"product_cat","embeddable":true,"href":"https:\/\/ksiegarnia-akademicka.pl\/index.php\/wp-json\/wp\/v2\/product_cat?post=12550"},{"taxonomy":"product_tag","embeddable":true,"href":"https:\/\/ksiegarnia-akademicka.pl\/index.php\/wp-json\/wp\/v2\/product_tag?post=12550"}],"curies":[{"name":"wp","href":"https:\/\/api.w.org\/{rel}","templated":true}]}}

Arteterapia dla dzieci i młodzieży Scenariusze zajęć

<p>Autor:<br />
Wiesław Karolak<br />
Wydawca: Wydawnictwo Uniwersytetu Łódzkiego<br />
Oprawa: Miękka<br />
Format: 17.0&#215;24.0cm<br />
Liczba stron: 174<br />
Wydanie: 1<br />
Rok wydania: 2019<br />
Język wydania: polski</p>
<p>Arteterapia dla dzieci i młodzieży. Scenariusze zajęć może stanowić cenną pomoc dla nauczycieli, pedagogów, metodyków, arteterapeutów oraz studentów wielu specjalności pedagogicznych, edukacji artystycznej i arteterapii. Z tej publikacji, jak z przewodnika, mogą korzystać wszyscy, którzy prowadząc różne grupy zajęć, poszukują prostych i atrakcyjnych metod pracy, dających uczestnikom radość tworzenia i zwiększających efektywność działań twórczych.<br />
Książka składa się z dwóch części. Pierwsza ma charakter teoretyczny i wprowadzający – pozwala na poszerzenie i usystematyzowanie wiedzy dotyczącej arteterapii. Natomiast część druga zawiera scenariusze zajęć wraz z dokumentacją fotograficzną, ujęte w trzech blokach tematycznych: Zmysły, Cztery pory roku i Interakcje. Uczestnikami proponowanych warsztatów mogą być dzieci w wieku przedszkolnym i szkolnym oraz młodzież licealna.</p>

<p>Autor: Wiesław Karolak Wydawca: Wydawnictwo Uniwersytetu Łódzkiego Oprawa: Miękka Format: [&hellip;]</p>
