{"id":12548,"date":"2020-03-26T13:15:25","date_gmt":"2020-03-26T12:15:25","guid":{"rendered":"http:\/\/ksiegarnia-akademicka.pl\/?post_type=product&#038;p=12548"},"modified":"2020-03-26T13:15:25","modified_gmt":"2020-03-26T12:15:25","slug":"arteterapia-w-dzialaniu-propozycje-warsztatow-i-dzialan-arteterapeutycznych","status":"publish","type":"product","link":"https:\/\/ksiegarnia-akademicka.pl\/index.php\/product\/arteterapia-w-dzialaniu-propozycje-warsztatow-i-dzialan-arteterapeutycznych\/","title":{"rendered":"Arteterapia w dzia\u0142aniu Propozycje warsztat\u00f3w i dzia\u0142a\u0144 arteterapeutycznych"},"content":{"rendered":"<p>Autor:<br \/>\nAnna redakcja naukowa Gli\u0144ska-Lachowicz<br \/>\nWydawca: Difin<br \/>\nOprawa: Mi\u0119kka<br \/>\nFormat: 16.0&#215;23.0cm<br \/>\nLiczba stron: 186<br \/>\nRok wydania: 2016<br \/>\nJ\u0119zyk wydania: polski<\/p>\n<p>Ksi\u0105\u017cka zawiera 15 scenariuszy warsztat\u00f3w bazuj\u0105cych na r\u00f3\u017cnorodnych technikach arteterapeutycznych. Czytelnicy znajd\u0105 tu m.in. dzia\u0142ania oparte na muzykoterapii, teatroterapii, filmoterapii, choreoterapii, terapii poprzez ekspresj\u0119 plastyczn\u0105 (wizualn\u0105), a tak\u017ce dzia\u0142ania, kt\u00f3re proponuj\u0105 r\u00f3\u017cnorodno\u015b\u0107 sztuk. Autorzy opisywane przez siebie warsztaty przeprowadzili wielokrotnie \u2013 sprawdzali je, modyfikowali, zbierali ciekawe do\u015bwiadczenia, kt\u00f3rymi zechcieli podzieli\u0107 si\u0119 z innymi. Ksi\u0105\u017cka pokazuje jak nale\u017cy pracowa\u0107 przy pomocy dzia\u0142a\u0144 arteterapeutycznych, jakich b\u0142\u0119d\u00f3w si\u0119 wystrzega\u0107, jakie s\u0105 mo\u017cliwo\u015bci przekszta\u0142cania czy modyfikowania r\u00f3\u017cnego typu dzia\u0142a\u0144. Prezentuje prawdziw\u0105 arteterapi\u0119 \u2013 nie zniekszta\u0142cone dzia\u0142ania z zakresu plastyki i muzyki lub z zakresu terapii zaj\u0119ciowej. Propaguje dzia\u0142ania arteterapeutyczne spe\u0142niaj\u0105ce europejskie standardy.<br \/>\nTeksty z jakimi spotka si\u0119 czytelnik maj\u0105 zainspirowa\u0107, pobudzi\u0107 kreatywno\u015b\u0107, da\u0107 bodziec do dalszej pracy.<\/p>\n<p>Ksi\u0105\u017cka skierowana do arteterapeut\u00f3w, ale r\u00f3wnie\u017c do pedagog\u00f3w, psycholog\u00f3w, terapeut\u00f3w, nauczycieli, wychowawc\u00f3w, piel\u0119gniarek i os\u00f3b pracuj\u0105cych w szpitalach jako personel \u201eniemedyczny\u201d oraz student\u00f3w.<\/p>\n","protected":false},"excerpt":{"rendered":"<p>Autor: Anna redakcja naukowa Gli\u0144ska-Lachowicz Wydawca: Difin Oprawa: Mi\u0119kka Format: [&hellip;]<\/p>\n","protected":false},"featured_media":12549,"template":"","meta":[],"product_brand":[],"product_cat":[28],"product_tag":[4785,5423,51],"class_list":{"0":"post-12548","1":"product","2":"type-product","3":"status-publish","4":"has-post-thumbnail","6":"product_cat-pedagogika","7":"product_tag-arteterapia","8":"product_tag-biblioterapia","9":"product_tag-pedagogika","11":"first","12":"instock","13":"sale","14":"shipping-taxable","15":"purchasable","16":"product-type-simple"},"_links":{"self":[{"href":"https:\/\/ksiegarnia-akademicka.pl\/index.php\/wp-json\/wp\/v2\/product\/12548","targetHints":{"allow":["GET"]}}],"collection":[{"href":"https:\/\/ksiegarnia-akademicka.pl\/index.php\/wp-json\/wp\/v2\/product"}],"about":[{"href":"https:\/\/ksiegarnia-akademicka.pl\/index.php\/wp-json\/wp\/v2\/types\/product"}],"wp:featuredmedia":[{"embeddable":true,"href":"https:\/\/ksiegarnia-akademicka.pl\/index.php\/wp-json\/wp\/v2\/media\/12549"}],"wp:attachment":[{"href":"https:\/\/ksiegarnia-akademicka.pl\/index.php\/wp-json\/wp\/v2\/media?parent=12548"}],"wp:term":[{"taxonomy":"product_brand","embeddable":true,"href":"https:\/\/ksiegarnia-akademicka.pl\/index.php\/wp-json\/wp\/v2\/product_brand?post=12548"},{"taxonomy":"product_cat","embeddable":true,"href":"https:\/\/ksiegarnia-akademicka.pl\/index.php\/wp-json\/wp\/v2\/product_cat?post=12548"},{"taxonomy":"product_tag","embeddable":true,"href":"https:\/\/ksiegarnia-akademicka.pl\/index.php\/wp-json\/wp\/v2\/product_tag?post=12548"}],"curies":[{"name":"wp","href":"https:\/\/api.w.org\/{rel}","templated":true}]}}

Arteterapia w działaniu Propozycje warsztatów i działań arteterapeutycznych

<p>Autor:<br />
Anna redakcja naukowa Glińska-Lachowicz<br />
Wydawca: Difin<br />
Oprawa: Miękka<br />
Format: 16.0&#215;23.0cm<br />
Liczba stron: 186<br />
Rok wydania: 2016<br />
Język wydania: polski</p>
<p>Książka zawiera 15 scenariuszy warsztatów bazujących na różnorodnych technikach arteterapeutycznych. Czytelnicy znajdą tu m.in. działania oparte na muzykoterapii, teatroterapii, filmoterapii, choreoterapii, terapii poprzez ekspresję plastyczną (wizualną), a także działania, które proponują różnorodność sztuk. Autorzy opisywane przez siebie warsztaty przeprowadzili wielokrotnie – sprawdzali je, modyfikowali, zbierali ciekawe doświadczenia, którymi zechcieli podzielić się z innymi. Książka pokazuje jak należy pracować przy pomocy działań arteterapeutycznych, jakich błędów się wystrzegać, jakie są możliwości przekształcania czy modyfikowania różnego typu działań. Prezentuje prawdziwą arteterapię – nie zniekształcone działania z zakresu plastyki i muzyki lub z zakresu terapii zajęciowej. Propaguje działania arteterapeutyczne spełniające europejskie standardy.<br />
Teksty z jakimi spotka się czytelnik mają zainspirować, pobudzić kreatywność, dać bodziec do dalszej pracy.</p>
<p>Książka skierowana do arteterapeutów, ale również do pedagogów, psychologów, terapeutów, nauczycieli, wychowawców, pielęgniarek i osób pracujących w szpitalach jako personel „niemedyczny” oraz studentów.</p>

<p>Autor: Anna redakcja naukowa Glińska-Lachowicz Wydawca: Difin Oprawa: Miękka Format: [&hellip;]</p>
