{"id":12442,"date":"2020-03-23T11:52:19","date_gmt":"2020-03-23T10:52:19","guid":{"rendered":"http:\/\/ksiegarnia-akademicka.pl\/?post_type=product&#038;p=12442"},"modified":"2024-12-05T08:01:03","modified_gmt":"2024-12-05T07:01:03","slug":"ochrona-danych-osobowych-w-sciganiu-przestepstw","status":"publish","type":"product","link":"https:\/\/ksiegarnia-akademicka.pl\/index.php\/product\/ochrona-danych-osobowych-w-sciganiu-przestepstw\/","title":{"rendered":"Ochrona danych osobowych w \u015bciganiu przest\u0119pstw"},"content":{"rendered":"<p>Autor:<br \/>\nPawe\u0142 Wili\u0144ski<br \/>\nMartyna Kusak<br \/>\nWydawca: Wolters Kluwer<br \/>\nOprawa: Twarda<br \/>\nLiczba stron: 184<br \/>\nRok wydania: 2020<br \/>\nJ\u0119zyk wydania: polski<\/p>\n<p>Prezentowana publikacja jest sp\u00f3jnym opisem standard\u00f3w ochrony danych osobowych w dzia\u0142aniach podejmowanych przez organy \u015bcigania oraz ich wp\u0142ywu na wybrane czynno\u015bci, tj. inwigilacj\u0119, automatyczne podejmowanie decyzji i profilowanie oraz przekazywanie danych w ramach wsp\u00f3\u0142pracy dowodowej w Unii Europejskiej. Autorzy weryfikuj\u0105, czy i w jakim zakresie standardy te maj\u0105 potencja\u0142 realizowa\u0107 ochron\u0119 prawa do prywatno\u015bci oraz zast\u0105pi\u0107 brakuj\u0105ce elementy wsp\u00f3\u0142pracy unijnej w sprawach karnych.<br \/>\nProwadzone w ksi\u0105\u017cce rozwa\u017cania opieraj\u0105 si\u0119 na przepisach m.in. ustawy o ochronie danych osobowych przetwarzanych w zwi\u0105zku z zapobieganiem i zwalczaniem przest\u0119pczo\u015bci oraz dyrektywy 2016\/680, analizowanych z uwzgl\u0119dnieniem ustaw szczeg\u00f3lnych reguluj\u0105cych prac\u0119 organ\u00f3w \u015bcigania. Odniesiono si\u0119 r\u00f3wnie\u017c do rozwi\u0105za\u0144 funkcjonuj\u0105cych w organizacjach Eurojust i Europol, do orzecznictwa ETPCz, TSUE i TK, a tak\u017ce do ochrony danych osobowych na podstawie RODO.<\/p>\n","protected":false},"excerpt":{"rendered":"<p>Autor: Pawe\u0142 Wili\u0144ski Martyna Kusak Wydawca: Wolters Kluwer Oprawa: Twarda [&hellip;]<\/p>\n","protected":false},"featured_media":12443,"template":"","meta":[],"product_brand":[],"product_cat":[7492,7491,7490,18],"product_tag":[4980,3092,7619],"class_list":{"0":"post-12442","1":"product","2":"type-product","3":"status-publish","4":"has-post-thumbnail","6":"product_cat-administracyjne","7":"product_cat-cywilne","8":"product_cat-karne","9":"product_cat-prawo","10":"product_tag-bezpieczenstwo-publiczne","11":"product_tag-ochrona-danych-osobowych","12":"product_tag-rodo","14":"first","15":"instock","16":"sale","17":"shipping-taxable","18":"purchasable","19":"product-type-simple"},"_links":{"self":[{"href":"https:\/\/ksiegarnia-akademicka.pl\/index.php\/wp-json\/wp\/v2\/product\/12442","targetHints":{"allow":["GET"]}}],"collection":[{"href":"https:\/\/ksiegarnia-akademicka.pl\/index.php\/wp-json\/wp\/v2\/product"}],"about":[{"href":"https:\/\/ksiegarnia-akademicka.pl\/index.php\/wp-json\/wp\/v2\/types\/product"}],"wp:featuredmedia":[{"embeddable":true,"href":"https:\/\/ksiegarnia-akademicka.pl\/index.php\/wp-json\/wp\/v2\/media\/12443"}],"wp:attachment":[{"href":"https:\/\/ksiegarnia-akademicka.pl\/index.php\/wp-json\/wp\/v2\/media?parent=12442"}],"wp:term":[{"taxonomy":"product_brand","embeddable":true,"href":"https:\/\/ksiegarnia-akademicka.pl\/index.php\/wp-json\/wp\/v2\/product_brand?post=12442"},{"taxonomy":"product_cat","embeddable":true,"href":"https:\/\/ksiegarnia-akademicka.pl\/index.php\/wp-json\/wp\/v2\/product_cat?post=12442"},{"taxonomy":"product_tag","embeddable":true,"href":"https:\/\/ksiegarnia-akademicka.pl\/index.php\/wp-json\/wp\/v2\/product_tag?post=12442"}],"curies":[{"name":"wp","href":"https:\/\/api.w.org\/{rel}","templated":true}]}}

Ochrona danych osobowych w ściganiu przestępstw

<p>Autor:<br />
Paweł Wiliński<br />
Martyna Kusak<br />
Wydawca: Wolters Kluwer<br />
Oprawa: Twarda<br />
Liczba stron: 184<br />
Rok wydania: 2020<br />
Język wydania: polski</p>
<p>Prezentowana publikacja jest spójnym opisem standardów ochrony danych osobowych w działaniach podejmowanych przez organy ścigania oraz ich wpływu na wybrane czynności, tj. inwigilację, automatyczne podejmowanie decyzji i profilowanie oraz przekazywanie danych w ramach współpracy dowodowej w Unii Europejskiej. Autorzy weryfikują, czy i w jakim zakresie standardy te mają potencjał realizować ochronę prawa do prywatności oraz zastąpić brakujące elementy współpracy unijnej w sprawach karnych.<br />
Prowadzone w książce rozważania opierają się na przepisach m.in. ustawy o ochronie danych osobowych przetwarzanych w związku z zapobieganiem i zwalczaniem przestępczości oraz dyrektywy 2016/680, analizowanych z uwzględnieniem ustaw szczególnych regulujących pracę organów ścigania. Odniesiono się również do rozwiązań funkcjonujących w organizacjach Eurojust i Europol, do orzecznictwa ETPCz, TSUE i TK, a także do ochrony danych osobowych na podstawie RODO.</p>

<p>Autor: Paweł Wiliński Martyna Kusak Wydawca: Wolters Kluwer Oprawa: Twarda [&hellip;]</p>
