{"id":12276,"date":"2020-02-14T09:51:16","date_gmt":"2020-02-14T08:51:16","guid":{"rendered":"http:\/\/ksiegarnia-akademicka.pl\/?post_type=product&#038;p=12276"},"modified":"2024-12-05T08:04:41","modified_gmt":"2024-12-05T07:04:41","slug":"grupa-wykonawcow-w-prawie-zamowien-publicznych-2","status":"publish","type":"product","link":"https:\/\/ksiegarnia-akademicka.pl\/index.php\/product\/grupa-wykonawcow-w-prawie-zamowien-publicznych-2\/","title":{"rendered":"Grupa wykonawc\u00f3w w prawie zam\u00f3wie\u0144 publicznych"},"content":{"rendered":"<p>Marcin Czerwi\u0144ski<br \/>\nWydawnictwo: Wolters Kluwer Polska<br \/>\nRok publikacji: 2020<br \/>\nWydanie: 1<br \/>\nLiczba stron: 700<br \/>\nSeria: Monografie<br \/>\nRodzaj: Monografie<br \/>\nOk\u0142adka: twarda<br \/>\nFormat: B5<\/p>\n<p>W publikacji szczeg\u00f3\u0142owo om\u00f3wiono takie zagadnienia, jak:<\/p>\n<p>dopuszczalno\u015b\u0107 wsp\u00f3lnego ubiegania si\u0119 o zam\u00f3wienie publiczne,<br \/>\numowa reguluj\u0105ca wsp\u00f3\u0142prac\u0119 wykonawc\u00f3w oraz regu\u0142y jej realizacji,<br \/>\nodpowiednie stosowanie przepis\u00f3w o pojedynczym wykonawcy do wsp\u00f3\u0142wykonawc\u00f3w,<br \/>\nspe\u0142nianie warunk\u00f3w podmiotowych przez grupy wykonawc\u00f3w,<br \/>\nwnoszenie wadium i obowi\u0105zek wyznaczania pe\u0142nomocnika uczestnik\u00f3w grupy,<br \/>\ndopuszczalno\u015b\u0107 zmian podmiotowych w grupach wykonawc\u00f3w w toku post\u0119powania o udzielenie zam\u00f3wienia i w trakcie realizacji umowy z zamawiaj\u0105cym,<br \/>\nprawna charakterystyka konsorcjum i sp\u00f3\u0142ki cywilnej wraz z por\u00f3wnaniem do innych form kooperacji.<br \/>\nRozwa\u017cania zawarte w publikacji odnosz\u0105 si\u0119 do funkcjonowania konsorcj\u00f3w i sp\u00f3\u0142ek cywilnych w re\u017cimie zam\u00f3wie\u0144 publicznych w \u015bwietle aktualnych regulacji prawa zam\u00f3wie\u0144 publicznych, prawa cywilnego, prawa ochrony konkurencji i innych dziedzin prawa. W opracowaniu zasygnalizowano r\u00f3wnie\u017c najwa\u017cniejsze zmiany dotycz\u0105ce funkcjonowania grup wykonawc\u00f3w wprowadzane now\u0105 ustaw\u0105 \u2013 Prawo zam\u00f3wie\u0144 publicznych, kt\u00f3ra wejdzie w \u017cycie z dniem 1.01.2021 r.<\/p>\n<p>Autor udziela odpowiedzi m.in. na pytania:<\/p>\n<p>jaki jest cel przepis\u00f3w statuuj\u0105cych dopuszczalno\u015b\u0107 tworzenia grup wykonawc\u00f3w w post\u0119powaniu o udzielenie zam\u00f3wienia publicznego i czy cel ten jest realizowany,<br \/>\nczy obecna regulacja jest optymalna w zakresie wyboru \u015brodk\u00f3w prawnych nadaj\u0105cych si\u0119 do realizowania za\u0142o\u017conych cel\u00f3w i poprawna pod wzgl\u0119dem legislacyjnym,<br \/>\njak udzia\u0142 wsp\u00f3\u0142wykonawc\u00f3w w re\u017cimie zam\u00f3wie\u0144 publicznych reguluje prawo Unii Europejskiej i czy przyj\u0119ty model wsp\u00f3\u0142wykonawstwa w polskim prawie zam\u00f3wie\u0144 publicznych jest zgodny z prawem unijnym.<br \/>\nAdresaci:<br \/>\nKsi\u0105\u017cka jest przeznaczona dla prawnik\u00f3w poszukuj\u0105cych rozstrzygni\u0119cia istotnych problem\u00f3w zwi\u0105zanych z uczestnictwem grup wykonawc\u00f3w w post\u0119powaniach o udzielenie zam\u00f3wie\u0144 publicznych. Zainteresuje r\u00f3wnie\u017c przedsi\u0119biorc\u00f3w dzia\u0142aj\u0105cych jako wykonawcy na rynku zam\u00f3wie\u0144 publicznych oraz pracownik\u00f3w administracji publicznej zajmuj\u0105cych si\u0119 zam\u00f3wieniami publicznymi.<\/p>\n","protected":false},"excerpt":{"rendered":"<p>Marcin Czerwi\u0144ski Wydawnictwo: Wolters Kluwer Polska Rok publikacji: 2020 Wydanie: [&hellip;]<\/p>\n","protected":false},"featured_media":12277,"template":"","meta":[],"product_brand":[],"product_cat":[7492,18],"product_tag":[485,5037,5011],"class_list":{"0":"post-12276","1":"product","2":"type-product","3":"status-publish","4":"has-post-thumbnail","6":"product_cat-administracyjne","7":"product_cat-prawo","8":"product_tag-prawo-administracyjne","9":"product_tag-seria-monografie","10":"product_tag-zamowienia-publiczne","12":"first","13":"instock","14":"sale","15":"shipping-taxable","16":"purchasable","17":"product-type-simple"},"_links":{"self":[{"href":"https:\/\/ksiegarnia-akademicka.pl\/index.php\/wp-json\/wp\/v2\/product\/12276","targetHints":{"allow":["GET"]}}],"collection":[{"href":"https:\/\/ksiegarnia-akademicka.pl\/index.php\/wp-json\/wp\/v2\/product"}],"about":[{"href":"https:\/\/ksiegarnia-akademicka.pl\/index.php\/wp-json\/wp\/v2\/types\/product"}],"wp:featuredmedia":[{"embeddable":true,"href":"https:\/\/ksiegarnia-akademicka.pl\/index.php\/wp-json\/wp\/v2\/media\/12277"}],"wp:attachment":[{"href":"https:\/\/ksiegarnia-akademicka.pl\/index.php\/wp-json\/wp\/v2\/media?parent=12276"}],"wp:term":[{"taxonomy":"product_brand","embeddable":true,"href":"https:\/\/ksiegarnia-akademicka.pl\/index.php\/wp-json\/wp\/v2\/product_brand?post=12276"},{"taxonomy":"product_cat","embeddable":true,"href":"https:\/\/ksiegarnia-akademicka.pl\/index.php\/wp-json\/wp\/v2\/product_cat?post=12276"},{"taxonomy":"product_tag","embeddable":true,"href":"https:\/\/ksiegarnia-akademicka.pl\/index.php\/wp-json\/wp\/v2\/product_tag?post=12276"}],"curies":[{"name":"wp","href":"https:\/\/api.w.org\/{rel}","templated":true}]}}