{"id":12051,"date":"2020-01-13T09:04:58","date_gmt":"2020-01-13T08:04:58","guid":{"rendered":"http:\/\/ksiegarnia-akademicka.pl\/?post_type=product&#038;p=12051"},"modified":"2024-12-04T16:19:04","modified_gmt":"2024-12-04T15:19:04","slug":"rachunek-kosztow-jako-instrument-usprawniania-procesow-zarzadzania-gmina","status":"publish","type":"product","link":"https:\/\/ksiegarnia-akademicka.pl\/index.php\/product\/rachunek-kosztow-jako-instrument-usprawniania-procesow-zarzadzania-gmina\/","title":{"rendered":"Rachunek koszt\u00f3w jako instrument usprawniania proces\u00f3w zarz\u0105dzania gmin\u0105"},"content":{"rendered":"<p>Autor:<br \/>\nArtur Jacek Ko\u017cuch<br \/>\nWydawca: CeDeWu<br \/>\nOprawa: Mi\u0119kka<br \/>\nFormat: 16.5&#215;23.5cm<br \/>\nLiczba stron: 196<br \/>\nWydanie: 1<br \/>\nRok wydania: 2020<br \/>\nJ\u0119zyk wydania: polski<\/p>\n<p>Specyfika podstawowych jednostek samorz\u0105du terytorialnego oraz nieustanny brak r\u00f3\u017cnego rodzaju zasob\u00f3w, w tym g\u0142\u00f3wnie finansowych, zapewniaj\u0105cych odpowiednie zaspokajanie potrzeb spo\u0142eczno\u015bci lokalnych stanowi\u0105 niezwykle istotne wyzwanie zar\u00f3wno dla teoretyk\u00f3w, jak i praktyk\u00f3w zajmuj\u0105cych si\u0119 sprawno\u015bci\u0105 tych organizacji. W tym zakresie szczeg\u00f3lne znaczenie nale\u017cy przypisa\u0107 przystosowywaniu i adoptowaniu w proces zarz\u0105dzania gmin\u0105 instrumentarium sprawdzonego oraz wykorzystywanego w organizacjach komercyjnych. Wi\u0105\u017ce si\u0119 to mi\u0119dzy innymi z potrzeb\u0105 nieustannego poszukiwania, a tak\u017ce poszerzania wiedzy o rachunkach koszt\u00f3w pozwalaj\u0105cych okre\u015bli\u0107 zar\u00f3wno warto\u015b\u0107 zu\u017cytych zasob\u00f3w, zaprezentowa\u0107 w r\u00f3\u017cnych przekrojach klasyfikacyjnych struktur\u0119 tego zu\u017cycia i ustali\u0107 ich warto\u015b\u0107 na poziomie o\u015brodk\u00f3w odpowiedzialno\u015bci, proces\u00f3w, pojedynczych us\u0142ug itp., jak te\u017c odpowiedzie\u0107 na pytania o to, na co i w jakiej wielko\u015bci wydatkowane s\u0105 ograniczone \u015brodki pieni\u0119\u017cne oraz wykaza\u0107 zasadno\u015b\u0107 tych wydatk\u00f3w. W tym kontek\u015bcie wiedza taka jest niezb\u0119dna w gminach poszukuj\u0105cych metod zapewniania skuteczno\u015bci, wydajno\u015bci i oszcz\u0119dno\u015bci w dzia\u0142aniu, a koncepcje zaprezentowane w niniejszym opracowaniu pozwol\u0105 zrozumie\u0107 proponowane rozwi\u0105zania i zastosowa\u0107 je w dzia\u0142alno\u015bci organ\u00f3w uchwa\u0142odawczych oraz wykonawczych w gminach, wspieranej prac\u0105 urz\u0119dnik\u00f3w.<\/p>\n<p>Zamiarem autora jest zatem:<br \/>\n&#8211; proste i jednocze\u015bnie precyzyjne zaprezentowanie niezb\u0119dnych teorii i wynikaj\u0105cych z nich procedur post\u0119powania,<br \/>\n&#8211; przygotowanie jedynej w swoim rodzaju monografii, stanowi\u0105cej \u017ar\u00f3d\u0142o niezb\u0119dnej wiedzy dla tych, kt\u00f3rzy poszukuj\u0105 usprawnienia dzia\u0142alno\u015bci gmin.<\/p>\n<p>W efekcie zadaniem przedstawionej monografii jest r\u00f3wnie\u017c aplikacja nowego sposobu my\u015blenia o zarz\u0105dzaniu gmin\u0105 na poziom percepcji naukowc\u00f3w, praktyk\u00f3w, student\u00f3w oraz wszystkich zainteresowanych zdobywaniem aktualnej wiedzy na prezentowany temat.<\/p>\n","protected":false},"excerpt":{"rendered":"<p>Autor: Artur Jacek Ko\u017cuch Wydawca: CeDeWu Oprawa: Mi\u0119kka Format: 16.5&#215;23.5cm [&hellip;]<\/p>\n","protected":false},"featured_media":12052,"template":"","meta":[],"product_brand":[],"product_cat":[7492,18,7494],"product_tag":[3466,1221,486],"class_list":{"0":"post-12051","1":"product","2":"type-product","3":"status-publish","4":"has-post-thumbnail","6":"product_cat-administracyjne","7":"product_cat-prawo","8":"product_cat-samorzad-terytorialny","9":"product_tag-administracja","10":"product_tag-rachunek-kosztow","11":"product_tag-samorzad-terytorialny","13":"first","14":"instock","15":"sale","16":"shipping-taxable","17":"purchasable","18":"product-type-simple"},"_links":{"self":[{"href":"https:\/\/ksiegarnia-akademicka.pl\/index.php\/wp-json\/wp\/v2\/product\/12051","targetHints":{"allow":["GET"]}}],"collection":[{"href":"https:\/\/ksiegarnia-akademicka.pl\/index.php\/wp-json\/wp\/v2\/product"}],"about":[{"href":"https:\/\/ksiegarnia-akademicka.pl\/index.php\/wp-json\/wp\/v2\/types\/product"}],"wp:featuredmedia":[{"embeddable":true,"href":"https:\/\/ksiegarnia-akademicka.pl\/index.php\/wp-json\/wp\/v2\/media\/12052"}],"wp:attachment":[{"href":"https:\/\/ksiegarnia-akademicka.pl\/index.php\/wp-json\/wp\/v2\/media?parent=12051"}],"wp:term":[{"taxonomy":"product_brand","embeddable":true,"href":"https:\/\/ksiegarnia-akademicka.pl\/index.php\/wp-json\/wp\/v2\/product_brand?post=12051"},{"taxonomy":"product_cat","embeddable":true,"href":"https:\/\/ksiegarnia-akademicka.pl\/index.php\/wp-json\/wp\/v2\/product_cat?post=12051"},{"taxonomy":"product_tag","embeddable":true,"href":"https:\/\/ksiegarnia-akademicka.pl\/index.php\/wp-json\/wp\/v2\/product_tag?post=12051"}],"curies":[{"name":"wp","href":"https:\/\/api.w.org\/{rel}","templated":true}]}}