{"id":11938,"date":"2019-12-04T11:05:26","date_gmt":"2019-12-04T10:05:26","guid":{"rendered":"http:\/\/ksiegarnia-akademicka.pl\/?post_type=product&#038;p=11938"},"modified":"2024-12-04T16:22:03","modified_gmt":"2024-12-04T15:22:03","slug":"endoskopia-przewodu-pokarmowego-podreczne-kompendium","status":"publish","type":"product","link":"https:\/\/ksiegarnia-akademicka.pl\/index.php\/product\/endoskopia-przewodu-pokarmowego-podreczne-kompendium\/","title":{"rendered":"ENDOSKOPIA PRZEWODU POKARMOWEGO. Podr\u0119czne kompendium"},"content":{"rendered":"<p>Andrzej Budzy\u0144ski, Wojciech Milanowski, Micha\u0142 Kaczmarek, Jakub Kenig, Rafa\u0142 Solecki, Hubert Cabaj, Kryspin Mitura, S\u0142awomir Kozie\u0142, Jacek Sobocki, Micha\u0142 Spychalski, Miros\u0142aw Szura, Marek Winiarski<br \/>\nredakcja naukowa Jacek Sobocki<br \/>\nWyd. 1, format 12 \u00d7 19,2 cm, ok. 160 stron, oprawa p\u00f3\u0142twarda zintegrowana<br \/>\nISBN 978-83-951327-2-8<br \/>\nWydaniu patronuje Sekcja Chirurgii Endoskopowej Towarzystwa Chirurg\u00f3w Polskich<\/p>\n<p>Podr\u0119czne kompendium \u201eEndoskopia przewodu pokarmowego\u201d pod redakcj\u0105 naukow\u0105 Profesora Jacka Sobockiego to unikatowa i wyczekiwana pozycja na polskim rynku medycznym. Doskonale wpisuje si\u0119 w aktualne zapotrzebowanie \u015brodowiska lekarskiego jako kompleksowy i u\u017cyteczny poradnik dla lekarzy zajmuj\u0105cych si\u0119 na co dzie\u0144 badaniami i zabiegami endoskopowymi przewodu pokarmowego.<\/p>\n<p>Kompendium sk\u0142ada si\u0119 z trzech cz\u0119\u015bci, kt\u00f3rych tre\u015b\u0107 uk\u0142ada si\u0119 wed\u0142ug nast\u0119puj\u0105cego porz\u0105dku:<\/p>\n<p>Endoskopia g\u00f3rnego odcinka przewodu pokarmowego.<br \/>\nEndoskopia dolnego odcinka przewodu pokarmowego.<br \/>\nZaawansowane techniki endoskopowe.<br \/>\nW 30 rozdzia\u0142ach autorzy zawarli obszerny zbi\u00f3r aktualnej wiedzy dotycz\u0105cej wszystkich aspekt\u00f3w medycznych, organizacyjnych i technicznych zwi\u0105zanych z codzienn\u0105 praktyk\u0105 kliniczn\u0105.<\/p>\n<p>W\u0142a\u015bciwa organizacja i wyposa\u017cenie pracowni endoskopowych, przestrzeganie standard\u00f3w wykonywania endoskopii przewodu pokarmowego wci\u0105\u017c pozostaj\u0105 aktualnym problemem klinicznym.<\/p>\n<p>Je\u015bliby wzi\u0105\u0107 pod uwag\u0119 szerokie spektrum potencjalnych korzy\u015bci z zastosowania w praktyce klinicznej procedur endoskopowych zwi\u0105zanych z diagnostyk\u0105 i terapi\u0105 pacjent\u00f3w obarczonych schorzeniami uk\u0142adu pokarmowego, to nie dziwi fakt, \u017ce endoskopia przewodu pokarmowego jest przedmiotem zainteresowania lekarzy r\u00f3\u017cnych specjalno\u015bci (mi\u0119dzy innymi internist\u00f3w, gastroenterolog\u00f3w, chirurg\u00f3w, endoskopist\u00f3w itp.).<\/p>\n<p>Coraz cz\u0119\u015bciej endoskopia przewodu pokarmowego i mo\u017cliwo\u015bci jej wykorzystania klinicznego stanowi\u0105 \u201eplatform\u0119\u201d dla interdyscyplinarnej wsp\u00f3\u0142pracy lekarzy poszczeg\u00f3lnych specjalno\u015bci, co mo\u017ce przyczyni\u0107 si\u0119 do poprawy wynik\u00f3w opieki medycznej nad pacjentami cierpi\u0105cymi z powodu chor\u00f3b uk\u0142adu pokarmowego.<\/p>\n<p>Autorami podr\u0119cznika s\u0105 wybitni polscy eksperci posiadaj\u0105cy du\u017ce do\u015bwiadczenie w problematyce endoskopowej, cho\u0107 \u2012 co chc\u0119 z ca\u0142\u0105 moc\u0105 podkre\u015bli\u0107 \u2012 s\u0105 to przede wszystkim specjali\u015bci reprezentuj\u0105cy \u015brodowisko chirurg\u00f3w gastroenterologicznych.<\/p>\n<p>Nie ma w pi\u015bmiennictwie polskim pozycji, kt\u00f3ra w tak przyst\u0119pny i metodologicznie poprawny spos\u00f3b opisywa\u0142aby w spos\u00f3b kompleksowy zasady optymalnego prowadzenia codziennej praktyki klinicznej w zakresie endoskopii przewodu pokarmowego.<\/p>\n<p>Jestem pewien, \u017ce wszyscy czytelnicy po zapoznaniu si\u0119 z tre\u015bci\u0105 niniejszego kompendium, niezale\u017cnie od poziomu wiedzy, do\u015bwiadczenia czy reprezentowanej dyscypliny, odnios\u0105 wymiern\u0105 korzy\u015b\u0107.<\/p>\n<p>Prof. Grzegorz Wallner<\/p>\n<p>SPIS ROZDZIA\u0141\u00d3W<br \/>\nCz. I. Endoskopia g\u00f3rnego odcinka przewodu pokarmowego<br \/>\nWskazania i przeciwwskazania \u2013 J. Kenig<br \/>\nKryteria oceny jako\u015bci endoskopii \u2013 J. Sobocki<br \/>\nZgoda na badanie \u2013 H. Cabaj<br \/>\nTechnika wykonania badania \u2013 J. Sobocki<br \/>\nZasady pobierania materia\u0142u do badania histopatologicznego \u2013 K. Mitura<br \/>\nStandard opisu badania \u2013 M. Winiarski<br \/>\nZalecane skale oceny endoskopowej \u2013 J. Kenig<br \/>\nPolipektomia \u2013 K. Mitura<br \/>\nGastrostomia i gastrojejunostomia endoskopowa \u2013 J. Sobocki<br \/>\nEndoskopowe post\u0119powanie w krwawieniach do g\u00f3rnego odcinka przewodu pokarmowego \u2013 M. Szura<br \/>\nPowik\u0142ania: objawy i post\u0119powanie \u2013 J. Sobocki<br \/>\nCz. II. Endoskopia dolnego odcinka przewodu pokarmowego<br \/>\nWskazania i przeciwskazania \u2013 M. Winiarski<br \/>\nPrzygotowanie do badania kolonoskopii \u2013 R. Solecki<br \/>\nKryteria oceny jako\u015bci kolonoskopii \u2013 M. Kaczmerek<br \/>\nZgoda na badanie \u2013 H. Cabaj<br \/>\nTechnika wykonania badania oraz etapy uczenia si\u0119 kolonoskopii \u2013 W. Milanowski<br \/>\nKlasyfikacje endoskopowe zmian patologicznych \u2013 M. Kaczmarek<br \/>\nStandard opisu badania \u2013 M. Szura<br \/>\nPodstawowe zabiegi kolonoskopowe: polipektomia, mukozektomia, ablacja \u2013 M. Szura<br \/>\nNadz\u00f3r endoskopowy \u2013 M. Winiarski<br \/>\nPowik\u0142ania: objawy i post\u0119powanie \u2013 W. Milanowski<br \/>\nCz. III. Zaawansowane techniki endoskopowe<br \/>\nZgoda na badanie ECPW \u2013 S. Kozie\u0142, J. Sobocki<br \/>\nZalecane skale oceny endoskopowej ECPW \u2013 J. Sobocki<br \/>\nPowik\u0142ania ECPW: objawy i post\u0119powanie \u2013 A. Budzy\u0144ski<br \/>\nPoszerzanie i protezowanie zw\u0119\u017ce\u0144 przewodu pokarmowego \u2013 J. Sobocki<br \/>\nPOEM \u2013 M. Spychalski<br \/>\nEndoskopowa dyssekcja pod\u015bluz\u00f3wkowa \u2013 J. Sobocki<br \/>\nEndoskopowa cystogastrostomia i nekresektomia trzustkowa \u2013 S. Kozie\u0142, J. Sobocki<br \/>\nAntybiotykoterapia profilaktyczna \u2013 J. Sobocki<br \/>\nLeczenie przeciwp\u0142ytkowe i przeciwkrzepliwe \u2013 J. Sobocki<\/p>\n","protected":false},"excerpt":{"rendered":"<p>Andrzej Budzy\u0144ski, Wojciech Milanowski, Micha\u0142 Kaczmarek, Jakub Kenig, Rafa\u0142 Solecki, [&hellip;]<\/p>\n","protected":false},"featured_media":11939,"template":"","meta":[],"product_brand":[],"product_cat":[7493],"product_tag":[7945,3994],"class_list":{"0":"post-11938","1":"product","2":"type-product","3":"status-publish","4":"has-post-thumbnail","6":"product_cat-medycyna","7":"product_tag-endoskopia","8":"product_tag-medycyna","10":"first","11":"instock","12":"sale","13":"shipping-taxable","14":"purchasable","15":"product-type-simple"},"_links":{"self":[{"href":"https:\/\/ksiegarnia-akademicka.pl\/index.php\/wp-json\/wp\/v2\/product\/11938","targetHints":{"allow":["GET"]}}],"collection":[{"href":"https:\/\/ksiegarnia-akademicka.pl\/index.php\/wp-json\/wp\/v2\/product"}],"about":[{"href":"https:\/\/ksiegarnia-akademicka.pl\/index.php\/wp-json\/wp\/v2\/types\/product"}],"wp:featuredmedia":[{"embeddable":true,"href":"https:\/\/ksiegarnia-akademicka.pl\/index.php\/wp-json\/wp\/v2\/media\/11939"}],"wp:attachment":[{"href":"https:\/\/ksiegarnia-akademicka.pl\/index.php\/wp-json\/wp\/v2\/media?parent=11938"}],"wp:term":[{"taxonomy":"product_brand","embeddable":true,"href":"https:\/\/ksiegarnia-akademicka.pl\/index.php\/wp-json\/wp\/v2\/product_brand?post=11938"},{"taxonomy":"product_cat","embeddable":true,"href":"https:\/\/ksiegarnia-akademicka.pl\/index.php\/wp-json\/wp\/v2\/product_cat?post=11938"},{"taxonomy":"product_tag","embeddable":true,"href":"https:\/\/ksiegarnia-akademicka.pl\/index.php\/wp-json\/wp\/v2\/product_tag?post=11938"}],"curies":[{"name":"wp","href":"https:\/\/api.w.org\/{rel}","templated":true}]}}