{"id":11791,"date":"2019-11-08T09:24:17","date_gmt":"2019-11-08T08:24:17","guid":{"rendered":"http:\/\/ksiegarnia-akademicka.pl\/?post_type=product&#038;p=11791"},"modified":"2020-10-08T14:24:26","modified_gmt":"2020-10-08T12:24:26","slug":"patofizjologia-tom-1-2","status":"publish","type":"product","link":"https:\/\/ksiegarnia-akademicka.pl\/index.php\/product\/patofizjologia-tom-1-2\/","title":{"rendered":"Patofizjologia Tom 1-2"},"content":{"rendered":"<p>Redakcja: Ma\u015bli\u0144ski S\u0142awomir, Ry\u017cewski Jan<br \/>\nWydawca: PZWL<br \/>\nOprawa: Mi\u0119kka<br \/>\nFormat: 16.0&#215;23.0cm<br \/>\nLiczba stron: 1196<br \/>\nWydanie: 4<br \/>\nRok wydania: 2019<br \/>\nJ\u0119zyk wydania: polski<\/p>\n<p>Jest to nowoczesny, 2-tomowy podr\u0119cznik z dziedziny patofizjologii dla student\u00f3w wydzia\u0142\u00f3w lekarskich i lekarsko-dentystycznych.<br \/>\nWi\u0119kszo\u015b\u0107 rozdzia\u0142\u00f3w w bie\u017c\u0105cym wydaniu zosta\u0142a uaktualniona zgodnie z post\u0119pem wiedzy. Najwi\u0119ksze zmiany wprowadzono w rozdzia\u0142ach omawiaj\u0105cych termoregulacj\u0119, zaburzenia przemiany materii, patofizjologi\u0119 tkanki \u0142\u0105cznej oraz patofizjologi\u0119 uk\u0142ad\u00f3w: dokrewnego, immunologicznego, oddechowego, kr\u0105\u017cenia i wydalniczego.<br \/>\nPodr\u0119cznik zawiera r\u00f3wnie\u017c nowy zestaw pyta\u0144 testowych, kt\u00f3re b\u0119d\u0105 przydatne nie tylko dla student\u00f3w, lecz tak\u017ce dla absolwent\u00f3w uczelni medycznych przygotowuj\u0105cych si\u0119 do Lekarskiego Egzaminu Pa\u0144stwowego (LEP) lub do Lekarsko-Dentystycznego Egzaminu Pa\u0144stwowego (L-DEP) oraz dla m\u0142odych lekarzy przygotowuj\u0105cych si\u0119 do egzamin\u00f3w specjalistycznych.<\/p>\n","protected":false},"excerpt":{"rendered":"<p>Redakcja: Ma\u015bli\u0144ski S\u0142awomir, Ry\u017cewski Jan Wydawca: PZWL Oprawa: Mi\u0119kka Format: [&hellip;]<\/p>\n","protected":false},"featured_media":11792,"template":"","meta":[],"product_brand":[],"product_cat":[7493],"product_tag":[1655,3994,5436],"class_list":{"0":"post-11791","1":"product","2":"type-product","3":"status-publish","4":"has-post-thumbnail","6":"product_cat-medycyna","7":"product_tag-fizjologia","8":"product_tag-medycyna","9":"product_tag-patologia","11":"first","12":"instock","13":"sale","14":"shipping-taxable","15":"purchasable","16":"product-type-simple"},"_links":{"self":[{"href":"https:\/\/ksiegarnia-akademicka.pl\/index.php\/wp-json\/wp\/v2\/product\/11791","targetHints":{"allow":["GET"]}}],"collection":[{"href":"https:\/\/ksiegarnia-akademicka.pl\/index.php\/wp-json\/wp\/v2\/product"}],"about":[{"href":"https:\/\/ksiegarnia-akademicka.pl\/index.php\/wp-json\/wp\/v2\/types\/product"}],"wp:featuredmedia":[{"embeddable":true,"href":"https:\/\/ksiegarnia-akademicka.pl\/index.php\/wp-json\/wp\/v2\/media\/11792"}],"wp:attachment":[{"href":"https:\/\/ksiegarnia-akademicka.pl\/index.php\/wp-json\/wp\/v2\/media?parent=11791"}],"wp:term":[{"taxonomy":"product_brand","embeddable":true,"href":"https:\/\/ksiegarnia-akademicka.pl\/index.php\/wp-json\/wp\/v2\/product_brand?post=11791"},{"taxonomy":"product_cat","embeddable":true,"href":"https:\/\/ksiegarnia-akademicka.pl\/index.php\/wp-json\/wp\/v2\/product_cat?post=11791"},{"taxonomy":"product_tag","embeddable":true,"href":"https:\/\/ksiegarnia-akademicka.pl\/index.php\/wp-json\/wp\/v2\/product_tag?post=11791"}],"curies":[{"name":"wp","href":"https:\/\/api.w.org\/{rel}","templated":true}]}}