{"id":11418,"date":"2019-07-10T14:21:15","date_gmt":"2019-07-10T12:21:15","guid":{"rendered":"http:\/\/ksiegarnia-akademicka.pl\/?post_type=product&#038;p=11418"},"modified":"2024-12-04T16:13:34","modified_gmt":"2024-12-04T15:13:34","slug":"leksykon-cen-transferowych","status":"publish","type":"product","link":"https:\/\/ksiegarnia-akademicka.pl\/index.php\/product\/leksykon-cen-transferowych\/","title":{"rendered":"Leksykon cen transferowych"},"content":{"rendered":"<p>Redakcja: Mika Jaros\u0142aw F.<br \/>\nWydawca: Wolters Kluwer<br \/>\nOprawa: Twarda<br \/>\nFormat: 17.0&#215;25.0cm<br \/>\nLiczba stron: 696<br \/>\nWydanie: 1<br \/>\nRok wydania: 2019<br \/>\nJ\u0119zyk wydania: polski<\/p>\n<p>Leksykon cen transferowych to publikacja, kt\u00f3ra stanowi zbi\u00f3r hase\u0142 wraz z ich opisami i przyk\u0142adami. Autorzy opisuj\u0105 zagadnienia z zakresu cen transferowych zawarte zar\u00f3wno w przepisach ustawy o podatku dochodowym od os\u00f3b prawnych, jak i aktach wykonawczych, zgodnie ze stanem prawnym obowi\u0105zuj\u0105cym od 1.01.2019 r.<br \/>\nW ksi\u0105\u017cce znajdziesz m.in. definicje odnosz\u0105ce si\u0119 do:<br \/>\n&#8211; metod szacowania cen transferowych,<br \/>\n&#8211; restrukturyzacji dzia\u0142alno\u015bci,<br \/>\n&#8211; informacji o cenach transferowych (TP-R), do kt\u00f3rej z\u0142o\u017cenia zobligowani b\u0119d\u0105 podatnicy od 1.01.2020 r.<br \/>\nLeksykon cen transferowych jest \u017ar\u00f3d\u0142em m.in.:<br \/>\n&#8211; wsparcia w realizacji projekt\u00f3w z zakresu cen transferowych,<br \/>\n&#8211; pomocy w interpretacjach przepis\u00f3w podatkowych z zakresu cen transferowych popartej wieloletni\u0105 praktyk\u0105 zawodow\u0105,<br \/>\n&#8211; wsparcia w analizach zwi\u0105zanych z orzecznictwem,<br \/>\n&#8211; pomocy w identyfikacji obowi\u0105zk\u00f3w sprawozdawczo\u015bci podatkowej w zakresie cen transferowych w ramach prowadzonych bada\u0144 audytorskich,<br \/>\n&#8211; wsparcia w samodzielnym sporz\u0105dzaniu dokumentacji podatkowych, analiz por\u00f3wnawczych.<br \/>\nW opracowaniu uwzgl\u0119dniono m.in. ustaw\u0119 z 28.10.2018 r. zmieniaj\u0105c\u0105 ustaw\u0119 o podatku dochodowym od os\u00f3b prawnych oraz nast\u0119puj\u0105ce nowe akty wykonawcze:<br \/>\n&#8211; rozporz\u0105dzenie Ministra Finans\u00f3w z 21.12.2018 r. w sprawie cen transferowych w zakresie podatku dochodowego od os\u00f3b prawnych,<br \/>\n&#8211; rozporz\u0105dzenie Ministra Finans\u00f3w z 21.12.2018 r. w sprawie dokumentacji cen transferowych w zakresie podatku dochodowego od os\u00f3b prawnych,<br \/>\n&#8211; rozporz\u0105dzenie Ministra Finans\u00f3w z 21.12.2018 r. w sprawie informacji o cenach transferowych w zakresie podatku dochodowego od os\u00f3b prawnych,<br \/>\n&#8211; rozporz\u0105dzenie Ministra Finans\u00f3w z 21.12.2018 r. w sprawie sposobu i trybu eliminowania podw\u00f3jnego opodatkowania w przypadku korekty zysk\u00f3w podmiot\u00f3w powi\u0105zanych w zakresie podatku dochodowego od os\u00f3b prawnych.<br \/>\nAutorami publikacji s\u0105 konsultanci podatkowi Instytutu Cen Transferowych, kt\u00f3rzy doradzaj\u0105 przedsi\u0119biorstwom w sporz\u0105dzaniu analiz por\u00f3wnawczych, przygotowywaniu dokumentacji podatkowych krajowych, grupowych oraz rozliczaniu podatkowym transakcji specyficznych, w szczeg\u00f3lno\u015bci transakcji us\u0142ugowych i finansowych.<\/p>\n","protected":false},"excerpt":{"rendered":"<p>Redakcja: Mika Jaros\u0142aw F. Wydawca: Wolters Kluwer Oprawa: Twarda Format: [&hellip;]<\/p>\n","protected":false},"featured_media":11419,"template":"","meta":[],"product_brand":[],"product_cat":[20,19,7501,7504],"product_tag":[2581,483,1136],"class_list":{"0":"post-11418","1":"product","2":"type-product","3":"status-publish","4":"has-post-thumbnail","6":"product_cat-bankowosc","7":"product_cat-finanse-i-prawo-finansowe","8":"product_cat-prawo-finansowe","9":"product_cat-rynek-pieniezny-i-kapitalowy","10":"product_tag-ceny-transferowe","11":"product_tag-prawo-bankowe","12":"product_tag-prawo-finansowe","14":"first","15":"instock","16":"sale","17":"shipping-taxable","18":"purchasable","19":"product-type-simple"},"_links":{"self":[{"href":"https:\/\/ksiegarnia-akademicka.pl\/index.php\/wp-json\/wp\/v2\/product\/11418","targetHints":{"allow":["GET"]}}],"collection":[{"href":"https:\/\/ksiegarnia-akademicka.pl\/index.php\/wp-json\/wp\/v2\/product"}],"about":[{"href":"https:\/\/ksiegarnia-akademicka.pl\/index.php\/wp-json\/wp\/v2\/types\/product"}],"wp:featuredmedia":[{"embeddable":true,"href":"https:\/\/ksiegarnia-akademicka.pl\/index.php\/wp-json\/wp\/v2\/media\/11419"}],"wp:attachment":[{"href":"https:\/\/ksiegarnia-akademicka.pl\/index.php\/wp-json\/wp\/v2\/media?parent=11418"}],"wp:term":[{"taxonomy":"product_brand","embeddable":true,"href":"https:\/\/ksiegarnia-akademicka.pl\/index.php\/wp-json\/wp\/v2\/product_brand?post=11418"},{"taxonomy":"product_cat","embeddable":true,"href":"https:\/\/ksiegarnia-akademicka.pl\/index.php\/wp-json\/wp\/v2\/product_cat?post=11418"},{"taxonomy":"product_tag","embeddable":true,"href":"https:\/\/ksiegarnia-akademicka.pl\/index.php\/wp-json\/wp\/v2\/product_tag?post=11418"}],"curies":[{"name":"wp","href":"https:\/\/api.w.org\/{rel}","templated":true}]}}