{"id":11413,"date":"2019-07-10T14:14:54","date_gmt":"2019-07-10T12:14:54","guid":{"rendered":"http:\/\/ksiegarnia-akademicka.pl\/?post_type=product&#038;p=11413"},"modified":"2022-11-02T09:48:39","modified_gmt":"2022-11-02T08:48:39","slug":"cit-podatki-i-rachunkowosc-komentarz-2","status":"publish","type":"product","link":"https:\/\/ksiegarnia-akademicka.pl\/index.php\/product\/cit-podatki-i-rachunkowosc-komentarz-2\/","title":{"rendered":"CIT. Komentarz. Podatki i rachunkowo\u015b\u0107. Tom I i Tom II"},"content":{"rendered":"<p>Pawe\u0142 Ma\u0142ecki, Ma\u0142gorzata Mazurkiewicz<br \/>\nWydawnictwo: Wolters Kluwer Polska<br \/>\nRok publikacji: 2022<br \/>\nWydanie: 13<br \/>\nLiczba stron: 2024<br \/>\nSeria: Du\u017ce Komentarze<br \/>\nRodzaj: Komentarz<br \/>\nFormat: B5<\/p>\n<p>CIT. Podatki i rachunkowo\u015b\u0107 to jedyny na rynku komentarz, kt\u00f3ry dzi\u0119ki wyj\u0105tkowemu po\u0142\u0105czeniu om\u00f3wienia aspekt\u00f3w podatkowych i rachunkowych pomo\u017ce ksi\u0119gowym, doradcom podatkowym i bieg\u0142ym rewidentom unikn\u0105\u0107 b\u0142\u0119d\u00f3w pope\u0142nianych przy rozliczaniu nale\u017cnego podatku dochodowego od os\u00f3b prawnych.<\/p>\n<p>W ksi\u0105\u017cce znajdziesz:<\/p>\n<p>* om\u00f3wienie orzecze\u0144 s\u0105d\u00f3w administracyjnych i Trybuna\u0142u Sprawiedliwo\u015bci oraz interpretacji Krajowej Informacji Skarbowej, wskazanych w ka\u017cdym przepisie ustawy o CIT;<br \/>\n* por\u00f3wnanie regulacji podatkowych z przepisami ustawy o rachunkowo\u015bci, co pozwala oceni\u0107 i wybra\u0107 poprawny spos\u00f3b rozliczenia rachunkowego i podatkowego;<br \/>\n* wiele praktycznych przyk\u0142ad\u00f3w rozlicze\u0144 rachunkowych,<br \/>\n* przegl\u0105d linii orzeczniczych pozwalaj\u0105cych oceni\u0107 zmiany pogl\u0105d\u00f3w w zakresie interpretacji konkretnych przepis\u00f3w i zwi\u0105zane z tym ryzyko stosowania konkretnej interpretacji w praktyce;<br \/>\n* opis zmian prawnych wprowadzonych w ramach pakietu dla przedsi\u0119biorc\u00f3w maj\u0105cego ograniczy\u0107 skutki recesji wywo\u0142anej pandemi\u0105 koronawirusa.<\/p>\n<p>W trzynastym wydaniu ksi\u0105\u017cki przedstawiono wszystkie najwa\u017cniejsze regulacje zwi\u0105zane ze stosowaniem komentowanej ustawy, w tym najnowsze zmiany wynikaj\u0105ce z tzw. POLSKIEGO \u0141ADU, dotycz\u0105ce m.in.:<br \/>\n&#8211; podatku od \u201eprzerzucanych dochod\u00f3w\u201d,<br \/>\n&#8211; modyfikacji &#8222;esto\u0144skiego CIT&#8221;,<br \/>\n&#8211; minimalnego podatku CIT,<br \/>\n&#8211; cen transferowych,<br \/>\n&#8211; podatku u \u017ar\u00f3\u0142a (WHT),<br \/>\n&#8211; opodatkowania transakcji restrukturyzacyjnych,<br \/>\n&#8211; tzw. ukrytej dywidendy,<br \/>\n&#8211; koszt\u00f3w finansowania d\u0142u\u017cnego,<br \/>\n&#8211; opodatkowania sp\u00f3\u0142ek holdingowych,<br \/>\n&#8211; Podatkowej Grupy Kapita\u0142owej,<br \/>\n&#8211; definicji zarz\u0105du dla cel\u00f3w podatkowych,<br \/>\n&#8211; ogranicze\u0144 w amortyzacji,<br \/>\n&#8211; nielegalnego zatrudnienia,<br \/>\n&#8211; dodatkowych ulg.<\/p>\n<p>Dla bardziej kontrowersyjnych zapis\u00f3w ustawy wskazano dominuj\u0105ce linie orzecznictwa. Jednocze\u015bnie rachunkowa analiza przepis\u00f3w dokonana w komentarzu u\u0142atwi poprawne ujmowanie zdarze\u0144 gospodarczych w ksi\u0119gach rachunkowych.<\/p>\n","protected":false},"excerpt":{"rendered":"<p>Pawe\u0142 Ma\u0142ecki, Ma\u0142gorzata Mazurkiewicz Wydawnictwo: Wolters Kluwer Polska Rok publikacji: [&hellip;]<\/p>\n","protected":false},"featured_media":15667,"template":"","meta":[],"product_brand":[],"product_cat":[22],"product_tag":[355,1055,1496,8080],"class_list":{"0":"post-11413","1":"product","2":"type-product","3":"status-publish","4":"has-post-thumbnail","6":"product_cat-podatki-i-prawo-podatkowe","7":"product_tag-podatki","8":"product_tag-prawo-podatkowe","9":"product_tag-rachunkowosc","10":"product_tag-seria-duze-komentarze","12":"first","13":"instock","14":"sale","15":"shipping-taxable","16":"purchasable","17":"product-type-simple"},"_links":{"self":[{"href":"https:\/\/ksiegarnia-akademicka.pl\/index.php\/wp-json\/wp\/v2\/product\/11413","targetHints":{"allow":["GET"]}}],"collection":[{"href":"https:\/\/ksiegarnia-akademicka.pl\/index.php\/wp-json\/wp\/v2\/product"}],"about":[{"href":"https:\/\/ksiegarnia-akademicka.pl\/index.php\/wp-json\/wp\/v2\/types\/product"}],"wp:featuredmedia":[{"embeddable":true,"href":"https:\/\/ksiegarnia-akademicka.pl\/index.php\/wp-json\/wp\/v2\/media\/15667"}],"wp:attachment":[{"href":"https:\/\/ksiegarnia-akademicka.pl\/index.php\/wp-json\/wp\/v2\/media?parent=11413"}],"wp:term":[{"taxonomy":"product_brand","embeddable":true,"href":"https:\/\/ksiegarnia-akademicka.pl\/index.php\/wp-json\/wp\/v2\/product_brand?post=11413"},{"taxonomy":"product_cat","embeddable":true,"href":"https:\/\/ksiegarnia-akademicka.pl\/index.php\/wp-json\/wp\/v2\/product_cat?post=11413"},{"taxonomy":"product_tag","embeddable":true,"href":"https:\/\/ksiegarnia-akademicka.pl\/index.php\/wp-json\/wp\/v2\/product_tag?post=11413"}],"curies":[{"name":"wp","href":"https:\/\/api.w.org\/{rel}","templated":true}]}}