{"id":11395,"date":"2019-07-10T13:44:18","date_gmt":"2019-07-10T11:44:18","guid":{"rendered":"http:\/\/ksiegarnia-akademicka.pl\/?post_type=product&#038;p=11395"},"modified":"2019-07-10T13:45:16","modified_gmt":"2019-07-10T11:45:16","slug":"wielka-wojna-francuzow-1914-1918","status":"publish","type":"product","link":"https:\/\/ksiegarnia-akademicka.pl\/index.php\/product\/wielka-wojna-francuzow-1914-1918\/","title":{"rendered":"Wielka wojna Francuz\u00f3w 1914-1918"},"content":{"rendered":"<p>Nale\u017cy do serii:<br \/>\nWIELKIE BITWY &#8211; WIELCY DOW\u00d3DCY<br \/>\nAutor:<br \/>\nJean-Baptiste Duroselle<br \/>\nT\u0142umacze: Ciastek Agata<br \/>\nWydawca: Bellona<br \/>\nOprawa: Twarda<br \/>\nFormat: 17.2&#215;24.2cm<br \/>\nLiczba stron: 432<br \/>\nWydanie: 1<br \/>\nRok wydania: 2006<br \/>\nJ\u0119zyk wydania: polski<\/p>\n<p>Bardzo interesuj\u0105ca ksi\u0105\u017cka autorstwa profesora Sorbony, prezesa Instytutu Historii i Wsp\u00f3\u0142czesnych Stosunk\u00f3w Mi\u0119dzynarodowych, autora m.in.: Historii dyplomacji od 1919 roku, Clemenceau czy Europy. Historii narod\u00f3w. Uwypukla wysi\u0142ek wojenny Francji, kt\u00f3ra przez kilka lat d\u017awiga\u0142a g\u0142\u00f3wny ci\u0119\u017car walk z Niemcami lepiej ni\u017c jakakolwiek inna publikacja o Wielkiej Wojnie 1914-1918. Jean-Baptiste Duroselle oczywi\u015bcie analizuje kolejne etapy konfliktu, ale tak\u017ce rol\u0119, jak\u0105 odegrali w nim decydenci. Pisze o cierpieniu walcz\u0105cych na frontach l wojny \u015bwiatowej oraz o cierpieniu ich rodzin. Charakteryzuje zachowanie ludno\u015bci cywilnej, poszczeg\u00f3lnych rz\u0105d\u00f3w, partii i zwi\u0105zk\u00f3w. Porusza kwestie finansowania, uzbrojenia, rekonwersji przemys\u0142owej oraz jej skutk\u00f3w spo\u0142ecznych. Opisuje wojn\u0119 ekonomiczn\u0105 i psychologiczn\u0105. Podkre\u015bla zatrwa\u017caj\u0105co wysok\u0105 cen\u0119 zwyci\u0119stwa. Nie ulega w\u0105tpliwo\u015bci, \u017ce pi\u0119\u0107dziesi\u0105t dwa miesi\u0105ce lat 1914-1918 bardziej zmieni\u0142y Francj\u0119 ni\u017c II wojna \u015bwiatowa.<\/p>\n","protected":false},"excerpt":{"rendered":"<p>Nale\u017cy do serii: WIELKIE BITWY &#8211; WIELCY DOW\u00d3DCY Autor: Jean-Baptiste [&hellip;]<\/p>\n","protected":false},"featured_media":11396,"template":"","meta":[],"product_brand":[],"product_cat":[38],"product_tag":[71,2811],"class_list":{"0":"post-11395","1":"product","2":"type-product","3":"status-publish","4":"has-post-thumbnail","6":"product_cat-historia","7":"product_tag-historia","8":"product_tag-i-wojna-swiatowa","10":"first","11":"instock","12":"shipping-taxable","13":"purchasable","14":"product-type-simple"},"_links":{"self":[{"href":"https:\/\/ksiegarnia-akademicka.pl\/index.php\/wp-json\/wp\/v2\/product\/11395","targetHints":{"allow":["GET"]}}],"collection":[{"href":"https:\/\/ksiegarnia-akademicka.pl\/index.php\/wp-json\/wp\/v2\/product"}],"about":[{"href":"https:\/\/ksiegarnia-akademicka.pl\/index.php\/wp-json\/wp\/v2\/types\/product"}],"wp:featuredmedia":[{"embeddable":true,"href":"https:\/\/ksiegarnia-akademicka.pl\/index.php\/wp-json\/wp\/v2\/media\/11396"}],"wp:attachment":[{"href":"https:\/\/ksiegarnia-akademicka.pl\/index.php\/wp-json\/wp\/v2\/media?parent=11395"}],"wp:term":[{"taxonomy":"product_brand","embeddable":true,"href":"https:\/\/ksiegarnia-akademicka.pl\/index.php\/wp-json\/wp\/v2\/product_brand?post=11395"},{"taxonomy":"product_cat","embeddable":true,"href":"https:\/\/ksiegarnia-akademicka.pl\/index.php\/wp-json\/wp\/v2\/product_cat?post=11395"},{"taxonomy":"product_tag","embeddable":true,"href":"https:\/\/ksiegarnia-akademicka.pl\/index.php\/wp-json\/wp\/v2\/product_tag?post=11395"}],"curies":[{"name":"wp","href":"https:\/\/api.w.org\/{rel}","templated":true}]}}

Wielka wojna Francuzów 1914-1918

<p>Należy do serii:<br />
WIELKIE BITWY &#8211; WIELCY DOWÓDCY<br />
Autor:<br />
Jean-Baptiste Duroselle<br />
Tłumacze: Ciastek Agata<br />
Wydawca: Bellona<br />
Oprawa: Twarda<br />
Format: 17.2&#215;24.2cm<br />
Liczba stron: 432<br />
Wydanie: 1<br />
Rok wydania: 2006<br />
Język wydania: polski</p>
<p>Bardzo interesująca książka autorstwa profesora Sorbony, prezesa Instytutu Historii i Współczesnych Stosunków Międzynarodowych, autora m.in.: Historii dyplomacji od 1919 roku, Clemenceau czy Europy. Historii narodów. Uwypukla wysiłek wojenny Francji, która przez kilka lat dźwigała główny ciężar walk z Niemcami lepiej niż jakakolwiek inna publikacja o Wielkiej Wojnie 1914-1918. Jean-Baptiste Duroselle oczywiście analizuje kolejne etapy konfliktu, ale także rolę, jaką odegrali w nim decydenci. Pisze o cierpieniu walczących na frontach l wojny światowej oraz o cierpieniu ich rodzin. Charakteryzuje zachowanie ludności cywilnej, poszczególnych rządów, partii i związków. Porusza kwestie finansowania, uzbrojenia, rekonwersji przemysłowej oraz jej skutków społecznych. Opisuje wojnę ekonomiczną i psychologiczną. Podkreśla zatrważająco wysoką cenę zwycięstwa. Nie ulega wątpliwości, że pięćdziesiąt dwa miesiące lat 1914-1918 bardziej zmieniły Francję niż II wojna światowa.</p>

<p>Należy do serii: WIELKIE BITWY &#8211; WIELCY DOWÓDCY Autor: Jean-Baptiste [&hellip;]</p>
