{"id":11373,"date":"2019-07-10T11:53:47","date_gmt":"2019-07-10T09:53:47","guid":{"rendered":"http:\/\/ksiegarnia-akademicka.pl\/?post_type=product&#038;p=11373"},"modified":"2019-07-10T11:53:48","modified_gmt":"2019-07-10T09:53:48","slug":"obowiazki-dokumentacyjne-i-formalne-w-prawie-podatkowym-granice-formalizmu","status":"publish","type":"product","link":"https:\/\/ksiegarnia-akademicka.pl\/index.php\/product\/obowiazki-dokumentacyjne-i-formalne-w-prawie-podatkowym-granice-formalizmu\/","title":{"rendered":"Obowi\u0105zki dokumentacyjne i formalne w prawie podatkowym Granice formalizmu"},"content":{"rendered":"<p>Autor:<br \/>\nPawe\u0142 Miku\u0142a<br \/>\nWydawca: Wolters Kluwer<br \/>\nOprawa: Twarda<br \/>\nLiczba stron: 412<br \/>\nWydanie: 1<br \/>\nRok wydania: 2019<br \/>\nJ\u0119zyk wydania: polski<\/p>\n<p>Monografia omawia najwa\u017cniejsze zagadnienia dotycz\u0105ce problematyki obowi\u0105zk\u00f3w dokumentacyjnych i formalnych wyst\u0119puj\u0105cych w polskim prawie podatkowym. W szczeg\u00f3lno\u015bci w publikacji zwr\u00f3cono uwag\u0119 na kwestie ich zwi\u0105zku z zasadami proporcjonalno\u015bci i r\u00f3wno\u015bci, a tak\u017ce powody ich ewentualnej niezgodno\u015bci z Konstytucj\u0105 czy prawem unijnym. Niniejsza publikacja to w konsekwencji r\u00f3wnie\u017c zbi\u00f3r praktycznych argument\u00f3w za ograniczeniem uwzgl\u0119dniania niekt\u00f3rych obowi\u0105zk\u00f3w o charakterze formalnym.<\/p>\n","protected":false},"excerpt":{"rendered":"<p>Autor: Pawe\u0142 Miku\u0142a Wydawca: Wolters Kluwer Oprawa: Twarda Liczba stron: [&hellip;]<\/p>\n","protected":false},"featured_media":11374,"template":"","meta":[],"product_brand":[],"product_cat":[22],"product_tag":[4505,1055],"class_list":{"0":"post-11373","1":"product","2":"type-product","3":"status-publish","4":"has-post-thumbnail","6":"product_cat-podatki-i-prawo-podatkowe","7":"product_tag-monografie","8":"product_tag-prawo-podatkowe","10":"first","11":"instock","12":"sale","13":"shipping-taxable","14":"purchasable","15":"product-type-simple"},"_links":{"self":[{"href":"https:\/\/ksiegarnia-akademicka.pl\/index.php\/wp-json\/wp\/v2\/product\/11373","targetHints":{"allow":["GET"]}}],"collection":[{"href":"https:\/\/ksiegarnia-akademicka.pl\/index.php\/wp-json\/wp\/v2\/product"}],"about":[{"href":"https:\/\/ksiegarnia-akademicka.pl\/index.php\/wp-json\/wp\/v2\/types\/product"}],"wp:featuredmedia":[{"embeddable":true,"href":"https:\/\/ksiegarnia-akademicka.pl\/index.php\/wp-json\/wp\/v2\/media\/11374"}],"wp:attachment":[{"href":"https:\/\/ksiegarnia-akademicka.pl\/index.php\/wp-json\/wp\/v2\/media?parent=11373"}],"wp:term":[{"taxonomy":"product_brand","embeddable":true,"href":"https:\/\/ksiegarnia-akademicka.pl\/index.php\/wp-json\/wp\/v2\/product_brand?post=11373"},{"taxonomy":"product_cat","embeddable":true,"href":"https:\/\/ksiegarnia-akademicka.pl\/index.php\/wp-json\/wp\/v2\/product_cat?post=11373"},{"taxonomy":"product_tag","embeddable":true,"href":"https:\/\/ksiegarnia-akademicka.pl\/index.php\/wp-json\/wp\/v2\/product_tag?post=11373"}],"curies":[{"name":"wp","href":"https:\/\/api.w.org\/{rel}","templated":true}]}}

Obowiązki dokumentacyjne i formalne w prawie podatkowym Granice formalizmu

<p>Autor:<br />
Paweł Mikuła<br />
Wydawca: Wolters Kluwer<br />
Oprawa: Twarda<br />
Liczba stron: 412<br />
Wydanie: 1<br />
Rok wydania: 2019<br />
Język wydania: polski</p>
<p>Monografia omawia najważniejsze zagadnienia dotyczące problematyki obowiązków dokumentacyjnych i formalnych występujących w polskim prawie podatkowym. W szczególności w publikacji zwrócono uwagę na kwestie ich związku z zasadami proporcjonalności i równości, a także powody ich ewentualnej niezgodności z Konstytucją czy prawem unijnym. Niniejsza publikacja to w konsekwencji również zbiór praktycznych argumentów za ograniczeniem uwzględniania niektórych obowiązków o charakterze formalnym.</p>

<p>Autor: Paweł Mikuła Wydawca: Wolters Kluwer Oprawa: Twarda Liczba stron: [&hellip;]</p>
