{"id":11281,"date":"2019-05-21T11:04:49","date_gmt":"2019-05-21T09:04:49","guid":{"rendered":"http:\/\/ksiegarnia-akademicka.pl\/?post_type=product&#038;p=11281"},"modified":"2019-05-21T11:04:49","modified_gmt":"2019-05-21T09:04:49","slug":"testy-do-policji-2019-test-wiedzy-ogolnej","status":"publish","type":"product","link":"https:\/\/ksiegarnia-akademicka.pl\/index.php\/product\/testy-do-policji-2019-test-wiedzy-ogolnej\/","title":{"rendered":"Testy do Policji 2019 Test wiedzy og\u00f3lnej"},"content":{"rendered":"<p>Autor:<br \/>\nAnna Zalewska<br \/>\nWydawca: Oficyna24.pl<br \/>\nOprawa: Mi\u0119kka<br \/>\nLiczba stron: 162<br \/>\nRok wydania: 2019<br \/>\nJ\u0119zyk wydania: polski<\/p>\n<p>Testy do Policji 2019 Test wiedzy og\u00f3lnej to profesjonalnie przygotowany podr\u0119cznik dla kandydat\u00f3w do Policji, kt\u00f3rego celem jest kompleksowa pomoc w rekrutacji.<\/p>\n<p>Ksi\u0105\u017cka zawiera najnowsz\u0105 baz\u0119 pyta\u0144 na 2019 rok wraz z odpowiedziami. Korzystaj\u0105c z poradnika samodzielnie zweryfikujesz poziom przygotowa\u0144 do egzamin\u00f3w i uzupe\u0142nisz wiedz\u0119, by bezstresowo i z pozytywnym nastawieniem stan\u0105\u0107 do rekrutacji i zda\u0107 egzaminy z najlepszym wynikiem.<\/p>\n<p>Krok po kroku zapoznasz si\u0119 z przebiegiem procedury kwalifikacyjnej ze szczeg\u00f3lnym uwzgl\u0119dnieniem testu wiedzy i testu sprawno\u015bci fizycznej.<\/p>\n<p>W podr\u0119czniku znajdziesz r\u00f3wnie\u017c zasady etyki zawodowej, dowiesz si\u0119 jak wygl\u0105da szkolenie w szkole policyjnej i rozk\u0142ad dnia rekruta. Poznasz stopnie policyjne, wide\u0142ki wynagrodze\u0144 i nowe zasady emerytalne. Poznasz podstawy prawne reguluj\u0105ce dob\u00f3r kandydat\u00f3w, dowiesz si\u0119 o kryteriach przyj\u0119\u0107 do s\u0142u\u017cby, etapach post\u0119powania rekrutacyjnego, post\u0119powaniu sprawdzaj\u0105cym, systemie punktowym, li\u015bcie rankingowej i centralnym rejestrze doboru.<\/p>\n<p>Zapami\u0119taj, \u017ce jedyna gwarancja sukcesu na rekrutacji to tylko i wy\u0142\u0105cznie Twoje dobre przygotowanie. Dlatego je\u015bli chcesz zda\u0107 testy do policji, to koniecznie skorzystaj z tego podr\u0119cznika. Kup ksi\u0105\u017ck\u0119 i zdaj testy lepiej od innych!<\/p>\n","protected":false},"excerpt":{"rendered":"<p>Autor: Anna Zalewska Wydawca: Oficyna24.pl Oprawa: Mi\u0119kka Liczba stron: 162 [&hellip;]<\/p>\n","protected":false},"featured_media":11282,"template":"","meta":[],"product_brand":[],"product_cat":[7492,7490],"product_tag":[3809,4231,294],"class_list":{"0":"post-11281","1":"product","2":"type-product","3":"status-publish","4":"has-post-thumbnail","6":"product_cat-administracyjne","7":"product_cat-karne","8":"product_tag-bezpieczenstwo-wewnetrzne","9":"product_tag-policja","10":"product_tag-testy","12":"first","13":"instock","14":"sale","15":"shipping-taxable","16":"purchasable","17":"product-type-simple"},"_links":{"self":[{"href":"https:\/\/ksiegarnia-akademicka.pl\/index.php\/wp-json\/wp\/v2\/product\/11281","targetHints":{"allow":["GET"]}}],"collection":[{"href":"https:\/\/ksiegarnia-akademicka.pl\/index.php\/wp-json\/wp\/v2\/product"}],"about":[{"href":"https:\/\/ksiegarnia-akademicka.pl\/index.php\/wp-json\/wp\/v2\/types\/product"}],"wp:featuredmedia":[{"embeddable":true,"href":"https:\/\/ksiegarnia-akademicka.pl\/index.php\/wp-json\/wp\/v2\/media\/11282"}],"wp:attachment":[{"href":"https:\/\/ksiegarnia-akademicka.pl\/index.php\/wp-json\/wp\/v2\/media?parent=11281"}],"wp:term":[{"taxonomy":"product_brand","embeddable":true,"href":"https:\/\/ksiegarnia-akademicka.pl\/index.php\/wp-json\/wp\/v2\/product_brand?post=11281"},{"taxonomy":"product_cat","embeddable":true,"href":"https:\/\/ksiegarnia-akademicka.pl\/index.php\/wp-json\/wp\/v2\/product_cat?post=11281"},{"taxonomy":"product_tag","embeddable":true,"href":"https:\/\/ksiegarnia-akademicka.pl\/index.php\/wp-json\/wp\/v2\/product_tag?post=11281"}],"curies":[{"name":"wp","href":"https:\/\/api.w.org\/{rel}","templated":true}]}}