{"id":11275,"date":"2019-05-21T09:16:38","date_gmt":"2019-05-21T07:16:38","guid":{"rendered":"http:\/\/ksiegarnia-akademicka.pl\/?post_type=product&#038;p=11275"},"modified":"2024-12-04T16:01:14","modified_gmt":"2024-12-04T15:01:14","slug":"dwupaliwowe-elektrownie-i-elektrocieplownie-gazowo-parowe-efektywnosc-energetyczna-i-ekonomiczna","status":"publish","type":"product","link":"https:\/\/ksiegarnia-akademicka.pl\/index.php\/product\/dwupaliwowe-elektrownie-i-elektrocieplownie-gazowo-parowe-efektywnosc-energetyczna-i-ekonomiczna\/","title":{"rendered":"Dwupaliwowe elektrownie i elektrociep\u0142ownie gazowo-parowe Efektywno\u015b\u0107 energetyczna i ekonomiczna"},"content":{"rendered":"<p>Autor:<br \/>\nRyszard Bartnik<br \/>\nWydawca: Wydawnictwo Naukowe PWN<br \/>\nOprawa: Mi\u0119kka<br \/>\nFormat: 16.5&#215;23.5cm<br \/>\nLiczba stron: 220<br \/>\nWydanie: 1<br \/>\nRok wydania: 2019<br \/>\nJ\u0119zyk wydania: polski<\/p>\n<p>Jest to nowatorska publikacja dotycz\u0105ca ANALIZY OP\u0141ACALNO\u015aCI ENERGETYCZNEJ I EKONOMICZNEJ budowy nowych elektrowni i elektrociep\u0142owni gazowo-parowych DWUPALIWOWYCH oraz modernizacji ju\u017c istniej\u0105cych elektrowni i elektrociep\u0142owni w\u0119glowych do takich uk\u0142ad\u00f3w. Ksi\u0105\u017cka ta wraz z wcze\u015bniejsz\u0105 ksi\u0105\u017ck\u0105 prof. Ryszarda Bartnika zatytu\u0142owan\u0105 \u201eElektrownie i elektrociep\u0142ownie gazowo-parowe. Efektywno\u015b\u0107 energetyczna i ekonomiczna\u201d dotycz\u0105c\u0105 UK\u0141AD\u00d3W JEDNOPALIWOWYCH stanowi komplet wiedzy o uk\u0142adach gazowo-parowych.<br \/>\nW ksi\u0105\u017cce znajduj\u0105 si\u0119 tre\u015bci dotycz\u0105ce:<br \/>\nmetodyki i modeli matematycznych analizy efektywno\u015bci energetycznej i ekonomicznej budowy nowych blok\u00f3w gazowo-parowych dwupaliwowych i modernizacji ju\u017c istniej\u0105cych blok\u00f3w w\u0119glowych do takich uk\u0142ad\u00f3w doboru mocy turbiny gazowej i struktury kot\u0142a odzyskowego zar\u00f3wno do nowo budowanych uk\u0142ad\u00f3w gazowo-parowych dwupaliwowych, jak i do modernizowanych istniej\u0105cych elektrowni i elektrociep\u0142owni w\u0119glowych w\u0142a\u015bnie do takich uk\u0142ad\u00f3w. Publikacj\u0119 kierujemy do szerokiego grona odbiorc\u00f3w, do student\u00f3w i pracownik\u00f3w naukowych uczelni technicznych na kierunkach: ENERGETYKA, ELEKTROTECHNIKA, IN\u017bYNIERIA \u015aRODOWISKA, MECHANIKA I BUDOWA MASZYN. Wydawnictwo poleca t\u0119 ksi\u0105\u017ck\u0119 ze wzgl\u0119du na jej walory praktyczne r\u00f3wnie\u017c in\u017cynierom zajmuj\u0105cym si\u0119 planowaniem, budow\u0105 oraz eksploatacj\u0105 elektrowni i elektrociep\u0142owni, pracownikom energetyki zawodowej, a tak\u017ce inwestorom elektrowni i elektrociep\u0142owni gazowo-parowych.<br \/>\n&#8222;Problematyka zawarta w ksi\u0105\u017cce jest nowo\u015bci\u0105 na rynku wydawniczym. Bardzo wa\u017cnym aspektem zawartym w monografii jest to, \u017ce uk\u0142ady gazowo-parowe dwupaliwowe obok budowy nowych blok\u00f3w energetycznych stanowi\u0105 r\u00f3wnie\u017c bardzo du\u017cy potencja\u0142 modernizacyjny dla ju\u017c istniej\u0105cych elektrociep\u0142owni i elektrowni w\u0119glowych. Uk\u0142ady dwupaliwowe mog\u0105 bowiem powstawa\u0107 w wyniku nadbudowy turbin\u0105 gazow\u0105 ju\u017c istniej\u0105cych cieplnych uk\u0142ad\u00f3w w\u0119glowych. (\u2026)<br \/>\nDzi\u0119ki modernizacji bardzo istotnie mo\u017ce zosta\u0107 zmniejszony wska\u017anik emisji zanieczyszcze\u0144 do \u015brodowiska naturalnego na jednostk\u0119 wyprodukowanej w nich energii elektrycznej. Emisja dwutlenku w\u0119gla na 1 MWh wyprodukowanej energii elektrycznej w tych uk\u0142adach wynosi zgodnie z wymogami Unii Europejskiej poni\u017cej EFCO2 = 500 kg CO2 \/ MWh. (\u2026)<br \/>\nW ksi\u0105\u017cce zaprezentowano model matematyczny bloku w\u0119glowego o mocy 370 MW nadbudowanego turbozespo\u0142em gazowym i kot\u0142em odzyskowym. Model ten umo\u017cliwia Czytelnikom, na jego wz\u00f3r, samodzielne budowanie modeli matematycznych dla dowolnych innych uk\u0142ad\u00f3w cieplnych blok\u00f3w energetycznych, co w konsekwencji pozwoli analizowa\u0107 ich op\u0142acalno\u015b\u0107 energetyczn\u0105 i ekonomiczn\u0105.&#8221;<br \/>\nZ recenzji dra hab. in\u017c. Marcina Szegi, prof. nzw. Politechnika \u015al\u0105skiej<\/p>\n","protected":false},"excerpt":{"rendered":"<p>Autor: Ryszard Bartnik Wydawca: Wydawnictwo Naukowe PWN Oprawa: Mi\u0119kka Format: [&hellip;]<\/p>\n","protected":false},"featured_media":11276,"template":"","meta":[],"product_brand":[],"product_cat":[7722,41],"product_tag":[7887,4247],"class_list":{"0":"post-11275","1":"product","2":"type-product","3":"status-publish","4":"has-post-thumbnail","6":"product_cat-energetyka","7":"product_cat-nauki-techniczne","8":"product_tag-elektrownie-i-elektrocieplownie","9":"product_tag-energetyka","11":"first","12":"instock","13":"sale","14":"shipping-taxable","15":"purchasable","16":"product-type-simple"},"_links":{"self":[{"href":"https:\/\/ksiegarnia-akademicka.pl\/index.php\/wp-json\/wp\/v2\/product\/11275","targetHints":{"allow":["GET"]}}],"collection":[{"href":"https:\/\/ksiegarnia-akademicka.pl\/index.php\/wp-json\/wp\/v2\/product"}],"about":[{"href":"https:\/\/ksiegarnia-akademicka.pl\/index.php\/wp-json\/wp\/v2\/types\/product"}],"wp:featuredmedia":[{"embeddable":true,"href":"https:\/\/ksiegarnia-akademicka.pl\/index.php\/wp-json\/wp\/v2\/media\/11276"}],"wp:attachment":[{"href":"https:\/\/ksiegarnia-akademicka.pl\/index.php\/wp-json\/wp\/v2\/media?parent=11275"}],"wp:term":[{"taxonomy":"product_brand","embeddable":true,"href":"https:\/\/ksiegarnia-akademicka.pl\/index.php\/wp-json\/wp\/v2\/product_brand?post=11275"},{"taxonomy":"product_cat","embeddable":true,"href":"https:\/\/ksiegarnia-akademicka.pl\/index.php\/wp-json\/wp\/v2\/product_cat?post=11275"},{"taxonomy":"product_tag","embeddable":true,"href":"https:\/\/ksiegarnia-akademicka.pl\/index.php\/wp-json\/wp\/v2\/product_tag?post=11275"}],"curies":[{"name":"wp","href":"https:\/\/api.w.org\/{rel}","templated":true}]}}