{"id":11265,"date":"2019-05-20T13:42:30","date_gmt":"2019-05-20T11:42:30","guid":{"rendered":"http:\/\/ksiegarnia-akademicka.pl\/?post_type=product&#038;p=11265"},"modified":"2019-05-20T13:42:30","modified_gmt":"2019-05-20T11:42:30","slug":"prawa-czlowieka-we-wspolczesnym-swiecie-zagadnienia-wybrane","status":"publish","type":"product","link":"https:\/\/ksiegarnia-akademicka.pl\/index.php\/product\/prawa-czlowieka-we-wspolczesnym-swiecie-zagadnienia-wybrane\/","title":{"rendered":"Prawa cz\u0142owieka we wsp\u00f3\u0142czesnym \u015bwiecie  Zagadnienia wybrane"},"content":{"rendered":"<p>Pawe\u0142 \u015awital, Wojciech Wojty\u0142a (red.)<br \/>\nInstytut naukowo-Wydawniczy Spatium<br \/>\nISBN: 978-83-66017-10-8<br \/>\nLiczba stron: 226<br \/>\nFormat: B5<br \/>\nOprawa: mi\u0119kka, klejona<br \/>\nRok wydania: 2018<\/p>\n","protected":false},"excerpt":{"rendered":"<p>Pawe\u0142 \u015awital, Wojciech Wojty\u0142a (red.) Instytut naukowo-Wydawniczy Spatium ISBN: 978-83-66017-10-8 [&hellip;]<\/p>\n","protected":false},"featured_media":11266,"template":"","meta":[],"product_brand":[],"product_cat":[7496,18,7719],"product_tag":[911,873],"class_list":{"0":"post-11265","1":"product","2":"type-product","3":"status-publish","4":"has-post-thumbnail","6":"product_cat-konstytucyjne","7":"product_cat-prawo","8":"product_cat-prawo-miedzynarodowe","9":"product_tag-prawa-czlowieka","10":"product_tag-prawo-konstytucyjne","12":"first","13":"instock","14":"shipping-taxable","15":"purchasable","16":"product-type-simple"},"_links":{"self":[{"href":"https:\/\/ksiegarnia-akademicka.pl\/index.php\/wp-json\/wp\/v2\/product\/11265","targetHints":{"allow":["GET"]}}],"collection":[{"href":"https:\/\/ksiegarnia-akademicka.pl\/index.php\/wp-json\/wp\/v2\/product"}],"about":[{"href":"https:\/\/ksiegarnia-akademicka.pl\/index.php\/wp-json\/wp\/v2\/types\/product"}],"wp:featuredmedia":[{"embeddable":true,"href":"https:\/\/ksiegarnia-akademicka.pl\/index.php\/wp-json\/wp\/v2\/media\/11266"}],"wp:attachment":[{"href":"https:\/\/ksiegarnia-akademicka.pl\/index.php\/wp-json\/wp\/v2\/media?parent=11265"}],"wp:term":[{"taxonomy":"product_brand","embeddable":true,"href":"https:\/\/ksiegarnia-akademicka.pl\/index.php\/wp-json\/wp\/v2\/product_brand?post=11265"},{"taxonomy":"product_cat","embeddable":true,"href":"https:\/\/ksiegarnia-akademicka.pl\/index.php\/wp-json\/wp\/v2\/product_cat?post=11265"},{"taxonomy":"product_tag","embeddable":true,"href":"https:\/\/ksiegarnia-akademicka.pl\/index.php\/wp-json\/wp\/v2\/product_tag?post=11265"}],"curies":[{"name":"wp","href":"https:\/\/api.w.org\/{rel}","templated":true}]}}

Prawa człowieka we współczesnym świecie  Zagadnienia wybrane

<p>Paweł Śwital, Wojciech Wojtyła (red.)<br />
Instytut naukowo-Wydawniczy Spatium<br />
ISBN: 978-83-66017-10-8<br />
Liczba stron: 226<br />
Format: B5<br />
Oprawa: miękka, klejona<br />
Rok wydania: 2018</p>

<p>Paweł Śwital, Wojciech Wojtyła (red.) Instytut naukowo-Wydawniczy Spatium ISBN: 978-83-66017-10-8 [&hellip;]</p>
