{"id":11249,"date":"2019-05-20T09:14:33","date_gmt":"2019-05-20T07:14:33","guid":{"rendered":"http:\/\/ksiegarnia-akademicka.pl\/?post_type=product&#038;p=11249"},"modified":"2024-12-04T16:01:52","modified_gmt":"2024-12-04T15:01:52","slug":"rodzina-z-dziecmi-rodzina-dysfunkcyjna-pedagogika-praca-socjalna-terapia","status":"publish","type":"product","link":"https:\/\/ksiegarnia-akademicka.pl\/index.php\/product\/rodzina-z-dziecmi-rodzina-dysfunkcyjna-pedagogika-praca-socjalna-terapia\/","title":{"rendered":"Rodzina z dzie\u0107mi Rodzina dysfunkcyjna Pedagogika, praca socjalna, terapia"},"content":{"rendered":"<p>Autor:<br \/>\nIzabela Krasiejko<br \/>\nRedakcja: Difin<br \/>\nWydawca: Difin<br \/>\nOprawa: Mi\u0119kka<br \/>\nLiczba stron: 253<br \/>\nRok wydania: 2019<br \/>\nJ\u0119zyk wydania: polski<\/p>\n<p>Monografia ma charakter teoretyczno-metodyczny. Scharakteryzowano w niej cechy rodziny, czynniki ryzyka krzywdzenia dziecka, opisano objawy zaburze\u0144 dzieci\u0119cych wynikaj\u0105cych z wychowywania si\u0119 w rodzinie nieprawid\u0142owo realizuj\u0105cej swe funkcje. Ponadto zaprezentowano role i zadania oraz metodyk\u0119 dzia\u0142ania specjalist\u00f3w pracuj\u0105cych z rodzinami w obszarze wsparcia rodziny i ochrony dobra dziecka. W ostatnich latach zwraca si\u0119 bowiem uwag\u0119, aby w pracy z rodzinami stosowa\u0107 id\u0119 umacniania (epmowerment), ca\u0142o\u015bciowo\u015bci, sp\u00f3jno\u015bci, subsydiarno\u015bci (familocentryzm), wzmacniania wi\u0119zi mi\u0119dzy dzie\u0107mi a rodzicami (teoria przywi\u0105zania, rodzicielstwo blisko\u015bci). Ponadto k\u0142adzie si\u0119 coraz wi\u0119kszy nacisk na wsp\u00f3\u0142prac\u0119 pracownik\u00f3w s\u0142u\u017cb spo\u0142ecznych mi\u0119dzy sob\u0105 i z przedstawicielami innych resort\u00f3w i sektor\u00f3w (muliprofesjonalizm).<\/p>\n","protected":false},"excerpt":{"rendered":"<p>Autor: Izabela Krasiejko Redakcja: Difin Wydawca: Difin Oprawa: Mi\u0119kka Liczba [&hellip;]<\/p>\n","protected":false},"featured_media":11250,"template":"","meta":[],"product_brand":[],"product_cat":[28],"product_tag":[51,1659,4330,7884,246],"class_list":{"0":"post-11249","1":"product","2":"type-product","3":"status-publish","4":"has-post-thumbnail","6":"product_cat-pedagogika","7":"product_tag-pedagogika","8":"product_tag-psychoterapia","9":"product_tag-resocjalizacja","10":"product_tag-rodzina-dysfunkcyjna","11":"product_tag-socjologia","13":"first","14":"instock","15":"sale","16":"shipping-taxable","17":"purchasable","18":"product-type-simple"},"_links":{"self":[{"href":"https:\/\/ksiegarnia-akademicka.pl\/index.php\/wp-json\/wp\/v2\/product\/11249","targetHints":{"allow":["GET"]}}],"collection":[{"href":"https:\/\/ksiegarnia-akademicka.pl\/index.php\/wp-json\/wp\/v2\/product"}],"about":[{"href":"https:\/\/ksiegarnia-akademicka.pl\/index.php\/wp-json\/wp\/v2\/types\/product"}],"wp:featuredmedia":[{"embeddable":true,"href":"https:\/\/ksiegarnia-akademicka.pl\/index.php\/wp-json\/wp\/v2\/media\/11250"}],"wp:attachment":[{"href":"https:\/\/ksiegarnia-akademicka.pl\/index.php\/wp-json\/wp\/v2\/media?parent=11249"}],"wp:term":[{"taxonomy":"product_brand","embeddable":true,"href":"https:\/\/ksiegarnia-akademicka.pl\/index.php\/wp-json\/wp\/v2\/product_brand?post=11249"},{"taxonomy":"product_cat","embeddable":true,"href":"https:\/\/ksiegarnia-akademicka.pl\/index.php\/wp-json\/wp\/v2\/product_cat?post=11249"},{"taxonomy":"product_tag","embeddable":true,"href":"https:\/\/ksiegarnia-akademicka.pl\/index.php\/wp-json\/wp\/v2\/product_tag?post=11249"}],"curies":[{"name":"wp","href":"https:\/\/api.w.org\/{rel}","templated":true}]}}

Rodzina z dziećmi Rodzina dysfunkcyjna Pedagogika, praca socjalna, terapia

<p>Autor:<br />
Izabela Krasiejko<br />
Redakcja: Difin<br />
Wydawca: Difin<br />
Oprawa: Miękka<br />
Liczba stron: 253<br />
Rok wydania: 2019<br />
Język wydania: polski</p>
<p>Monografia ma charakter teoretyczno-metodyczny. Scharakteryzowano w niej cechy rodziny, czynniki ryzyka krzywdzenia dziecka, opisano objawy zaburzeń dziecięcych wynikających z wychowywania się w rodzinie nieprawidłowo realizującej swe funkcje. Ponadto zaprezentowano role i zadania oraz metodykę działania specjalistów pracujących z rodzinami w obszarze wsparcia rodziny i ochrony dobra dziecka. W ostatnich latach zwraca się bowiem uwagę, aby w pracy z rodzinami stosować idę umacniania (epmowerment), całościowości, spójności, subsydiarności (familocentryzm), wzmacniania więzi między dziećmi a rodzicami (teoria przywiązania, rodzicielstwo bliskości). Ponadto kładzie się coraz większy nacisk na współpracę pracowników służb społecznych między sobą i z przedstawicielami innych resortów i sektorów (muliprofesjonalizm).</p>

<p>Autor: Izabela Krasiejko Redakcja: Difin Wydawca: Difin Oprawa: Miękka Liczba [&hellip;]</p>
