{"id":11211,"date":"2019-05-18T09:15:24","date_gmt":"2019-05-18T07:15:24","guid":{"rendered":"http:\/\/ksiegarnia-akademicka.pl\/?post_type=product&#038;p=11211"},"modified":"2019-05-18T09:15:25","modified_gmt":"2019-05-18T07:15:25","slug":"geriatria-wybrane-zagadnienia","status":"publish","type":"product","link":"https:\/\/ksiegarnia-akademicka.pl\/index.php\/product\/geriatria-wybrane-zagadnienia\/","title":{"rendered":"Geriatria. Wybrane zagadnienia"},"content":{"rendered":"<p>wyd. I, red. K. Galus<br \/>\n304 strony<br \/>\nrok wydania: 2007<br \/>\nformat: 168 x 238, opr. twarda<br \/>\nISBN: 978-83-60290-92-7<\/p>\n<p>Geriatria obejmuje wszystkie dziedziny medycyny maj\u0105ce udzia\u0142 w rozpoznawaniu, leczeniu i zapobieganiu chorobom u os\u00f3b w wieku podesz\u0142ym. S\u0105 to dzia\u0142ania trudne, wymagaj\u0105ce uwzgl\u0119dnienia oddzia\u0142ywania proces\u00f3w starzenia si\u0119, zmian osobowo\u015bci i zdolno\u015bci poznawczych, przebytych i wsp\u00f3\u0142istniej\u0105cych chor\u00f3b oraz ich odmiennego przebiegu i leczenia.<\/p>\n<p>Autorami niniejszej publikacji s\u0105 wybitni specjali\u015bci, kt\u00f3rzy przedstawili najnowsz\u0105 wiedz\u0119, popart\u0105 w\u0142asnym do\u015bwiadczeniem, w przyst\u0119pny i zwi\u0119z\u0142y spos\u00f3b.<br \/>\n   Ksi\u0105\u017cka przeznaczona jest przede wszystkim dla lekarzy chor\u00f3b wewn\u0119trznych, lekarzy rodzinnych i student\u00f3w.<\/p>\n","protected":false},"excerpt":{"rendered":"<p>wyd. I, red. K. Galus 304 strony rok wydania: 2007 [&hellip;]<\/p>\n","protected":false},"featured_media":11212,"template":"","meta":[],"product_brand":[],"product_cat":[7493,44],"product_tag":[7215,269,7844],"class_list":{"0":"post-11211","1":"product","2":"type-product","3":"status-publish","4":"has-post-thumbnail","6":"product_cat-medycyna","7":"product_cat-nauki-medyczne","8":"product_tag-geriatria","9":"product_tag-podrecznik-akademicki","10":"product_tag-starosc","12":"first","13":"instock","14":"sale","15":"shipping-taxable","16":"purchasable","17":"product-type-simple"},"_links":{"self":[{"href":"https:\/\/ksiegarnia-akademicka.pl\/index.php\/wp-json\/wp\/v2\/product\/11211","targetHints":{"allow":["GET"]}}],"collection":[{"href":"https:\/\/ksiegarnia-akademicka.pl\/index.php\/wp-json\/wp\/v2\/product"}],"about":[{"href":"https:\/\/ksiegarnia-akademicka.pl\/index.php\/wp-json\/wp\/v2\/types\/product"}],"wp:featuredmedia":[{"embeddable":true,"href":"https:\/\/ksiegarnia-akademicka.pl\/index.php\/wp-json\/wp\/v2\/media\/11212"}],"wp:attachment":[{"href":"https:\/\/ksiegarnia-akademicka.pl\/index.php\/wp-json\/wp\/v2\/media?parent=11211"}],"wp:term":[{"taxonomy":"product_brand","embeddable":true,"href":"https:\/\/ksiegarnia-akademicka.pl\/index.php\/wp-json\/wp\/v2\/product_brand?post=11211"},{"taxonomy":"product_cat","embeddable":true,"href":"https:\/\/ksiegarnia-akademicka.pl\/index.php\/wp-json\/wp\/v2\/product_cat?post=11211"},{"taxonomy":"product_tag","embeddable":true,"href":"https:\/\/ksiegarnia-akademicka.pl\/index.php\/wp-json\/wp\/v2\/product_tag?post=11211"}],"curies":[{"name":"wp","href":"https:\/\/api.w.org\/{rel}","templated":true}]}}