{"id":11207,"date":"2019-05-18T09:10:03","date_gmt":"2019-05-18T07:10:03","guid":{"rendered":"http:\/\/ksiegarnia-akademicka.pl\/?post_type=product&#038;p=11207"},"modified":"2019-05-18T09:10:20","modified_gmt":"2019-05-18T07:10:20","slug":"fizjoterapia-w-geriatrii-atlas-cwiczen","status":"publish","type":"product","link":"https:\/\/ksiegarnia-akademicka.pl\/index.php\/product\/fizjoterapia-w-geriatrii-atlas-cwiczen\/","title":{"rendered":"Fizjoterapia w geriatrii Atlas \u0107wicze\u0144"},"content":{"rendered":"<p>Autor:<br \/>\nKatarzyna Wieczorowska-Tobis<br \/>\nAdrianna Maria Borowicz<br \/>\nWydawca: PZWL<br \/>\nOprawa: Mi\u0119kka<br \/>\nFormat: 16.5&#215;23.5cm<br \/>\nLiczba stron: 274<br \/>\nWydanie: 1<br \/>\nRok wydania: 2018<br \/>\nJ\u0119zyk wydania: polski<\/p>\n<p>Ksi\u0105\u017cka jest uzupe\u0142nieniem wcze\u015bniej wydanego podr\u0119cznika pt. \u201eFizjoterapia w geriatrii\u201d autorstwa zespo\u0142u pod kierunkiem prof. Katarzyny Wieczorowskiej-Tobis. W obecnej publikacji przedstawiono \u0107wiczenia, kt\u00f3re mo\u017cna zastosowa\u0107 jako profilaktyk\u0119 i terapi\u0119 przy wyst\u0119powaniu konkretnych problem\u00f3w zwi\u0105zanych ze sprawno\u015bci\u0105 funkcjonaln\u0105 senior\u00f3w. Przejrzysty uk\u0142ad i bogaty materia\u0142 ilustracyjny obrazuj\u0105cy omawiane \u0107wiczenia pozwalaj\u0105 na szybkie zapoznanie si\u0119 z danym problemem oraz dostosowanie post\u0119powania fizjoterapeutycznego do ka\u017cdego pacjenta indywidualnie.<br \/>\nZaprezentowano zestawy \u0107wicze\u0144 og\u00f3lnousprawniaj\u0105cych dla os\u00f3b zdrowych, a tak\u017ce dla borykaj\u0105cych si\u0119 z chorobami i problemami charakterystycznymi dla wieku podesz\u0142ego, takimi jak:<br \/>\nsarkopenia,<br \/>\nosteoporoza,<br \/>\nunieruchomienie,<br \/>\nwysi\u0142kowe nietrzymanie moczu,<br \/>\nzaburzenia r\u00f3wnowagi, chodu i koordynacji ruchowej,<br \/>\nupadki,<br \/>\nzmniejszona sprawno\u015b\u0107 ko\u0144czyny g\u00f3rnej.<\/p>\n<p>Publikacja stanowi praktyczne \u017ar\u00f3d\u0142o wiedzy zar\u00f3wno dla student\u00f3w kierunku fizjoterapia, jak i fizjoterapeut\u00f3w, szczeg\u00f3lnie zajmuj\u0105cych si\u0119 usprawnianiem os\u00f3b starszych.<br \/>\nB\u0119dzie r\u00f3wnie\u017c pomocna w codziennej praktyce lekarzy specjalizuj\u0105cych si\u0119 w rehabilitacji medycznej, terapeut\u00f3w zaj\u0119ciowych i opiekun\u00f3w os\u00f3b starszych.<\/p>\n","protected":false},"excerpt":{"rendered":"<p>Autor: Katarzyna Wieczorowska-Tobis Adrianna Maria Borowicz Wydawca: PZWL Oprawa: Mi\u0119kka [&hellip;]<\/p>\n","protected":false},"featured_media":11208,"template":"","meta":[],"product_brand":[],"product_cat":[7625],"product_tag":[1498,7215,5853],"class_list":{"0":"post-11207","1":"product","2":"type-product","3":"status-publish","4":"has-post-thumbnail","6":"product_cat-nauki-o-zdrowiu","7":"product_tag-fizjoterapia","8":"product_tag-geriatria","9":"product_tag-rehabilitacja","11":"first","12":"instock","13":"sale","14":"shipping-taxable","15":"purchasable","16":"product-type-simple"},"_links":{"self":[{"href":"https:\/\/ksiegarnia-akademicka.pl\/index.php\/wp-json\/wp\/v2\/product\/11207","targetHints":{"allow":["GET"]}}],"collection":[{"href":"https:\/\/ksiegarnia-akademicka.pl\/index.php\/wp-json\/wp\/v2\/product"}],"about":[{"href":"https:\/\/ksiegarnia-akademicka.pl\/index.php\/wp-json\/wp\/v2\/types\/product"}],"wp:featuredmedia":[{"embeddable":true,"href":"https:\/\/ksiegarnia-akademicka.pl\/index.php\/wp-json\/wp\/v2\/media\/11208"}],"wp:attachment":[{"href":"https:\/\/ksiegarnia-akademicka.pl\/index.php\/wp-json\/wp\/v2\/media?parent=11207"}],"wp:term":[{"taxonomy":"product_brand","embeddable":true,"href":"https:\/\/ksiegarnia-akademicka.pl\/index.php\/wp-json\/wp\/v2\/product_brand?post=11207"},{"taxonomy":"product_cat","embeddable":true,"href":"https:\/\/ksiegarnia-akademicka.pl\/index.php\/wp-json\/wp\/v2\/product_cat?post=11207"},{"taxonomy":"product_tag","embeddable":true,"href":"https:\/\/ksiegarnia-akademicka.pl\/index.php\/wp-json\/wp\/v2\/product_tag?post=11207"}],"curies":[{"name":"wp","href":"https:\/\/api.w.org\/{rel}","templated":true}]}}