{"id":11132,"date":"2019-05-15T08:52:11","date_gmt":"2019-05-15T06:52:11","guid":{"rendered":"http:\/\/ksiegarnia-akademicka.pl\/?post_type=product&#038;p=11132"},"modified":"2019-05-15T08:52:12","modified_gmt":"2019-05-15T06:52:12","slug":"franciszek-longchamps-de-berier-pisma-wybrane-z-lat-1934-1970-wybor-i-wstep-zbigniew-kmieciak","status":"publish","type":"product","link":"https:\/\/ksiegarnia-akademicka.pl\/index.php\/product\/franciszek-longchamps-de-berier-pisma-wybrane-z-lat-1934-1970-wybor-i-wstep-zbigniew-kmieciak\/","title":{"rendered":"Franciszek Longchamps de B\u00e9rier Pisma wybrane z lat 1934-1970. Wyb\u00f3r i wst\u0119p Zbigniew Kmieciak"},"content":{"rendered":"<p>Redakcja: Kmieciak Zbigniew<br \/>\nWydawca: Wolters Kluwer<br \/>\nOprawa: Twarda<br \/>\nFormat: 17.0&#215;24.0cm<br \/>\nLiczba stron: 426<br \/>\nRok wydania: 2019<br \/>\nJ\u0119zyk wydania: polski<\/p>\n<p>Ksi\u0119ga zawiera przekr\u00f3j prac jednego z najwi\u0119kszych polskich profesor\u00f3w prawa administracyjnego i komparatystyki prawniczej. Dzie\u0142a wyr\u00f3\u017cniaj\u0105 si\u0119 niezwykle oryginaln\u0105 tre\u015bci\u0105 i form\u0105 oraz unikalnym, literackim stylem wypowiedzi autora. Na publikacj\u0119 sk\u0142ada si\u0119 21 opracowa\u0144 z lat 1934\u20131970 o r\u00f3\u017cnym profilu naukowym i obj\u0119to\u015bci, poprzedzonych wst\u0119pem prof. dra hab. Zbigniewa Kmieciaka. S\u0105 w\u015br\u00f3d nich zwi\u0119z\u0142e monografie i studia, artyku\u0142y oraz prace i szkice o innym charakterze, tak\u017ce popularyzatorskie. Zestawiono je w taki spos\u00f3b, aby ukaza\u0107 pe\u0142en przekr\u00f3j tw\u00f3rczo\u015bci naukowej Franciszka Longchampsa de B\u00e9rier i odda\u0107 to, co najbardziej znamienne i znacz\u0105ce dla prowadzonych przez niego bada\u0144. Zawarte w nich przemy\u015blenia od lat s\u0105 \u017ar\u00f3d\u0142em inspiracji nie tylko dla kolejnych pokole\u0144 polskich administratywist\u00f3w, lecz tak\u017ce dla teoretyk\u00f3w prawa i tych, kt\u00f3rzy interesuj\u0105 si\u0119 kultur\u0105 prawa i rozmaitymi aspektami funkcjonowania administracji publicznej. W ksi\u0105\u017cce zamieszczono tak\u017ce pe\u0142n\u0105 bibliografi\u0119 prac Franciszka Longchampsa de B\u00e9rier.<\/p>\n<p>Publikacja stanowi niezwykle cenne \u017ar\u00f3d\u0142o wiedzy przydatnej dla bada\u0144 naukowych i analiz teoretycznych tak\u017ce z dzisiejszej perspektywy. Zawiera elementy teorii, kt\u00f3re zainteresuj\u0105 zar\u00f3wno praktyk\u00f3w prawa, jak i przedstawicieli nauki prawa oraz nauki o administracji.<\/p>\n<p>Na czym polega fenomen Franciszka Longchampsa de B\u00e9rier, z czego wynika jego wielko\u015b\u0107? Mo\u017cna rzec, \u017ce by\u0142 profesorem innej miary, wyprzedzi\u0142 sw\u00f3j czas i mia\u0142 do przekazania co\u015b oryginalnego, co potrafi\u0105 powiedzie\u0107 tylko nieliczni. Jego postawa i dokonania s\u0105 przyk\u0142adem znakomitego zespolenia wyobra\u017ani i wiedzy, a z drugiej strony \u2013 idei i formy.<\/p>\n<p>Zbigniew Kmieciak (fragment wst\u0119pu)<\/p>\n","protected":false},"excerpt":{"rendered":"<p>Redakcja: Kmieciak Zbigniew Wydawca: Wolters Kluwer Oprawa: Twarda Format: 17.0&#215;24.0cm [&hellip;]<\/p>\n","protected":false},"featured_media":11133,"template":"","meta":[],"product_brand":[],"product_cat":[7491,7497,18],"product_tag":[1008,7877],"class_list":{"0":"post-11132","1":"product","2":"type-product","3":"status-publish","4":"has-post-thumbnail","6":"product_cat-cywilne","7":"product_cat-ogolne-zagadnienia-prawa","8":"product_cat-prawo","9":"product_tag-prawo","10":"product_tag-seria-dla-praktykow","12":"first","13":"instock","14":"sale","15":"shipping-taxable","16":"purchasable","17":"product-type-simple"},"_links":{"self":[{"href":"https:\/\/ksiegarnia-akademicka.pl\/index.php\/wp-json\/wp\/v2\/product\/11132","targetHints":{"allow":["GET"]}}],"collection":[{"href":"https:\/\/ksiegarnia-akademicka.pl\/index.php\/wp-json\/wp\/v2\/product"}],"about":[{"href":"https:\/\/ksiegarnia-akademicka.pl\/index.php\/wp-json\/wp\/v2\/types\/product"}],"wp:featuredmedia":[{"embeddable":true,"href":"https:\/\/ksiegarnia-akademicka.pl\/index.php\/wp-json\/wp\/v2\/media\/11133"}],"wp:attachment":[{"href":"https:\/\/ksiegarnia-akademicka.pl\/index.php\/wp-json\/wp\/v2\/media?parent=11132"}],"wp:term":[{"taxonomy":"product_brand","embeddable":true,"href":"https:\/\/ksiegarnia-akademicka.pl\/index.php\/wp-json\/wp\/v2\/product_brand?post=11132"},{"taxonomy":"product_cat","embeddable":true,"href":"https:\/\/ksiegarnia-akademicka.pl\/index.php\/wp-json\/wp\/v2\/product_cat?post=11132"},{"taxonomy":"product_tag","embeddable":true,"href":"https:\/\/ksiegarnia-akademicka.pl\/index.php\/wp-json\/wp\/v2\/product_tag?post=11132"}],"curies":[{"name":"wp","href":"https:\/\/api.w.org\/{rel}","templated":true}]}}

Franciszek Longchamps de Bérier Pisma wybrane z lat 1934-1970. Wybór i wstęp Zbigniew Kmieciak

<p>Redakcja: Kmieciak Zbigniew<br />
Wydawca: Wolters Kluwer<br />
Oprawa: Twarda<br />
Format: 17.0&#215;24.0cm<br />
Liczba stron: 426<br />
Rok wydania: 2019<br />
Język wydania: polski</p>
<p>Księga zawiera przekrój prac jednego z największych polskich profesorów prawa administracyjnego i komparatystyki prawniczej. Dzieła wyróżniają się niezwykle oryginalną treścią i formą oraz unikalnym, literackim stylem wypowiedzi autora. Na publikację składa się 21 opracowań z lat 1934–1970 o różnym profilu naukowym i objętości, poprzedzonych wstępem prof. dra hab. Zbigniewa Kmieciaka. Są wśród nich zwięzłe monografie i studia, artykuły oraz prace i szkice o innym charakterze, także popularyzatorskie. Zestawiono je w taki sposób, aby ukazać pełen przekrój twórczości naukowej Franciszka Longchampsa de Bérier i oddać to, co najbardziej znamienne i znaczące dla prowadzonych przez niego badań. Zawarte w nich przemyślenia od lat są źródłem inspiracji nie tylko dla kolejnych pokoleń polskich administratywistów, lecz także dla teoretyków prawa i tych, którzy interesują się kulturą prawa i rozmaitymi aspektami funkcjonowania administracji publicznej. W książce zamieszczono także pełną bibliografię prac Franciszka Longchampsa de Bérier.</p>
<p>Publikacja stanowi niezwykle cenne źródło wiedzy przydatnej dla badań naukowych i analiz teoretycznych także z dzisiejszej perspektywy. Zawiera elementy teorii, które zainteresują zarówno praktyków prawa, jak i przedstawicieli nauki prawa oraz nauki o administracji.</p>
<p>Na czym polega fenomen Franciszka Longchampsa de Bérier, z czego wynika jego wielkość? Można rzec, że był profesorem innej miary, wyprzedził swój czas i miał do przekazania coś oryginalnego, co potrafią powiedzieć tylko nieliczni. Jego postawa i dokonania są przykładem znakomitego zespolenia wyobraźni i wiedzy, a z drugiej strony – idei i formy.</p>
<p>Zbigniew Kmieciak (fragment wstępu)</p>
