{"id":11065,"date":"2019-05-07T09:26:59","date_gmt":"2019-05-07T07:26:59","guid":{"rendered":"http:\/\/ksiegarnia-akademicka.pl\/?post_type=product&#038;p=11065"},"modified":"2024-12-04T14:24:09","modified_gmt":"2024-12-04T13:24:09","slug":"raport-o-stanie-gminy-powiatu-wojewodztwa","status":"publish","type":"product","link":"https:\/\/ksiegarnia-akademicka.pl\/index.php\/product\/raport-o-stanie-gminy-powiatu-wojewodztwa\/","title":{"rendered":"Raport o stanie gminy powiatu wojew\u00f3dztwa"},"content":{"rendered":"<p>Autor:<br \/>\nMarta Bokiej-Karciarz<br \/>\nWydawca: Wolters Kluwer<br \/>\nOprawa: Mi\u0119kka<br \/>\nFormat: 14.5&#215;20.5cm<br \/>\nLiczba stron: 160<br \/>\nWydanie: 1<br \/>\nRok wydania: 2019<br \/>\nJ\u0119zyk wydania: polski<\/p>\n<p>Poradnik stanowi kompleksow\u0105 analiz\u0119 nowej instytucji prawa samorz\u0105dowego jak\u0105 jest raport o stanie gminy, powiatu oraz wojew\u00f3dztwa, wprowadzonej przepisami ustawy z 11.01.2018 r. o zmianie niekt\u00f3rych ustaw w celu zwi\u0119kszenia udzia\u0142u obywateli w procesie wybierania, funkcjonowania i kontrolowania niekt\u00f3rych organ\u00f3w publicznych. Raport ten jest kompleksowym podsumowaniem dzia\u0142alno\u015bci organu wykonawczego danej jednostki za rok ubieg\u0142y, praktycznie na ka\u017cdym polu jego aktywno\u015bci.<\/p>\n<p>W publikacji w praktyczny spos\u00f3b zaprezentowano i przeanalizowano nie tylko samo poj\u0119cie, istot\u0119 i cel raportu, ale r\u00f3wnie\u017c procedur\u0119 jego rozpatrywania, na kt\u00f3r\u0105 sk\u0142adaj\u0105 si\u0119 takie etapy.<\/p>\n<p>Publikacja sk\u0142ada si\u0119 z pi\u0119ciu rozdzia\u0142\u00f3w:<br \/>\n&#8211; w rozdziale I przedstawiono poj\u0119cie, istot\u0119 oraz cel raportu o stanie jednostki samorz\u0105du terytorialnego;<br \/>\n&#8211; rozdzia\u0142 II po\u015bwi\u0119cony zosta\u0142 w spos\u00f3b kompleksowy tre\u015bci raportu;<br \/>\n&#8211; w rozdziale III przedstawiono procedur\u0119 przygotowania raportu;<br \/>\n&#8211; dwa ostatnie rozdzia\u0142y dotycz\u0105 z kolei przebiegu debaty nad raportem (rozdzia\u0142 IV) oraz wie\u0144cz\u0105cej t\u0119 debat\u0119 procedury udzielenia wotum zaufania (rozdzia\u0142 V).<br \/>\nDodatkowym walorem ksi\u0105\u017cki s\u0105 do\u0142\u0105czone do niej wzory dokument\u00f3w, kt\u00f3re u\u0142atwi\u0105 prawid\u0142owe przeprowadzenie procedury rozpatrywania raportu o stanie gminy, powiatu, wojew\u00f3dztwa.<\/p>\n","protected":false},"excerpt":{"rendered":"<p>Autor: Marta Bokiej-Karciarz Wydawca: Wolters Kluwer Oprawa: Mi\u0119kka Format: 14.5&#215;20.5cm [&hellip;]<\/p>\n","protected":false},"featured_media":11066,"template":"","meta":[],"product_brand":[],"product_cat":[7492,18,7494],"product_tag":[6923,1550,486],"class_list":{"0":"post-11065","1":"product","2":"type-product","3":"status-publish","4":"has-post-thumbnail","6":"product_cat-administracyjne","7":"product_cat-prawo","8":"product_cat-samorzad-terytorialny","9":"product_tag-administracja-lokalna","10":"product_tag-komentarze-i-opracowania","11":"product_tag-samorzad-terytorialny","13":"first","14":"instock","15":"sale","16":"shipping-taxable","17":"purchasable","18":"product-type-simple"},"_links":{"self":[{"href":"https:\/\/ksiegarnia-akademicka.pl\/index.php\/wp-json\/wp\/v2\/product\/11065","targetHints":{"allow":["GET"]}}],"collection":[{"href":"https:\/\/ksiegarnia-akademicka.pl\/index.php\/wp-json\/wp\/v2\/product"}],"about":[{"href":"https:\/\/ksiegarnia-akademicka.pl\/index.php\/wp-json\/wp\/v2\/types\/product"}],"wp:featuredmedia":[{"embeddable":true,"href":"https:\/\/ksiegarnia-akademicka.pl\/index.php\/wp-json\/wp\/v2\/media\/11066"}],"wp:attachment":[{"href":"https:\/\/ksiegarnia-akademicka.pl\/index.php\/wp-json\/wp\/v2\/media?parent=11065"}],"wp:term":[{"taxonomy":"product_brand","embeddable":true,"href":"https:\/\/ksiegarnia-akademicka.pl\/index.php\/wp-json\/wp\/v2\/product_brand?post=11065"},{"taxonomy":"product_cat","embeddable":true,"href":"https:\/\/ksiegarnia-akademicka.pl\/index.php\/wp-json\/wp\/v2\/product_cat?post=11065"},{"taxonomy":"product_tag","embeddable":true,"href":"https:\/\/ksiegarnia-akademicka.pl\/index.php\/wp-json\/wp\/v2\/product_tag?post=11065"}],"curies":[{"name":"wp","href":"https:\/\/api.w.org\/{rel}","templated":true}]}}

Raport o stanie gminy powiatu województwa

<p>Autor:<br />
Marta Bokiej-Karciarz<br />
Wydawca: Wolters Kluwer<br />
Oprawa: Miękka<br />
Format: 14.5&#215;20.5cm<br />
Liczba stron: 160<br />
Wydanie: 1<br />
Rok wydania: 2019<br />
Język wydania: polski</p>
<p>Poradnik stanowi kompleksową analizę nowej instytucji prawa samorządowego jaką jest raport o stanie gminy, powiatu oraz województwa, wprowadzonej przepisami ustawy z 11.01.2018 r. o zmianie niektórych ustaw w celu zwiększenia udziału obywateli w procesie wybierania, funkcjonowania i kontrolowania niektórych organów publicznych. Raport ten jest kompleksowym podsumowaniem działalności organu wykonawczego danej jednostki za rok ubiegły, praktycznie na każdym polu jego aktywności.</p>
<p>W publikacji w praktyczny sposób zaprezentowano i przeanalizowano nie tylko samo pojęcie, istotę i cel raportu, ale również procedurę jego rozpatrywania, na którą składają się takie etapy.</p>
<p>Publikacja składa się z pięciu rozdziałów:<br />
&#8211; w rozdziale I przedstawiono pojęcie, istotę oraz cel raportu o stanie jednostki samorządu terytorialnego;<br />
&#8211; rozdział II poświęcony został w sposób kompleksowy treści raportu;<br />
&#8211; w rozdziale III przedstawiono procedurę przygotowania raportu;<br />
&#8211; dwa ostatnie rozdziały dotyczą z kolei przebiegu debaty nad raportem (rozdział IV) oraz wieńczącej tę debatę procedury udzielenia wotum zaufania (rozdział V).<br />
Dodatkowym walorem książki są dołączone do niej wzory dokumentów, które ułatwią prawidłowe przeprowadzenie procedury rozpatrywania raportu o stanie gminy, powiatu, województwa.</p>

<p>Autor: Marta Bokiej-Karciarz Wydawca: Wolters Kluwer Oprawa: Miękka Format: 14.5&#215;20.5cm [&hellip;]</p>
