{"id":10982,"date":"2019-04-30T13:20:09","date_gmt":"2019-04-30T11:20:09","guid":{"rendered":"http:\/\/ksiegarnia-akademicka.pl\/?post_type=product&#038;p=10982"},"modified":"2019-04-30T13:20:10","modified_gmt":"2019-04-30T11:20:10","slug":"patolodzy-panie-doktorze-czy-to-rak","status":"publish","type":"product","link":"https:\/\/ksiegarnia-akademicka.pl\/index.php\/product\/patolodzy-panie-doktorze-czy-to-rak\/","title":{"rendered":"Patolodzy Panie doktorze, czy to rak?"},"content":{"rendered":"<p>Autor:<br \/>\nPaulina \u0141opatniuk<br \/>\nWydawca: Pozna\u0144skie<br \/>\nOprawa: Zintegrowana<br \/>\nLiczba stron: 400<br \/>\nRok wydania: 2019<br \/>\nJ\u0119zyk wydania: polski<\/p>\n<p>Czy gdzie\u015b w twoim ciele mog\u0105 kry\u0107 si\u0119 pozosta\u0142o\u015bci twojego brata bli\u017aniaka? Dlaczego londy\u0144scy kominiarze zaskakuj\u0105co cz\u0119sto cierpieli na raka moszny? I czy to mo\u017cliwe, \u017ceby guz podwoi\u0142 si\u0119 w ci\u0105gu zaledwie doby?<br \/>\nSzokuj\u0105ce, obrzydliwe, zabawne, fascynuj\u0105ce\u2026 Nowotwory i inne choroby kryj\u0105 wiele tajemnic. Autorka popularnego bloga Patolodzy na klatce przeprowadzi ci\u0119 przez tw\u00f3j \u015bwiat wewn\u0119trzny, zaczynaj\u0105c od r\u00f3\u017cowo-fioletowych maziaj\u00f3w na szkie\u0142ku pod mikroskopem, a ko\u0144cz\u0105c na stole sekcyjnym w prosektorium. W tej ksi\u0105\u017cce opowiada o wszystkim, co zwyk\u0142ych ludzi przyprawia o b\u00f3l g\u0142owy. Dos\u0142ownie.<br \/>\nNie znacie nas, my jednak niejednokrotnie znamy was lepiej ni\u017c wasi bliscy. W ko\u0144cu liczy si\u0119 wn\u0119trze, a ma\u0142o kto bada je dog\u0142\u0119bniej ni\u017c patolodzy.<\/p>\n","protected":false},"excerpt":{"rendered":"<p>Autor: Paulina \u0141opatniuk Wydawca: Pozna\u0144skie Oprawa: Zintegrowana Liczba stron: 400 [&hellip;]<\/p>\n","protected":false},"featured_media":10983,"template":"","meta":[],"product_brand":[],"product_cat":[7493,7625],"product_tag":[2322,6569,4548],"class_list":{"0":"post-10982","1":"product","2":"type-product","3":"status-publish","4":"has-post-thumbnail","6":"product_cat-medycyna","7":"product_cat-nauki-o-zdrowiu","8":"product_tag-biografie","9":"product_tag-historia-medycyny","10":"product_tag-reportaz","12":"first","13":"instock","14":"sale","15":"shipping-taxable","16":"purchasable","17":"product-type-simple"},"_links":{"self":[{"href":"https:\/\/ksiegarnia-akademicka.pl\/index.php\/wp-json\/wp\/v2\/product\/10982","targetHints":{"allow":["GET"]}}],"collection":[{"href":"https:\/\/ksiegarnia-akademicka.pl\/index.php\/wp-json\/wp\/v2\/product"}],"about":[{"href":"https:\/\/ksiegarnia-akademicka.pl\/index.php\/wp-json\/wp\/v2\/types\/product"}],"wp:featuredmedia":[{"embeddable":true,"href":"https:\/\/ksiegarnia-akademicka.pl\/index.php\/wp-json\/wp\/v2\/media\/10983"}],"wp:attachment":[{"href":"https:\/\/ksiegarnia-akademicka.pl\/index.php\/wp-json\/wp\/v2\/media?parent=10982"}],"wp:term":[{"taxonomy":"product_brand","embeddable":true,"href":"https:\/\/ksiegarnia-akademicka.pl\/index.php\/wp-json\/wp\/v2\/product_brand?post=10982"},{"taxonomy":"product_cat","embeddable":true,"href":"https:\/\/ksiegarnia-akademicka.pl\/index.php\/wp-json\/wp\/v2\/product_cat?post=10982"},{"taxonomy":"product_tag","embeddable":true,"href":"https:\/\/ksiegarnia-akademicka.pl\/index.php\/wp-json\/wp\/v2\/product_tag?post=10982"}],"curies":[{"name":"wp","href":"https:\/\/api.w.org\/{rel}","templated":true}]}}