{"id":10959,"date":"2019-04-26T09:08:40","date_gmt":"2019-04-26T07:08:40","guid":{"rendered":"http:\/\/ksiegarnia-akademicka.pl\/?post_type=product&#038;p=10959"},"modified":"2019-04-26T09:08:41","modified_gmt":"2019-04-26T07:08:41","slug":"21-lekcji-na-xxi-wiek-audiobook-cd-mp3-tytul-oryginalny-21-lessons-for-the-21st-century","status":"publish","type":"product","link":"https:\/\/ksiegarnia-akademicka.pl\/index.php\/product\/21-lekcji-na-xxi-wiek-audiobook-cd-mp3-tytul-oryginalny-21-lessons-for-the-21st-century\/","title":{"rendered":"21 lekcji na XXI wiek (Audiobook) (CD-MP3) Tytu\u0142 oryginalny: 21 Lessons for the 21st Century"},"content":{"rendered":"<p>Autor:<br \/>\nHarari Yuval Noah<br \/>\nT\u0142umacze: Romanek Micha\u0142<br \/>\nWydawca: Literackie<br \/>\nFormat: 14.0&#215;12.5cm<br \/>\nWydanie: 1<br \/>\nRok wydania: 2018<br \/>\nJ\u0119zyk wydania: polski<\/p>\n<p>Jakie wyzwania stawia przed ludzko\u015bci\u0105 tera\u017aniejszo\u015b\u0107?<br \/>\nNowa ksi\u0105\u017cka autora \u015bwiatowych bestseller\u00f3w Sapiens i Homo deus. Kr\u00f3tka historia jutra.<br \/>\nYuval Noah Harari, s\u0142ynny izraelski historyk i wizjoner, w swej najnowszej ksi\u0105\u017cce skupia si\u0119 nie na przesz\u0142o\u015bci ani na mo\u017cliwej przysz\u0142o\u015bci gatunku ludzkiego, lecz na problemach, w obliczu kt\u00f3rych stoimy obecnie.<br \/>\n21 lekcji na XXI wiek to zaproszenie czytelnika do wzi\u0119cia udzia\u0142u w debacie na temat naszych czas\u00f3w. Harari z w\u0142a\u015bciw\u0105 sobie lekko\u015bci\u0105, w kr\u00f3tkich rozdzia\u0142ach, omawia i analizuje zjawiska, kt\u00f3re dzi\u015b definiuj\u0105 cywilizacj\u0119 homo sapiens i wp\u0142ywaj\u0105 na jej losy.<br \/>\nDonald Trump, Brexit, fake newsy, biotechnologia, sztuczna inteligencja, rozszerzona rzeczywisto\u015b\u0107, dewastacja \u015brodowiska naturalnego, kryzys uchod\u017aczy, terroryzm, schy\u0142ek liberalizmu. Co te zjawiska naszej codzienno\u015bci m\u00f3wi\u0105 o cz\u0142owieku i wsp\u00f3\u0142czesnym \u015bwiecie?<br \/>\nHarari, jak zwykle, stawia prowokacyjne pytania, ale i udziela b\u0142yskotliwych odpowiedzi, dzi\u0119ki kt\u00f3rym nasz coraz bardziej rozp\u0119dzony XXI wiek wydaje si\u0119 cho\u0107 troch\u0119 pojmowalny przez ludzki rozum.<br \/>\nKsi\u0105\u017cka 21 lekcji na XXI wiek zamyka hat trick Harariego&#8230; Jak zawsze jego tekst jest niezwykle elegancki, ludzki, ujmuj\u0105cy, a cz\u0119sto te\u017c ironiczny.<br \/>\nCaroline Sanderson, \u201eThe Bookseller\u201d<br \/>\nAUDIOBOOK W INTERPRETACJI ROCHA SIEMIANOWSKIEGO<\/p>\n","protected":false},"excerpt":{"rendered":"<p>Autor: Harari Yuval Noah T\u0142umacze: Romanek Micha\u0142 Wydawca: Literackie Format: [&hellip;]<\/p>\n","protected":false},"featured_media":10960,"template":"","meta":[],"product_brand":[],"product_cat":[7505,7506,27,7508],"product_tag":[7863,246,1095],"class_list":{"0":"post-10959","1":"product","2":"type-product","3":"status-publish","4":"has-post-thumbnail","6":"product_cat-etyka","7":"product_cat-filozofia","8":"product_cat-nauki-spoleczne","9":"product_cat-socjologia","10":"product_tag-audiobook","11":"product_tag-socjologia","12":"product_tag-spoleczenstwo","14":"first","15":"instock","16":"sale","17":"shipping-taxable","18":"purchasable","19":"product-type-simple"},"_links":{"self":[{"href":"https:\/\/ksiegarnia-akademicka.pl\/index.php\/wp-json\/wp\/v2\/product\/10959","targetHints":{"allow":["GET"]}}],"collection":[{"href":"https:\/\/ksiegarnia-akademicka.pl\/index.php\/wp-json\/wp\/v2\/product"}],"about":[{"href":"https:\/\/ksiegarnia-akademicka.pl\/index.php\/wp-json\/wp\/v2\/types\/product"}],"wp:featuredmedia":[{"embeddable":true,"href":"https:\/\/ksiegarnia-akademicka.pl\/index.php\/wp-json\/wp\/v2\/media\/10960"}],"wp:attachment":[{"href":"https:\/\/ksiegarnia-akademicka.pl\/index.php\/wp-json\/wp\/v2\/media?parent=10959"}],"wp:term":[{"taxonomy":"product_brand","embeddable":true,"href":"https:\/\/ksiegarnia-akademicka.pl\/index.php\/wp-json\/wp\/v2\/product_brand?post=10959"},{"taxonomy":"product_cat","embeddable":true,"href":"https:\/\/ksiegarnia-akademicka.pl\/index.php\/wp-json\/wp\/v2\/product_cat?post=10959"},{"taxonomy":"product_tag","embeddable":true,"href":"https:\/\/ksiegarnia-akademicka.pl\/index.php\/wp-json\/wp\/v2\/product_tag?post=10959"}],"curies":[{"name":"wp","href":"https:\/\/api.w.org\/{rel}","templated":true}]}}

21 lekcji na XXI wiek (Audiobook) (CD-MP3) Tytuł oryginalny: 21 Lessons for the 21st Century

<p>Autor:<br />
Harari Yuval Noah<br />
Tłumacze: Romanek Michał<br />
Wydawca: Literackie<br />
Format: 14.0&#215;12.5cm<br />
Wydanie: 1<br />
Rok wydania: 2018<br />
Język wydania: polski</p>
<p>Jakie wyzwania stawia przed ludzkością teraźniejszość?<br />
Nowa książka autora światowych bestsellerów Sapiens i Homo deus. Krótka historia jutra.<br />
Yuval Noah Harari, słynny izraelski historyk i wizjoner, w swej najnowszej książce skupia się nie na przeszłości ani na możliwej przyszłości gatunku ludzkiego, lecz na problemach, w obliczu których stoimy obecnie.<br />
21 lekcji na XXI wiek to zaproszenie czytelnika do wzięcia udziału w debacie na temat naszych czasów. Harari z właściwą sobie lekkością, w krótkich rozdziałach, omawia i analizuje zjawiska, które dziś definiują cywilizację homo sapiens i wpływają na jej losy.<br />
Donald Trump, Brexit, fake newsy, biotechnologia, sztuczna inteligencja, rozszerzona rzeczywistość, dewastacja środowiska naturalnego, kryzys uchodźczy, terroryzm, schyłek liberalizmu. Co te zjawiska naszej codzienności mówią o człowieku i współczesnym świecie?<br />
Harari, jak zwykle, stawia prowokacyjne pytania, ale i udziela błyskotliwych odpowiedzi, dzięki którym nasz coraz bardziej rozpędzony XXI wiek wydaje się choć trochę pojmowalny przez ludzki rozum.<br />
Książka 21 lekcji na XXI wiek zamyka hat trick Harariego&#8230; Jak zawsze jego tekst jest niezwykle elegancki, ludzki, ujmujący, a często też ironiczny.<br />
Caroline Sanderson, „The Bookseller”<br />
AUDIOBOOK W INTERPRETACJI ROCHA SIEMIANOWSKIEGO</p>

<p>Autor: Harari Yuval Noah Tłumacze: Romanek Michał Wydawca: Literackie Format: [&hellip;]</p>
