{"id":10843,"date":"2019-04-11T08:51:49","date_gmt":"2019-04-11T06:51:49","guid":{"rendered":"http:\/\/ksiegarnia-akademicka.pl\/?post_type=product&#038;p=10843"},"modified":"2024-12-04T14:32:19","modified_gmt":"2024-12-04T13:32:19","slug":"lekcje-myslenia-obywatelskiego-edukacja-polonistyczna-wobec-wspolczesnego-swiata","status":"publish","type":"product","link":"https:\/\/ksiegarnia-akademicka.pl\/index.php\/product\/lekcje-myslenia-obywatelskiego-edukacja-polonistyczna-wobec-wspolczesnego-swiata\/","title":{"rendered":"Lekcje my\u015blenia (obywatelskiego) Edukacja polonistyczna wobec wsp\u00f3\u0142czesnego \u015bwiata"},"content":{"rendered":"<p>Autor:<br \/>\nKrzysztof Koc<br \/>\nWydawca: Wydawnictwo Naukowe UAM<br \/>\nOprawa: Mi\u0119kka<br \/>\nFormat: 17.0&#215;24.0cm<br \/>\nLiczba stron: 280<br \/>\nWydanie: 1<br \/>\nRok wydania: 2019<br \/>\nJ\u0119zyk wydania: polski<\/p>\n<p>Ksi\u0105\u017cka po\u015bwi\u0119cona jest temu, jak lekcje j\u0119zyka polskiego mog\u0105 inicjowa\u0107, wspiera\u0107 oraz rozwija\u0107 zdolno\u015b\u0107 my\u015blenia, w tym my\u015blenia o wsp\u00f3\u0142czesno\u015bci. Autor pokazuje, na czym ta aktywno\u015b\u0107 umys\u0142owa polega, zar\u00f3wno w kontek\u015bcie filozoficznym (tu istotn\u0105 rol\u0119 odgrywaj\u0105 odwo\u0142ania do dorobku Hannah Arendt), jak i edukacyjnym, oraz czym si\u0119 wyr\u00f3\u017cnia na tle innych aktywno\u015bci cz\u0142owieka. Diagnozuje r\u00f3wnie\u017c wyzwania kulturowe, cywilizacyjne, spo\u0142eczne, geopolityczne, z jakimi musi zmierzy\u0107 si\u0119 edukacja humanistyczna w dzisiejszej szkole. Podkre\u015bla, \u017ce odpowiedzialno\u015b\u0107 za losy \u015bwiata wymaga adekwatnej koncepcji wychowania obywatelskiego (adresowanej do m\u0142odych ludzi), kt\u00f3re pozwoli ocali\u0107 przez zniszczeniem r\u00f3\u017cnorodno\u015b\u0107 tego \u015bwiata. Szczeg\u00f3ln\u0105 rol\u0119 w realizowaniu wyznaczonych edukacji polonistycznej zada\u0144 przypisa\u0142 autor wsp\u00f3\u0142czesnemu reporta\u017cowi literackiemu (m.in. tekstom Wojciecha Jagielskiego, Wojciecha Tochmana, Katarzyny Boni, Ma\u0142gorzaty Szejnert, Krzysztofa Millera, Filipa Springera); gatunek ten pozwala bowiem, jego zdaniem, zar\u00f3wno na refleksj\u0119 nad wsp\u00f3\u0142czesno\u015bci\u0105, jak i nad obywatelsko\u015bci\u0105.<\/p>\n","protected":false},"excerpt":{"rendered":"<p>Autor: Krzysztof Koc Wydawca: Wydawnictwo Naukowe UAM Oprawa: Mi\u0119kka Format: [&hellip;]<\/p>\n","protected":false},"featured_media":10844,"template":"","meta":[],"product_brand":[],"product_cat":[28],"product_tag":[46,51],"class_list":{"0":"post-10843","1":"product","2":"type-product","3":"status-publish","4":"has-post-thumbnail","6":"product_cat-pedagogika","7":"product_tag-dydaktyka","8":"product_tag-pedagogika","10":"first","11":"outofstock","12":"sale","13":"shipping-taxable","14":"purchasable","15":"product-type-simple"},"_links":{"self":[{"href":"https:\/\/ksiegarnia-akademicka.pl\/index.php\/wp-json\/wp\/v2\/product\/10843","targetHints":{"allow":["GET"]}}],"collection":[{"href":"https:\/\/ksiegarnia-akademicka.pl\/index.php\/wp-json\/wp\/v2\/product"}],"about":[{"href":"https:\/\/ksiegarnia-akademicka.pl\/index.php\/wp-json\/wp\/v2\/types\/product"}],"wp:featuredmedia":[{"embeddable":true,"href":"https:\/\/ksiegarnia-akademicka.pl\/index.php\/wp-json\/wp\/v2\/media\/10844"}],"wp:attachment":[{"href":"https:\/\/ksiegarnia-akademicka.pl\/index.php\/wp-json\/wp\/v2\/media?parent=10843"}],"wp:term":[{"taxonomy":"product_brand","embeddable":true,"href":"https:\/\/ksiegarnia-akademicka.pl\/index.php\/wp-json\/wp\/v2\/product_brand?post=10843"},{"taxonomy":"product_cat","embeddable":true,"href":"https:\/\/ksiegarnia-akademicka.pl\/index.php\/wp-json\/wp\/v2\/product_cat?post=10843"},{"taxonomy":"product_tag","embeddable":true,"href":"https:\/\/ksiegarnia-akademicka.pl\/index.php\/wp-json\/wp\/v2\/product_tag?post=10843"}],"curies":[{"name":"wp","href":"https:\/\/api.w.org\/{rel}","templated":true}]}}

Lekcje myślenia (obywatelskiego) Edukacja polonistyczna wobec współczesnego świata

<p>Autor:<br />
Krzysztof Koc<br />
Wydawca: Wydawnictwo Naukowe UAM<br />
Oprawa: Miękka<br />
Format: 17.0&#215;24.0cm<br />
Liczba stron: 280<br />
Wydanie: 1<br />
Rok wydania: 2019<br />
Język wydania: polski</p>
<p>Książka poświęcona jest temu, jak lekcje języka polskiego mogą inicjować, wspierać oraz rozwijać zdolność myślenia, w tym myślenia o współczesności. Autor pokazuje, na czym ta aktywność umysłowa polega, zarówno w kontekście filozoficznym (tu istotną rolę odgrywają odwołania do dorobku Hannah Arendt), jak i edukacyjnym, oraz czym się wyróżnia na tle innych aktywności człowieka. Diagnozuje również wyzwania kulturowe, cywilizacyjne, społeczne, geopolityczne, z jakimi musi zmierzyć się edukacja humanistyczna w dzisiejszej szkole. Podkreśla, że odpowiedzialność za losy świata wymaga adekwatnej koncepcji wychowania obywatelskiego (adresowanej do młodych ludzi), które pozwoli ocalić przez zniszczeniem różnorodność tego świata. Szczególną rolę w realizowaniu wyznaczonych edukacji polonistycznej zadań przypisał autor współczesnemu reportażowi literackiemu (m.in. tekstom Wojciecha Jagielskiego, Wojciecha Tochmana, Katarzyny Boni, Małgorzaty Szejnert, Krzysztofa Millera, Filipa Springera); gatunek ten pozwala bowiem, jego zdaniem, zarówno na refleksję nad współczesnością, jak i nad obywatelskością.</p>

<p>Autor: Krzysztof Koc Wydawca: Wydawnictwo Naukowe UAM Oprawa: Miękka Format: [&hellip;]</p>
