{"id":10823,"date":"2019-04-10T13:28:43","date_gmt":"2019-04-10T11:28:43","guid":{"rendered":"http:\/\/ksiegarnia-akademicka.pl\/?post_type=product&#038;p=10823"},"modified":"2019-04-10T13:28:43","modified_gmt":"2019-04-10T11:28:43","slug":"medycyna-paliatywna-2","status":"publish","type":"product","link":"https:\/\/ksiegarnia-akademicka.pl\/index.php\/product\/medycyna-paliatywna-2\/","title":{"rendered":"Medycyna paliatywna"},"content":{"rendered":"<p>Redakcja: De Walden-Ga\u0142uszko Krystyna, Cia\u0142kowska-Rysz Aleksandra<br \/>\nWydawca: PZWL<br \/>\nOprawa: Twarda<br \/>\nFormat: 17.0&#215;24.5cm<br \/>\nLiczba stron: 470<br \/>\nRok wydania: 2015<br \/>\nJ\u0119zyk wydania: polski<\/p>\n<p>Medycyna Paliatywna to publikacja przygotowana przez grono znanych i cenionych autor\u00f3w, dostosowana jest do nowego programu specjalizacji, a om\u00f3wione w niej zagadnienia zosta\u0142y opracowane w oparciu o najnowsz\u0105 literatur\u0119 \u015bwiatow\u0105.<\/p>\n<p>W podr\u0119czniku przedstawiono diagnozowanie, profilaktyk\u0119 oraz leczenie farmakologiczne, chirurgiczne i radiologiczne objaw\u00f3w, kt\u00f3re towarzysz\u0105 post\u0119puj\u0105cym, zagra\u017caj\u0105cym \u017cyciu chorobom, a tak\u017ce formy rehabilitacji, zasady post\u0119powania i komunikowanie si\u0119 z chorym oraz jego rodzin\u0105, metody oceny jako\u015bci \u017cycia chorych, opiek\u0119 duchow\u0105 i psychologiczn\u0105. Poruszono te\u017c tematyk\u0119 zwi\u0105zan\u0105 z wypaleniem zawodowym oraz problemami etycznymi i prawnymi w opiece paliatywnej.<\/p>\n<p>Publikacja zainteresuje lekarzy specjalizuj\u0105cych si\u0119 w medycynie paliatywnej, onkolog\u00f3w, piel\u0119gniarki onkologiczne i pracuj\u0105ce w hospicjach oraz student\u00f3w medycyny i wydzia\u0142\u00f3w nauk o zdrowiu.<\/p>\n","protected":false},"excerpt":{"rendered":"<p>Redakcja: De Walden-Ga\u0142uszko Krystyna, Cia\u0142kowska-Rysz Aleksandra Wydawca: PZWL Oprawa: Twarda [&hellip;]<\/p>\n","protected":false},"featured_media":10824,"template":"","meta":[],"product_brand":[],"product_cat":[7493,7625],"product_tag":[7848,4707],"class_list":{"0":"post-10823","1":"product","2":"type-product","3":"status-publish","4":"has-post-thumbnail","6":"product_cat-medycyna","7":"product_cat-nauki-o-zdrowiu","8":"product_tag-medycyna-paliatywna","9":"product_tag-opieka-paliatywna","11":"first","12":"instock","13":"sale","14":"shipping-taxable","15":"purchasable","16":"product-type-simple"},"_links":{"self":[{"href":"https:\/\/ksiegarnia-akademicka.pl\/index.php\/wp-json\/wp\/v2\/product\/10823","targetHints":{"allow":["GET"]}}],"collection":[{"href":"https:\/\/ksiegarnia-akademicka.pl\/index.php\/wp-json\/wp\/v2\/product"}],"about":[{"href":"https:\/\/ksiegarnia-akademicka.pl\/index.php\/wp-json\/wp\/v2\/types\/product"}],"wp:featuredmedia":[{"embeddable":true,"href":"https:\/\/ksiegarnia-akademicka.pl\/index.php\/wp-json\/wp\/v2\/media\/10824"}],"wp:attachment":[{"href":"https:\/\/ksiegarnia-akademicka.pl\/index.php\/wp-json\/wp\/v2\/media?parent=10823"}],"wp:term":[{"taxonomy":"product_brand","embeddable":true,"href":"https:\/\/ksiegarnia-akademicka.pl\/index.php\/wp-json\/wp\/v2\/product_brand?post=10823"},{"taxonomy":"product_cat","embeddable":true,"href":"https:\/\/ksiegarnia-akademicka.pl\/index.php\/wp-json\/wp\/v2\/product_cat?post=10823"},{"taxonomy":"product_tag","embeddable":true,"href":"https:\/\/ksiegarnia-akademicka.pl\/index.php\/wp-json\/wp\/v2\/product_tag?post=10823"}],"curies":[{"name":"wp","href":"https:\/\/api.w.org\/{rel}","templated":true}]}}