{"id":108,"date":"2018-05-22T12:40:47","date_gmt":"2018-05-22T10:40:47","guid":{"rendered":"http:\/\/ksiegarnia-akademicka.pl\/index.php\/product\/algebra-i-geometria-analityczna-definicje-twierdzenia-wzory\/"},"modified":"2022-10-14T09:38:15","modified_gmt":"2022-10-14T07:38:15","slug":"algebra-i-geometria-analityczna-definicje-twierdzenia-wzory","status":"publish","type":"product","link":"https:\/\/ksiegarnia-akademicka.pl\/index.php\/product\/algebra-i-geometria-analityczna-definicje-twierdzenia-wzory\/","title":{"rendered":"Algebra i geometria analityczna. Definicje, twierdzenia, wzory"},"content":{"rendered":"<p>Teresa Jurlewicz, Zbigniew Skoczylas<br \/>\nOficyna Wydawnicza GiS<br \/>\nWydanie VIII poprawione<br \/>\nWroc\u0142aw 2015 str. 140<br \/>\nISBN 978-83-62780-34-1<\/p>\n<p>Jest to pierwsza cz\u0119\u015b\u0107 podr\u0119cznika do ,,Algebry liniowej&#8221; przeznaczonego dla student\u00f3w politechnik. Zawiera materia\u0142 teoretyczny omawiany na wyk\u0142adach z tego przedmiotu. W publikacji om\u00f3wiono przestrzenie liniowe, uk\u0142ady r\u00f3wna\u0144 liniowych, przekszta\u0142cenia liniowe oraz przestrzenie euklidesowe. Do wszystkich definicji i twierdze\u0144 do\u0142\u0105czono \u0107wiczenia. Dowody wybranych twierdze\u0144 oraz odpowiedzi do \u0107wicze\u0144 umieszczone s\u0105 na ko\u0144cu ka\u017cdego rozdzia\u0142u.<\/p>\n","protected":false},"excerpt":{"rendered":"<p>Teresa Jurlewicz, Zbigniew Skoczylas Oficyna Wydawnicza GiS Wydanie VIII poprawione [&hellip;]<\/p>\n","protected":false},"featured_media":9035,"template":"","meta":[],"product_brand":[],"product_cat":[7519,35],"product_tag":[253,252],"class_list":{"0":"post-108","1":"product","2":"type-product","3":"status-publish","4":"has-post-thumbnail","6":"product_cat-matematyka","7":"product_cat-matematyka-i-jej-zastosowania","8":"product_tag-matematyka","9":"product_tag-matematyka-dla-studentow-politechnik","11":"first","12":"instock","13":"shipping-taxable","14":"purchasable","15":"product-type-simple"},"_links":{"self":[{"href":"https:\/\/ksiegarnia-akademicka.pl\/index.php\/wp-json\/wp\/v2\/product\/108","targetHints":{"allow":["GET"]}}],"collection":[{"href":"https:\/\/ksiegarnia-akademicka.pl\/index.php\/wp-json\/wp\/v2\/product"}],"about":[{"href":"https:\/\/ksiegarnia-akademicka.pl\/index.php\/wp-json\/wp\/v2\/types\/product"}],"wp:featuredmedia":[{"embeddable":true,"href":"https:\/\/ksiegarnia-akademicka.pl\/index.php\/wp-json\/wp\/v2\/media\/9035"}],"wp:attachment":[{"href":"https:\/\/ksiegarnia-akademicka.pl\/index.php\/wp-json\/wp\/v2\/media?parent=108"}],"wp:term":[{"taxonomy":"product_brand","embeddable":true,"href":"https:\/\/ksiegarnia-akademicka.pl\/index.php\/wp-json\/wp\/v2\/product_brand?post=108"},{"taxonomy":"product_cat","embeddable":true,"href":"https:\/\/ksiegarnia-akademicka.pl\/index.php\/wp-json\/wp\/v2\/product_cat?post=108"},{"taxonomy":"product_tag","embeddable":true,"href":"https:\/\/ksiegarnia-akademicka.pl\/index.php\/wp-json\/wp\/v2\/product_tag?post=108"}],"curies":[{"name":"wp","href":"https:\/\/api.w.org\/{rel}","templated":true}]}}