{"id":10730,"date":"2019-04-02T09:04:15","date_gmt":"2019-04-02T07:04:15","guid":{"rendered":"http:\/\/ksiegarnia-akademicka.pl\/?post_type=product&#038;p=10730"},"modified":"2023-12-21T13:41:39","modified_gmt":"2023-12-21T12:41:39","slug":"szkolne-prawo-pracy-poradnik-dyrektora-szkoly-2","status":"publish","type":"product","link":"https:\/\/ksiegarnia-akademicka.pl\/index.php\/product\/szkolne-prawo-pracy-poradnik-dyrektora-szkoly-2\/","title":{"rendered":"Szkolne prawo pracy Poradnik dyrektora szko\u0142y"},"content":{"rendered":"<p>Autor:<br \/>\nTeresa Konarska<br \/>\nWydawca: Wolters Kluwer<br \/>\nOprawa: Mi\u0119kka<br \/>\nLiczba stron: 452<br \/>\nWydanie: 4<br \/>\nRok wydania: 2019<br \/>\nJ\u0119zyk wydania: polski<\/p>\n<p>Celem publikacji jest zapoznanie czytelnik\u00f3w z zagadnieniami i przepisami zwi\u0105zanymi z zatrudnianiem nauczycieli oraz innych pracownik\u00f3w o\u015bwiaty obejmuj\u0105cymi m.in.:<br \/>\n&#8211; sposoby, tryby i warunki nawi\u0105zania, przekszta\u0142cenia i rozwi\u0105zania stosunku pracy;<br \/>\n&#8211; ocen\u0119 pracy, ustalanie kwalifikacji i awans zawodowy nauczyciela;<br \/>\n&#8211; wynagrodzenie i czas pracy nauczyciela;<br \/>\n&#8211; ustalanie i udzielanie urlopu wypoczynkowego;<br \/>\n&#8211; wydawanie \u015bwiadectw pracy;<br \/>\n&#8211; odpowiedzialno\u015b\u0107 dyscyplinarn\u0105 i kary porz\u0105dkowe oraz wykroczenia przeciwko prawom pracownika.<br \/>\nPonadto uwzgl\u0119dniono praktyczne wskaz\u00f3wki co do mo\u017cliwo\u015bci pozakodeksowych przekszta\u0142ce\u0144 form stosunku pracy, przydatnych przy tworzeniu etat\u00f3w nauczycielskich, a tak\u017ce wsp\u00f3\u0142pracy dyrektora ze zwi\u0105zkami zawodowymi oraz sk\u0142adanie przez niego o\u015bwiadcze\u0144 maj\u0105tkowych. W najnowszym wydaniu publikacji zwr\u00f3cono uwag\u0119 na przepisy przej\u015bciowe ustawy z 26.01.1982 r. Karta Nauczyciela zwi\u0105zane z wej\u015bciem w \u017cycie ustawy z 14.12.2016 r. Prawo o\u015bwiatowe. Ponadto, uwzgl\u0119dniono zmiany legislacyjne zwi\u0105zane z nowelizacj\u0105 Ustawy z 26.06.1974 r. Kodeks pracy.<\/p>\n","protected":false},"excerpt":{"rendered":"<p>Autor: Teresa Konarska Wydawca: Wolters Kluwer Oprawa: Mi\u0119kka Liczba stron: [&hellip;]<\/p>\n","protected":false},"featured_media":10731,"template":"","meta":[],"product_brand":[],"product_cat":[28,18,7550],"product_tag":[1550,793,45],"class_list":{"0":"post-10730","1":"product","2":"type-product","3":"status-publish","4":"has-post-thumbnail","6":"product_cat-pedagogika","7":"product_cat-prawo","8":"product_cat-prawo-pracy","9":"product_tag-komentarze-i-opracowania","10":"product_tag-prawo-pracy","11":"product_tag-szkolnictwo","13":"first","14":"outofstock","15":"sale","16":"shipping-taxable","17":"purchasable","18":"product-type-simple"},"_links":{"self":[{"href":"https:\/\/ksiegarnia-akademicka.pl\/index.php\/wp-json\/wp\/v2\/product\/10730","targetHints":{"allow":["GET"]}}],"collection":[{"href":"https:\/\/ksiegarnia-akademicka.pl\/index.php\/wp-json\/wp\/v2\/product"}],"about":[{"href":"https:\/\/ksiegarnia-akademicka.pl\/index.php\/wp-json\/wp\/v2\/types\/product"}],"wp:featuredmedia":[{"embeddable":true,"href":"https:\/\/ksiegarnia-akademicka.pl\/index.php\/wp-json\/wp\/v2\/media\/10731"}],"wp:attachment":[{"href":"https:\/\/ksiegarnia-akademicka.pl\/index.php\/wp-json\/wp\/v2\/media?parent=10730"}],"wp:term":[{"taxonomy":"product_brand","embeddable":true,"href":"https:\/\/ksiegarnia-akademicka.pl\/index.php\/wp-json\/wp\/v2\/product_brand?post=10730"},{"taxonomy":"product_cat","embeddable":true,"href":"https:\/\/ksiegarnia-akademicka.pl\/index.php\/wp-json\/wp\/v2\/product_cat?post=10730"},{"taxonomy":"product_tag","embeddable":true,"href":"https:\/\/ksiegarnia-akademicka.pl\/index.php\/wp-json\/wp\/v2\/product_tag?post=10730"}],"curies":[{"name":"wp","href":"https:\/\/api.w.org\/{rel}","templated":true}]}}