{"id":10636,"date":"2019-03-27T15:20:47","date_gmt":"2019-03-27T14:20:47","guid":{"rendered":"http:\/\/ksiegarnia-akademicka.pl\/?post_type=product&#038;p=10636"},"modified":"2019-03-27T15:20:47","modified_gmt":"2019-03-27T14:20:47","slug":"grupa-spolek-w-swietle-prawa-pracy-koncepcja-pracodawcow-powiazanych","status":"publish","type":"product","link":"https:\/\/ksiegarnia-akademicka.pl\/index.php\/product\/grupa-spolek-w-swietle-prawa-pracy-koncepcja-pracodawcow-powiazanych\/","title":{"rendered":"Grupa sp\u00f3\u0142ek w \u015bwietle prawa pracy Koncepcja pracodawc\u00f3w powi\u0105zanych"},"content":{"rendered":"<p>Autor:<br \/>\nMicha\u0142 Raczkowski<br \/>\nWydawca: Wolters Kluwer<br \/>\nOprawa: Twarda<br \/>\nLiczba stron: 496<br \/>\nWydanie: 1<br \/>\nRok wydania: 2019<br \/>\nJ\u0119zyk wydania: polski<\/p>\n<p>Publikacja stanowi kompleksow\u0105 analiz\u0119 zagadnie\u0144 zatrudnienia w grupach sp\u00f3\u0142ek. Autor ukazuje, w jaki spos\u00f3b obowi\u0105zuj\u0105ce regulacje prawa pracy funkcjonuj\u0105 w takich strukturach, a tak\u017ce proponuje jak rozwi\u0105zywa\u0107 problemy wynikaj\u0105ce z powi\u0105za\u0144 mi\u0119dzy pracodawcami przy u\u017cyciu istniej\u0105cych regulacji prawnych oraz projektuje nowe regulacje, kt\u00f3re nale\u017ca\u0142oby wprowadzi\u0107, aby przeciwdzia\u0142a\u0107 negatywnym aspektom skutk\u00f3w obecnego stanu prawnego \u2013 zar\u00f3wno dla pracownik\u00f3w jak i pracodawc\u00f3w. Zagadnienia te pokazane s\u0105 z perspektywy prawa polskiego oraz tych aspekt\u00f3w mi\u0119dzynarodowych, kt\u00f3re oddzia\u0142uj\u0105 na sfer\u0119 zatrudnienia w polskich grupach kapita\u0142owych oraz w podmiotach dzia\u0142aj\u0105cych na podstawie prawa polskiego, nale\u017c\u0105cych do mi\u0119dzynarodowych grup kapita\u0142owych.<br \/>\nW ksi\u0105\u017cce om\u00f3wiono problemy zar\u00f3wno z zakresu indywidualnego, jak i zbiorowego prawa pracy, dotycz\u0105ce m.in.:<br \/>\n&#8211; kszta\u0142towania relacji zatrudnienia w grupie sp\u00f3\u0142ek, w tym r\u00f3wnoleg\u0142ego zatrudnienia oraz zmiany zatrudnienia indywidualnych pracownik\u00f3w mi\u0119dzy sp\u00f3\u0142kami grupy,<br \/>\n&#8211; wykonywania pracy w strukturach z\u0142o\u017conych, a w szczeg\u00f3lno\u015bci dopuszczalno\u015b\u0107 delegowania pracownika do pracy w innym podmiocie nale\u017c\u0105cym do grupy,<br \/>\n&#8211; statusu grupy sp\u00f3\u0142ek lub jej uczestnik\u00f3w w perspektywie zbiorowego prawa pracy,<br \/>\n&#8211; przebiegu procedur zbiorowego prawa pracy ze szczeg\u00f3lnym uwzgl\u0119dnieniem mo\u017cliwo\u015bci prowadzenia w grupie sp\u00f3\u0142ek sporu zbiorowego,<br \/>\n&#8211; \u017ar\u00f3de\u0142 prawa pracy i ich zdolno\u015bci do regulowania przekszta\u0142ce\u0144 podmiotowych \u2013 \u0142\u0105czenia, podzia\u0142\u00f3w i przekszta\u0142ce\u0144 sp\u00f3\u0142ek.<\/p>\n","protected":false},"excerpt":{"rendered":"<p>Autor: Micha\u0142 Raczkowski Wydawca: Wolters Kluwer Oprawa: Twarda Liczba stron: [&hellip;]<\/p>\n","protected":false},"featured_media":10637,"template":"","meta":[],"product_brand":[],"product_cat":[18,7550],"product_tag":[793,710],"class_list":{"0":"post-10636","1":"product","2":"type-product","3":"status-publish","4":"has-post-thumbnail","6":"product_cat-prawo","7":"product_cat-prawo-pracy","8":"product_tag-prawo-pracy","9":"product_tag-prawo-spolek","11":"first","12":"instock","13":"sale","14":"shipping-taxable","15":"purchasable","16":"product-type-simple"},"_links":{"self":[{"href":"https:\/\/ksiegarnia-akademicka.pl\/index.php\/wp-json\/wp\/v2\/product\/10636","targetHints":{"allow":["GET"]}}],"collection":[{"href":"https:\/\/ksiegarnia-akademicka.pl\/index.php\/wp-json\/wp\/v2\/product"}],"about":[{"href":"https:\/\/ksiegarnia-akademicka.pl\/index.php\/wp-json\/wp\/v2\/types\/product"}],"wp:featuredmedia":[{"embeddable":true,"href":"https:\/\/ksiegarnia-akademicka.pl\/index.php\/wp-json\/wp\/v2\/media\/10637"}],"wp:attachment":[{"href":"https:\/\/ksiegarnia-akademicka.pl\/index.php\/wp-json\/wp\/v2\/media?parent=10636"}],"wp:term":[{"taxonomy":"product_brand","embeddable":true,"href":"https:\/\/ksiegarnia-akademicka.pl\/index.php\/wp-json\/wp\/v2\/product_brand?post=10636"},{"taxonomy":"product_cat","embeddable":true,"href":"https:\/\/ksiegarnia-akademicka.pl\/index.php\/wp-json\/wp\/v2\/product_cat?post=10636"},{"taxonomy":"product_tag","embeddable":true,"href":"https:\/\/ksiegarnia-akademicka.pl\/index.php\/wp-json\/wp\/v2\/product_tag?post=10636"}],"curies":[{"name":"wp","href":"https:\/\/api.w.org\/{rel}","templated":true}]}}

Grupa spółek w świetle prawa pracy Koncepcja pracodawców powiązanych

<p>Autor:<br />
Michał Raczkowski<br />
Wydawca: Wolters Kluwer<br />
Oprawa: Twarda<br />
Liczba stron: 496<br />
Wydanie: 1<br />
Rok wydania: 2019<br />
Język wydania: polski</p>
<p>Publikacja stanowi kompleksową analizę zagadnień zatrudnienia w grupach spółek. Autor ukazuje, w jaki sposób obowiązujące regulacje prawa pracy funkcjonują w takich strukturach, a także proponuje jak rozwiązywać problemy wynikające z powiązań między pracodawcami przy użyciu istniejących regulacji prawnych oraz projektuje nowe regulacje, które należałoby wprowadzić, aby przeciwdziałać negatywnym aspektom skutków obecnego stanu prawnego – zarówno dla pracowników jak i pracodawców. Zagadnienia te pokazane są z perspektywy prawa polskiego oraz tych aspektów międzynarodowych, które oddziałują na sferę zatrudnienia w polskich grupach kapitałowych oraz w podmiotach działających na podstawie prawa polskiego, należących do międzynarodowych grup kapitałowych.<br />
W książce omówiono problemy zarówno z zakresu indywidualnego, jak i zbiorowego prawa pracy, dotyczące m.in.:<br />
&#8211; kształtowania relacji zatrudnienia w grupie spółek, w tym równoległego zatrudnienia oraz zmiany zatrudnienia indywidualnych pracowników między spółkami grupy,<br />
&#8211; wykonywania pracy w strukturach złożonych, a w szczególności dopuszczalność delegowania pracownika do pracy w innym podmiocie należącym do grupy,<br />
&#8211; statusu grupy spółek lub jej uczestników w perspektywie zbiorowego prawa pracy,<br />
&#8211; przebiegu procedur zbiorowego prawa pracy ze szczególnym uwzględnieniem możliwości prowadzenia w grupie spółek sporu zbiorowego,<br />
&#8211; źródeł prawa pracy i ich zdolności do regulowania przekształceń podmiotowych – łączenia, podziałów i przekształceń spółek.</p>

<p>Autor: Michał Raczkowski Wydawca: Wolters Kluwer Oprawa: Twarda Liczba stron: [&hellip;]</p>
