{"id":10603,"date":"2019-03-23T09:13:31","date_gmt":"2019-03-23T08:13:31","guid":{"rendered":"http:\/\/ksiegarnia-akademicka.pl\/?post_type=product&#038;p=10603"},"modified":"2019-03-23T09:13:32","modified_gmt":"2019-03-23T08:13:32","slug":"zrozumiec-autyzm-przewodnik-dla-rodzicow-tytul-oryginalny-understanding-autism","status":"publish","type":"product","link":"https:\/\/ksiegarnia-akademicka.pl\/index.php\/product\/zrozumiec-autyzm-przewodnik-dla-rodzicow-tytul-oryginalny-understanding-autism\/","title":{"rendered":"Zrozumie\u0107 autyzm Przewodnik dla rodzic\u00f3w Tytu\u0142 oryginalny: Understanding autism"},"content":{"rendered":"<p>Autor:<br \/>\nKatrina Williams<br \/>\nT\u0142umacze: Okuniewski Juliusz<br \/>\nWydawca: Harmonia<br \/>\nOprawa: Mi\u0119kka<br \/>\nFormat: 16.5&#215;23.5cm<br \/>\nLiczba stron: 272<br \/>\nWydanie: 1<br \/>\nRok wydania: 2019<\/p>\n<p>W ostatnich latach pojawi\u0142o si\u0119 wiele bada\u0144 na temat autyzmu i jego prawdopodobnych przyczyn oraz r\u00f3\u017cnych interwencji terapeutycznych. Jednak rodzice, kt\u00f3rzy dowiaduj\u0105 si\u0119 o autyzmie dziecka, cz\u0119sto maj\u0105 problem, by odnale\u017a\u0107 si\u0119 w ogromie wiedzy, i skar\u017c\u0105 si\u0119, \u017ce trudno im dotrze\u0107 do aktualnych i wiarygodnych \u017ar\u00f3de\u0142 informacji. Autorki ksi\u0105\u017cki rzeczowo odpowiadaj\u0105 na pytania, z kt\u00f3rymi zetkn\u0119\u0142y si\u0119 podczas wieloletniej pracy z osobami z autyzmem i ich rodzinami. W przyst\u0119pny spos\u00f3b omawiaj\u0105 diagnoz\u0119 oraz zachowania, kt\u00f3re mog\u0105 si\u0119 pojawi\u0107 na kolejnych etapach rozwojowych, a tak\u017ce przedstawiaj\u0105 najskuteczniejsze sposoby radzenia sobie z problemami.<\/p>\n<p>Profesor Katrina Williams zajmuje si\u0119 konsultacj\u0105 pediatryczn\u0105. Pracuje jako lekarz klinicysta, dyrektor instytucji pomocowej, pedagog i badacz specjalizuj\u0105cy si\u0119 w problemach neurorozwojowych u dzieci. Od ponad 15 lat anga\u017cuje si\u0119 w inicjatywy maj\u0105ce na celu rozw\u00f3j nauki, syntez\u0119 wiedzy i promowanie jej w praktyce \u2013 szczeg\u00f3lnie w odniesieniu do autyzmu i innych zaburze\u0144 rozwojowych.<\/p>\n<p>Profesor Jacqueline Roberts jest dyrektorem Autism Centre of Excellence na Griffith University w Australii. Ma 30-letnie do\u015bwiad\u00adczenie w zakresie autyzmu. Pracowa\u0142a w szko\u0142ach dla dzieci z auty\u00adzmem jako nauczyciel, logopeda i dyrektor, by\u0142a r\u00f3wnie\u017c pracownikiem naukowym na kilku uniwersytetach, gdzie prowadzi\u0142a projekty badawcze oraz wyk\u0142ady po\u015bwi\u0119cone temu zaburzeniu. W 2013 roku otrzyma\u0142a nagrod\u0119 Asia Pacific Autism Conference (APAC) za wybitne zas\u0142ugi dla spo\u0142eczno\u015bci autystycznej.<\/p>\n","protected":false},"excerpt":{"rendered":"<p>Autor: Katrina Williams T\u0142umacze: Okuniewski Juliusz Wydawca: Harmonia Oprawa: Mi\u0119kka [&hellip;]<\/p>\n","protected":false},"featured_media":10604,"template":"","meta":[],"product_brand":[],"product_cat":[28],"product_tag":[3075,1706],"class_list":{"0":"post-10603","1":"product","2":"type-product","3":"status-publish","4":"has-post-thumbnail","6":"product_cat-pedagogika","7":"product_tag-autyzm","8":"product_tag-pedagogika-specjalna","10":"first","11":"instock","12":"sale","13":"shipping-taxable","14":"purchasable","15":"product-type-simple"},"_links":{"self":[{"href":"https:\/\/ksiegarnia-akademicka.pl\/index.php\/wp-json\/wp\/v2\/product\/10603","targetHints":{"allow":["GET"]}}],"collection":[{"href":"https:\/\/ksiegarnia-akademicka.pl\/index.php\/wp-json\/wp\/v2\/product"}],"about":[{"href":"https:\/\/ksiegarnia-akademicka.pl\/index.php\/wp-json\/wp\/v2\/types\/product"}],"wp:featuredmedia":[{"embeddable":true,"href":"https:\/\/ksiegarnia-akademicka.pl\/index.php\/wp-json\/wp\/v2\/media\/10604"}],"wp:attachment":[{"href":"https:\/\/ksiegarnia-akademicka.pl\/index.php\/wp-json\/wp\/v2\/media?parent=10603"}],"wp:term":[{"taxonomy":"product_brand","embeddable":true,"href":"https:\/\/ksiegarnia-akademicka.pl\/index.php\/wp-json\/wp\/v2\/product_brand?post=10603"},{"taxonomy":"product_cat","embeddable":true,"href":"https:\/\/ksiegarnia-akademicka.pl\/index.php\/wp-json\/wp\/v2\/product_cat?post=10603"},{"taxonomy":"product_tag","embeddable":true,"href":"https:\/\/ksiegarnia-akademicka.pl\/index.php\/wp-json\/wp\/v2\/product_tag?post=10603"}],"curies":[{"name":"wp","href":"https:\/\/api.w.org\/{rel}","templated":true}]}}