{"id":1056,"date":"2018-05-22T12:42:46","date_gmt":"2018-05-22T10:42:46","guid":{"rendered":"http:\/\/ksiegarnia-akademicka.pl\/index.php\/product\/spoleczna-psychologia-rozwoju\/"},"modified":"2019-03-29T11:14:59","modified_gmt":"2019-03-29T10:14:59","slug":"spoleczna-psychologia-rozwoju","status":"publish","type":"product","link":"https:\/\/ksiegarnia-akademicka.pl\/index.php\/product\/spoleczna-psychologia-rozwoju\/","title":{"rendered":"Spo\u0142eczna psychologia rozwoju"},"content":{"rendered":"<p>Nale\u017cy do serii:<br \/>\nWYK\u0141ADY Z PSYCHOLOGII<br \/>\nAutor:<br \/>\nAnna Brzezi\u0144ska<br \/>\nWydawca: Scholar<br \/>\nOprawa: Mi\u0119kka<br \/>\nFormat: 16.5&#215;23.5cm<br \/>\nLiczba stron: 300<br \/>\nWydanie: 3<br \/>\nRok wydania: 2015<br \/>\nJ\u0119zyk wydania: polski<\/p>\n<p>Anna Brzezi\u0144ska w swej monografii proponuje spojrzenie na rozw\u00f3j psychiczny cz\u0142owieka w zwi\u0105zku z jego spo\u0142eczno-kulturowymi uwarunkowaniami. Wprowadza w podstawowe poj\u0119cia, konieczne do opisu i wyja\u015bniania zmienno\u015bci zachowania cz\u0142owieka w kolejnych fazach jego \u017cycia. Charakteryzuje modele ujmowania zmiany rozwojowej, ich rodow\u00f3d filozoficzny oraz konsekwencje dla bada\u0144 i praktyki psychologicznej. Ukazuje r\u00f3\u017cnorodno\u015b\u0107 teorii wyja\u015bniaj\u0105cych uwarunkowania ludzkiego rozwoju i rol\u0119 kontekstu biologicznego oraz spo\u0142ecznego. Omawia podstawowe strategie badawcze i analizuje zadania rozwojowe okresu dzieci\u0144stwa, dorastania i doros\u0142o\u015bci. Szczeg\u00f3ln\u0105 uwag\u0119 Autorka zwraca na problem kszta\u0142towania si\u0119 to\u017csamo\u015bci cz\u0142owieka. Ksi\u0105\u017cka przeznaczona jest g\u0142\u00f3wnie dla psycholog\u00f3w, pedagog\u00f3w, ale tak\u017ce dla socjolog\u00f3w i przedstawicieli innych nauk spo\u0142ecznych.<\/p>\n","protected":false},"excerpt":{"rendered":"<p>Nale\u017cy do serii: WYK\u0141ADY Z PSYCHOLOGII Autor: Anna Brzezi\u0144ska Wydawca: [&hellip;]<\/p>\n","protected":false},"featured_media":10689,"template":"","meta":[],"product_brand":[],"product_cat":[27,7509],"product_tag":[1186,7833,246,1095],"class_list":{"0":"post-1056","1":"product","2":"type-product","3":"status-publish","4":"has-post-thumbnail","6":"product_cat-nauki-spoleczne","7":"product_cat-psychologia","8":"product_tag-psychologia","9":"product_tag-seria-wyklady-z-psychologii","10":"product_tag-socjologia","11":"product_tag-spoleczenstwo","13":"first","14":"instock","15":"sale","16":"shipping-taxable","17":"purchasable","18":"product-type-simple"},"_links":{"self":[{"href":"https:\/\/ksiegarnia-akademicka.pl\/index.php\/wp-json\/wp\/v2\/product\/1056","targetHints":{"allow":["GET"]}}],"collection":[{"href":"https:\/\/ksiegarnia-akademicka.pl\/index.php\/wp-json\/wp\/v2\/product"}],"about":[{"href":"https:\/\/ksiegarnia-akademicka.pl\/index.php\/wp-json\/wp\/v2\/types\/product"}],"wp:featuredmedia":[{"embeddable":true,"href":"https:\/\/ksiegarnia-akademicka.pl\/index.php\/wp-json\/wp\/v2\/media\/10689"}],"wp:attachment":[{"href":"https:\/\/ksiegarnia-akademicka.pl\/index.php\/wp-json\/wp\/v2\/media?parent=1056"}],"wp:term":[{"taxonomy":"product_brand","embeddable":true,"href":"https:\/\/ksiegarnia-akademicka.pl\/index.php\/wp-json\/wp\/v2\/product_brand?post=1056"},{"taxonomy":"product_cat","embeddable":true,"href":"https:\/\/ksiegarnia-akademicka.pl\/index.php\/wp-json\/wp\/v2\/product_cat?post=1056"},{"taxonomy":"product_tag","embeddable":true,"href":"https:\/\/ksiegarnia-akademicka.pl\/index.php\/wp-json\/wp\/v2\/product_tag?post=1056"}],"curies":[{"name":"wp","href":"https:\/\/api.w.org\/{rel}","templated":true}]}}