{"id":10429,"date":"2019-03-12T08:29:50","date_gmt":"2019-03-12T07:29:50","guid":{"rendered":"http:\/\/ksiegarnia-akademicka.pl\/?post_type=product&#038;p=10429"},"modified":"2024-12-04T14:22:18","modified_gmt":"2024-12-04T13:22:18","slug":"transnarodowe-zycie-rodzin-na-przykladzie-polskich-migrantow-w-norwegii","status":"publish","type":"product","link":"https:\/\/ksiegarnia-akademicka.pl\/index.php\/product\/transnarodowe-zycie-rodzin-na-przykladzie-polskich-migrantow-w-norwegii\/","title":{"rendered":"Transnarodowe \u017cycie rodzin Na przyk\u0142adzie polskich migrant\u00f3w w Norwegii"},"content":{"rendered":"<p>Autor:<br \/>\nMagdalena \u015alusarczyk<br \/>\nWydawca: Wydawnictwo Uniwersytetu Jagiello\u0144skiego<br \/>\nOprawa: Mi\u0119kka<br \/>\nFormat: 15.5&#215;23.5cm<br \/>\nLiczba stron: 316<br \/>\nWydanie: 1<br \/>\nRok wydania: 2019<br \/>\nJ\u0119zyk wydania: polski<\/p>\n<p>Monografia dokumentuje w spos\u00f3b systematyczny bogat\u0105 literatur\u0119 na temat transnarodowo\u015bci, transnarodowych studi\u00f3w nad rodzin\u0105 i migracji poakcesyjnych z Polski, ze szczeg\u00f3lnym odniesieniem do transnarodowego \u017cycia rodzin. (\u2026) Jest bardzo potrzebn\u0105 refleksj\u0105 teoretyczn\u0105 i empiryczn\u0105 nad wymiarem rodzinnym migracji poakcesyjnych (\u2026). Do tego dochodz\u0105 nowe spo\u0142eczne, kulturowe i przestrzenne mapy dalszych relacji rodzinnych \u2013 w wyniku migracji cz\u0119\u015b\u0107 powi\u0105za\u0144 i relacji ulega wzmocnieniu, cz\u0119\u015b\u0107 utrzymuje status quo, cz\u0119\u015b\u0107 si\u0119 os\u0142abia lub w og\u00f3le zanika. Ksi\u0105\u017cka jest barometrem zachowa\u0144 polskich rodzin migracyjnych w pierwszym pokoleniu, z istotn\u0105 refleksj\u0105 nad tym, jakie rodziny w przysz\u0142o\u015bci b\u0119d\u0105 tworzy\u0107 najm\u0142odsi uczestnicy wsp\u00f3\u0142czesnych poakcesyjnych ruch\u00f3w migracyjnych z Polski, kt\u00f3rzy \u2013 jak pisze Autorka \u2013 utkn\u0119li gdzie\u015b pomi\u0119dzy dwoma krajami.<br \/>\nZ recenzji dr hab. prof. nadzw. Izabeli Grabowskiej,<br \/>\nSWPS Uniwersytet Humanistycznospo\u0142eczny oraz O\u015brodek Bada\u0144 nad Migracjami UW<\/p>\n","protected":false},"excerpt":{"rendered":"<p>Autor: Magdalena \u015alusarczyk Wydawca: Wydawnictwo Uniwersytetu Jagiello\u0144skiego Oprawa: Mi\u0119kka Format: [&hellip;]<\/p>\n","protected":false},"featured_media":10430,"template":"","meta":[],"product_brand":[],"product_cat":[27,7510,7508],"product_tag":[4779,6247,246],"class_list":{"0":"post-10429","1":"product","2":"type-product","3":"status-publish","4":"has-post-thumbnail","6":"product_cat-nauki-spoleczne","7":"product_cat-polityka-spoleczna","8":"product_cat-socjologia","9":"product_tag-demografia","10":"product_tag-emigracja-i-migracja","11":"product_tag-socjologia","13":"first","14":"instock","15":"sale","16":"shipping-taxable","17":"purchasable","18":"product-type-simple"},"_links":{"self":[{"href":"https:\/\/ksiegarnia-akademicka.pl\/index.php\/wp-json\/wp\/v2\/product\/10429","targetHints":{"allow":["GET"]}}],"collection":[{"href":"https:\/\/ksiegarnia-akademicka.pl\/index.php\/wp-json\/wp\/v2\/product"}],"about":[{"href":"https:\/\/ksiegarnia-akademicka.pl\/index.php\/wp-json\/wp\/v2\/types\/product"}],"wp:featuredmedia":[{"embeddable":true,"href":"https:\/\/ksiegarnia-akademicka.pl\/index.php\/wp-json\/wp\/v2\/media\/10430"}],"wp:attachment":[{"href":"https:\/\/ksiegarnia-akademicka.pl\/index.php\/wp-json\/wp\/v2\/media?parent=10429"}],"wp:term":[{"taxonomy":"product_brand","embeddable":true,"href":"https:\/\/ksiegarnia-akademicka.pl\/index.php\/wp-json\/wp\/v2\/product_brand?post=10429"},{"taxonomy":"product_cat","embeddable":true,"href":"https:\/\/ksiegarnia-akademicka.pl\/index.php\/wp-json\/wp\/v2\/product_cat?post=10429"},{"taxonomy":"product_tag","embeddable":true,"href":"https:\/\/ksiegarnia-akademicka.pl\/index.php\/wp-json\/wp\/v2\/product_tag?post=10429"}],"curies":[{"name":"wp","href":"https:\/\/api.w.org\/{rel}","templated":true}]}}

Transnarodowe życie rodzin Na przykładzie polskich migrantów w Norwegii

<p>Autor:<br />
Magdalena Ślusarczyk<br />
Wydawca: Wydawnictwo Uniwersytetu Jagiellońskiego<br />
Oprawa: Miękka<br />
Format: 15.5&#215;23.5cm<br />
Liczba stron: 316<br />
Wydanie: 1<br />
Rok wydania: 2019<br />
Język wydania: polski</p>
<p>Monografia dokumentuje w sposób systematyczny bogatą literaturę na temat transnarodowości, transnarodowych studiów nad rodziną i migracji poakcesyjnych z Polski, ze szczególnym odniesieniem do transnarodowego życia rodzin. (…) Jest bardzo potrzebną refleksją teoretyczną i empiryczną nad wymiarem rodzinnym migracji poakcesyjnych (…). Do tego dochodzą nowe społeczne, kulturowe i przestrzenne mapy dalszych relacji rodzinnych – w wyniku migracji część powiązań i relacji ulega wzmocnieniu, część utrzymuje status quo, część się osłabia lub w ogóle zanika. Książka jest barometrem zachowań polskich rodzin migracyjnych w pierwszym pokoleniu, z istotną refleksją nad tym, jakie rodziny w przyszłości będą tworzyć najmłodsi uczestnicy współczesnych poakcesyjnych ruchów migracyjnych z Polski, którzy – jak pisze Autorka – utknęli gdzieś pomiędzy dwoma krajami.<br />
Z recenzji dr hab. prof. nadzw. Izabeli Grabowskiej,<br />
SWPS Uniwersytet Humanistycznospołeczny oraz Ośrodek Badań nad Migracjami UW</p>

<p>Autor: Magdalena Ślusarczyk Wydawca: Wydawnictwo Uniwersytetu Jagiellońskiego Oprawa: Miękka Format: [&hellip;]</p>
