{"id":10265,"date":"2019-01-28T16:04:55","date_gmt":"2019-01-28T15:04:55","guid":{"rendered":"http:\/\/ksiegarnia-akademicka.pl\/?post_type=product&#038;p=10265"},"modified":"2024-12-04T14:03:53","modified_gmt":"2024-12-04T13:03:53","slug":"sekretarz-jednostki-samorzadu-terytorialnego-zadania-kompetencje-schematy-dzialan-wzory-pism","status":"publish","type":"product","link":"https:\/\/ksiegarnia-akademicka.pl\/index.php\/product\/sekretarz-jednostki-samorzadu-terytorialnego-zadania-kompetencje-schematy-dzialan-wzory-pism\/","title":{"rendered":"Sekretarz jednostki samorz\u0105du terytorialnego. Zadania, kompetencje, schematy dzia\u0142a\u0144, wzory pism"},"content":{"rendered":"<p>Wydawca: Wolters Kluwer<br \/>\nMonika Augustyniak, Bogdan Dolnicki (redaktor naukowy), Adrian Faruga, Roman Marchaj, Bogus\u0142aw Przywora<br \/>\nRok publikacji: 2019<br \/>\nWydanie: 1<br \/>\nLiczba stron: 220<\/p>\n<p>Kompleksowe opracowanie po\u015bwi\u0119cone statusowi prawnemu sekretarza jednostki samorz\u0105du terytorialnego przedstawia jego zadania, kompetencje, uprawnienia i obowi\u0105zki.<\/p>\n<p>W ksi\u0105\u017cce zaprezentowano zagadnienia, kt\u00f3rych znajomo\u015b\u0107 jest niezb\u0119dna do prawid\u0142owego konstruowania unormowa\u0144 prawnych dotycz\u0105cych funkcjonowania sekretarza w danej jednostce samorz\u0105du terytorialnego:<\/p>\n<p>analiz\u0119 statusu prawnego sekretarza jednostki samorz\u0105du terytorialnego;<br \/>\nnajwa\u017cniejsze zagadnienia dotycz\u0105ce kwestii pracowniczych i ustrojowych sekretarza w gminie, powiecie i wojew\u00f3dztwie;<br \/>\np\u0142aszczyzny relacji sekretarza z organem wykonawczym lub piastunami tych organ\u00f3w oraz organem stanowi\u0105cym.<br \/>\nPublikacja stanowi praktyczn\u0105 wyk\u0142adni\u0119 przepis\u00f3w prawa, obejmuj\u0105c\u0105 nowe regulacje oraz unormowania wprowadzone na mocy ustawy z 11.01.2018 r. o zmianie niekt\u00f3rych ustaw w celu zwi\u0119kszenia udzia\u0142u obywateli w procesie wybierania, funkcjonowania i kontrolowania niekt\u00f3rych organ\u00f3w publicznych (Dz.U. poz. 130). Opracowanie uwzgl\u0119dnia pogl\u0105dy wyra\u017cone w doktrynie oraz w pi\u015bmiennictwie prawa administracyjnego. Autorzy zawarli propozycje rozwi\u0105za\u0144 praktycznych kwestii budz\u0105cych w\u0105tpliwo\u015bci, zagadnie\u0144 dot\u0105d nieporuszonych w literaturze b\u0105d\u017a s\u0142abo zbadanych.<\/p>\n<p>Ka\u017cdy rozdzia\u0142 ksi\u0105\u017cki zosta\u0142 wzbogacony o wzory i schematy dzia\u0142a\u0144 w zakresie poruszanej w nich problematyki.<\/p>\n<p>Adresaci:<br \/>\nPublikacja zainteresuje przede wszystkim sekretarzy i pracownik\u00f3w organ\u00f3w jednostek samorz\u0105du terytorialnego, samorz\u0105dowc\u00f3w, radnych i innych pracownik\u00f3w administracji samorz\u0105dowej. B\u0119dzie przydatna tak\u017ce dla prawnik\u00f3w praktyk\u00f3w oraz pracownik\u00f3w naukowych zajmuj\u0105cych si\u0119 prezentowan\u0105 tematyk\u0105.<\/p>\n","protected":false},"excerpt":{"rendered":"<p>Wydawca: Wolters Kluwer Monika Augustyniak, Bogdan Dolnicki (redaktor naukowy), Adrian [&hellip;]<\/p>\n","protected":false},"featured_media":10266,"template":"","meta":[],"product_brand":[],"product_cat":[7494],"product_tag":[486,6474],"class_list":{"0":"post-10265","1":"product","2":"type-product","3":"status-publish","4":"has-post-thumbnail","6":"product_cat-samorzad-terytorialny","7":"product_tag-samorzad-terytorialny","8":"product_tag-seria-poradniki-lex","10":"first","11":"instock","12":"sale","13":"shipping-taxable","14":"purchasable","15":"product-type-simple"},"_links":{"self":[{"href":"https:\/\/ksiegarnia-akademicka.pl\/index.php\/wp-json\/wp\/v2\/product\/10265","targetHints":{"allow":["GET"]}}],"collection":[{"href":"https:\/\/ksiegarnia-akademicka.pl\/index.php\/wp-json\/wp\/v2\/product"}],"about":[{"href":"https:\/\/ksiegarnia-akademicka.pl\/index.php\/wp-json\/wp\/v2\/types\/product"}],"wp:featuredmedia":[{"embeddable":true,"href":"https:\/\/ksiegarnia-akademicka.pl\/index.php\/wp-json\/wp\/v2\/media\/10266"}],"wp:attachment":[{"href":"https:\/\/ksiegarnia-akademicka.pl\/index.php\/wp-json\/wp\/v2\/media?parent=10265"}],"wp:term":[{"taxonomy":"product_brand","embeddable":true,"href":"https:\/\/ksiegarnia-akademicka.pl\/index.php\/wp-json\/wp\/v2\/product_brand?post=10265"},{"taxonomy":"product_cat","embeddable":true,"href":"https:\/\/ksiegarnia-akademicka.pl\/index.php\/wp-json\/wp\/v2\/product_cat?post=10265"},{"taxonomy":"product_tag","embeddable":true,"href":"https:\/\/ksiegarnia-akademicka.pl\/index.php\/wp-json\/wp\/v2\/product_tag?post=10265"}],"curies":[{"name":"wp","href":"https:\/\/api.w.org\/{rel}","templated":true}]}}