{"id":10237,"date":"2019-01-28T14:40:20","date_gmt":"2019-01-28T13:40:20","guid":{"rendered":"http:\/\/ksiegarnia-akademicka.pl\/?post_type=product&#038;p=10237"},"modified":"2019-01-28T14:40:20","modified_gmt":"2019-01-28T13:40:20","slug":"sterowniki-plc-w-praktyce-inzynierskiej","status":"publish","type":"product","link":"https:\/\/ksiegarnia-akademicka.pl\/index.php\/product\/sterowniki-plc-w-praktyce-inzynierskiej\/","title":{"rendered":"Sterowniki PLC w praktyce in\u017cynierskiej"},"content":{"rendered":"<p>Autor:<br \/>\nJanusz Kwa\u015bniewski<br \/>\nWydawca: BTC<br \/>\nOprawa: Twarda<br \/>\nFormat: 17.0&#215;25.0cm<br \/>\nLiczba stron: 344<br \/>\nWydanie: 1<br \/>\nRok wydania: 2014<br \/>\nJ\u0119zyk wydania: polski<\/p>\n<p>Ksi\u0105\u017cka w spos\u00f3b metodyczny i przyst\u0119pny przedstawia tematyk\u0119 sterownik\u00f3w przemys\u0142owych. Om\u00f3wiono w niej zagadnienia zwi\u0105zane ze sterowaniem, a tak\u017ce budow\u0119 i obs\u0142ug\u0119 urz\u0105dze\u0144 wej\u015bciowych i wyj\u015bciowych, architektur\u0119 i dob\u00f3r sterownik\u00f3w, ich programowanie za pomoc\u0105 instrukcji podstawowych, elementarne konstrukcje j\u0119zykowe i tryby adresowania, wykorzystanie j\u0119zyka tekstu strukturalnego w programach, instalacj\u0119 sterownik\u00f3w i po\u0142\u0105czenia pomi\u0119dzy urz\u0105dzeniami tworz\u0105cymi systemy sterowania.<br \/>\nKsi\u0105\u017cka jest przeznaczona dla student\u00f3w automatyki i informatyki oraz dla kadry in\u017cynierskiej zajmuj\u0105cej si\u0119 automatyzacj\u0105 i programowaniem sterownik\u00f3w przemys\u0142owych.<\/p>\n","protected":false},"excerpt":{"rendered":"<p>Autor: Janusz Kwa\u015bniewski Wydawca: BTC Oprawa: Twarda Format: 17.0&#215;25.0cm Liczba [&hellip;]<\/p>\n","protected":false},"featured_media":10238,"template":"","meta":[],"product_brand":[],"product_cat":[7722,41,7711],"product_tag":[119,2733,1253],"class_list":{"0":"post-10237","1":"product","2":"type-product","3":"status-publish","4":"has-post-thumbnail","6":"product_cat-energetyka","7":"product_cat-nauki-techniczne","8":"product_cat-pojazdy-samochodowe","9":"product_tag-elektrotechnika","10":"product_tag-programowanie","11":"product_tag-sterowniki-plc","13":"first","14":"instock","15":"sale","16":"shipping-taxable","17":"purchasable","18":"product-type-simple"},"_links":{"self":[{"href":"https:\/\/ksiegarnia-akademicka.pl\/index.php\/wp-json\/wp\/v2\/product\/10237","targetHints":{"allow":["GET"]}}],"collection":[{"href":"https:\/\/ksiegarnia-akademicka.pl\/index.php\/wp-json\/wp\/v2\/product"}],"about":[{"href":"https:\/\/ksiegarnia-akademicka.pl\/index.php\/wp-json\/wp\/v2\/types\/product"}],"wp:featuredmedia":[{"embeddable":true,"href":"https:\/\/ksiegarnia-akademicka.pl\/index.php\/wp-json\/wp\/v2\/media\/10238"}],"wp:attachment":[{"href":"https:\/\/ksiegarnia-akademicka.pl\/index.php\/wp-json\/wp\/v2\/media?parent=10237"}],"wp:term":[{"taxonomy":"product_brand","embeddable":true,"href":"https:\/\/ksiegarnia-akademicka.pl\/index.php\/wp-json\/wp\/v2\/product_brand?post=10237"},{"taxonomy":"product_cat","embeddable":true,"href":"https:\/\/ksiegarnia-akademicka.pl\/index.php\/wp-json\/wp\/v2\/product_cat?post=10237"},{"taxonomy":"product_tag","embeddable":true,"href":"https:\/\/ksiegarnia-akademicka.pl\/index.php\/wp-json\/wp\/v2\/product_tag?post=10237"}],"curies":[{"name":"wp","href":"https:\/\/api.w.org\/{rel}","templated":true}]}}