{"id":9809,"date":"2018-12-18T11:24:23","date_gmt":"2018-12-18T10:24:23","guid":{"rendered":"http:\/\/ksiegarnia-akademicka.pl\/?post_type=product&#038;p=9809"},"modified":"2018-12-18T11:25:49","modified_gmt":"2018-12-18T10:25:49","slug":"podstawy-budowy-maszyn","status":"publish","type":"product","link":"http:\/\/ksiegarnia-akademicka.pl\/index.php\/product\/podstawy-budowy-maszyn\/","title":{"rendered":"Podstawy budowy maszyn"},"content":{"rendered":"<p>Wydawca: Wydawnictwa Komunikacji i \u0141\u0105czno\u015bci WK\u0141<br \/>\nOprawa: Mi\u0119kka<br \/>\nFormat: 16.5&#215;24.0cm<br \/>\nLiczba stron: 612<br \/>\nWydanie: 1<br \/>\nRok wydania: 2018<\/p>\n<p>Napisany zgodnie z podstaw\u0105 programow\u0105 kszta\u0142cenia w zawodach z 2017 roku, bogato ilustrowany podr\u0119cznik po\u015bwi\u0119cony podstawom budowy maszyn. Opisano w nim podstawy rysunku technicznego z uwzgl\u0119dnieniem komputerowego wspomagania projektowania CAD, najwa\u017cniejsze w\u0142a\u015bciwo\u015bci i przyk\u0142ady zastosowania r\u00f3\u017cnych rodzaj\u00f3w materia\u0142\u00f3w konstrukcyjnych, w tym tak\u017ce ochrony ich przed korozj\u0105, podstawowe zagadnienia dotycz\u0105ce pomiar\u00f3w warsztatowych oraz najistotniejsze poj\u0119cia z zakresu tolerancji i pasowa\u0144. Przedstawiono te\u017c podstawy mechaniki technicznej i podstawy wytrzyma\u0142o\u015bci materia\u0142\u00f3w, podstawowe wiadomo\u015bci z zakresu technik wytwarzania oraz najistotniejsze informacje dotycz\u0105ce cz\u0119\u015bci maszyn i zasad obliczania ich wytrzyma\u0142o\u015bci. Om\u00f3wiono r\u00f3wnie\u017c podstawy maszynoznawstwa, w tym m.in. klasyfikacj\u0119 maszyn, r\u00f3\u017cne rodzaje energii, jej \u017ar\u00f3d\u0142a i zasoby, odnawialne \u017ar\u00f3d\u0142a energii, maszyny hydrauliczne, nap\u0119dy hydrostatyczne i hydrokinetyczne, maszyny cieplne, elektrownie j\u0105drowe, spr\u0119\u017carki, nap\u0119dy pneumatyczne i pneumatyczno-hydrauliczne, urz\u0105dzenia ch\u0142odnicze, maszyny i \u015brodki transportowe oraz automatyzacj\u0119 transportu wewn\u0119trznego. Na ko\u0144cu ka\u017cdego rozdzia\u0142u zamieszczono pytania i \u0107wiczenia kontrolne, umo\u017cliwiaj\u0105ce uczniowi samoocen\u0119 w zakresie opanowania materia\u0142u.<br \/>\nKsi\u0105\u017cka jest przeznaczona dla uczni\u00f3w kszta\u0142c\u0105cych si\u0119 w zawodach technika pojazd\u00f3w samochodowych i mechanika pojazd\u00f3w samochodowych oraz uczestnik\u00f3w kurs\u00f3w zawodowych w zakresie kwalifikacji MG.18. Diagnozowanie i naprawa podzespo\u0142\u00f3w i zespo\u0142\u00f3w pojazd\u00f3w samochodowych.<br \/>\nNr ewidencyjny w wykazie podr\u0119cznik\u00f3w MEN: 1.39.26\/2018<\/p>\n","protected":false},"excerpt":{"rendered":"<p>Wydawca: Wydawnictwa Komunikacji i \u0141\u0105czno\u015bci WK\u0141 Oprawa: Mi\u0119kka Format: 16.5&#215;24.0cm [&hellip;]<\/p>\n","protected":false},"featured_media":9810,"template":"","meta":[],"product_brand":[],"product_cat":[41,7711],"product_tag":[121,3885,6255],"class_list":{"0":"post-9809","1":"product","2":"type-product","3":"status-publish","4":"has-post-thumbnail","6":"product_cat-nauki-techniczne","7":"product_cat-pojazdy-samochodowe","8":"product_tag-automatyka","9":"product_tag-budowa-maszyn","10":"product_tag-mechatronika","12":"first","13":"instock","14":"sale","15":"shipping-taxable","16":"purchasable","17":"product-type-simple"},"_links":{"self":[{"href":"http:\/\/ksiegarnia-akademicka.pl\/index.php\/wp-json\/wp\/v2\/product\/9809","targetHints":{"allow":["GET"]}}],"collection":[{"href":"http:\/\/ksiegarnia-akademicka.pl\/index.php\/wp-json\/wp\/v2\/product"}],"about":[{"href":"http:\/\/ksiegarnia-akademicka.pl\/index.php\/wp-json\/wp\/v2\/types\/product"}],"wp:featuredmedia":[{"embeddable":true,"href":"http:\/\/ksiegarnia-akademicka.pl\/index.php\/wp-json\/wp\/v2\/media\/9810"}],"wp:attachment":[{"href":"http:\/\/ksiegarnia-akademicka.pl\/index.php\/wp-json\/wp\/v2\/media?parent=9809"}],"wp:term":[{"taxonomy":"product_brand","embeddable":true,"href":"http:\/\/ksiegarnia-akademicka.pl\/index.php\/wp-json\/wp\/v2\/product_brand?post=9809"},{"taxonomy":"product_cat","embeddable":true,"href":"http:\/\/ksiegarnia-akademicka.pl\/index.php\/wp-json\/wp\/v2\/product_cat?post=9809"},{"taxonomy":"product_tag","embeddable":true,"href":"http:\/\/ksiegarnia-akademicka.pl\/index.php\/wp-json\/wp\/v2\/product_tag?post=9809"}],"curies":[{"name":"wp","href":"https:\/\/api.w.org\/{rel}","templated":true}]}}