{"id":9769,"date":"2018-12-17T09:17:11","date_gmt":"2018-12-17T08:17:11","guid":{"rendered":"http:\/\/ksiegarnia-akademicka.pl\/?post_type=product&#038;p=9769"},"modified":"2024-02-08T14:45:29","modified_gmt":"2024-02-08T13:45:29","slug":"ustawa-o-strazy-granicznej-komentarz","status":"publish","type":"product","link":"http:\/\/ksiegarnia-akademicka.pl\/index.php\/product\/ustawa-o-strazy-granicznej-komentarz\/","title":{"rendered":"Ustawa o Stra\u017cy Granicznej Komentarz"},"content":{"rendered":"<p>Nale\u017cy do serii:<br \/>\nKR\u00d3TKIE KOMENTARZE BECKA<br \/>\nAutor:<br \/>\nMaciej Rogalski<br \/>\nPrzemys\u0142aw Szustakiewicz<br \/>\nBart\u0142omiej Opali\u0144ski<br \/>\nWydawca: C.H. Beck<br \/>\nOprawa: Mi\u0119kka<br \/>\nFormat: 13.5&#215;22.0cm<br \/>\nLiczba stron: 330<br \/>\nRok wydania: 2018<\/p>\n<p>Prezentowana pozycja \u2013 Ustawa o Stra\u017cy Granicznej. Komentarz zawiera om\u00f3wienie przepis\u00f3w ustawy z 12.10.1990 r. o Stra\u017cy Granicznej (Dz.U. z 2017 r. poz. 2365 ze zm.). Ustawa reguluje stosunek s\u0142u\u017cbowy prawie 15 000 funkcjonariuszy Stra\u017cy Granicznej \u2013 jest zatem dla funkcjonariuszy Stra\u017cy Granicznej niczym Kodeks pracy dla pracownik\u00f3w. Ponadto w niekt\u00f3rych aspektach reguluje ona sytuacje prawn\u0105 rodzin funkcjonariuszy.<\/p>\n<p>Aktualnie na rynku wydawniczym brak jest publikacji, kt\u00f3ra w spos\u00f3b kompleksowy przedstawia\u0142aby tre\u015b\u0107 ustawy o Stra\u017cy Granicznej i zbiera\u0142aby orzecznictwo powsta\u0142e na tle jej stosowania. Publikacja jest wi\u0119c jedynym tak obszernym i dok\u0142adnym komentarzem ustawy o Stra\u017cy Granicznej, jaki ukaza\u0142 si\u0119 od chwili jej uchwalenia.<\/p>\n<p>Ksi\u0105\u017cka w spos\u00f3b precyzyjny pozwala zapozna\u0107 si\u0119 Czytelnikowi ze wszystkimi zagadnieniami zwi\u0105zanymi z tematyk\u0105 Stra\u017cy Granicznej, poruszaj\u0105c m.in. problematyk\u0119:<\/p>\n<p>ustroju i kompetencje Stra\u017cy Granicznej,<br \/>\nuprawnie\u0144 Stra\u017cy Granicznej,<br \/>\nstosunku s\u0142u\u017cbowego funkcjonariuszy Stra\u017cy Granicznej.<\/p>\n<p>Komentarz prezentuje najbardziej aktualny stan prawny. Bazuj\u0105c na tek\u015bcie jednolitym z 8.12.2017 r. uwzgl\u0119dnia i szczeg\u00f3\u0142owo omawia najnowsze zmiany, dotycz\u0105ce m.in.:<\/p>\n<p>odpowiedzialno\u015bci karnej funkcjonariuszy Stra\u017cy Granicznej,<br \/>\nzada\u0144 realizowanych przez Stra\u017c Graniczn\u0105,<br \/>\npomocy finansowej dla rodzin zmar\u0142ych funkcjonariuszy.<\/p>\n<p>Niniejszy komentarz zosta\u0142 przygotowany z my\u015bl\u0105 o funkcjonariuszach Stra\u017cy Granicznej oraz innych s\u0142u\u017cb mundurowych wsp\u00f3\u0142pracuj\u0105cych z omawian\u0105 formacj\u0105. Publikacja stanowi tak\u017ce nieodzown\u0105 pomoc dla praktyk\u00f3w prawa, w tym radc\u00f3w prawnych i adwokat\u00f3w oraz dla student\u00f3w prawa jako literatura uzupe\u0142niaj\u0105ca.<\/p>\n","protected":false},"excerpt":{"rendered":"<p>Nale\u017cy do serii: KR\u00d3TKIE KOMENTARZE BECKA Autor: Maciej Rogalski Przemys\u0142aw [&hellip;]<\/p>\n","protected":false},"featured_media":9770,"template":"","meta":[],"product_brand":[],"product_cat":[7497,18,7550],"product_tag":[7742,793,5166],"class_list":{"0":"post-9769","1":"product","2":"type-product","3":"status-publish","4":"has-post-thumbnail","6":"product_cat-ogolne-zagadnienia-prawa","7":"product_cat-prawo","8":"product_cat-prawo-pracy","9":"product_tag-prawo-o-cudzoziemcach","10":"product_tag-prawo-pracy","11":"product_tag-seria-krotkie-komentarze-becka","13":"first","14":"outofstock","15":"sale","16":"shipping-taxable","17":"purchasable","18":"product-type-simple"},"_links":{"self":[{"href":"http:\/\/ksiegarnia-akademicka.pl\/index.php\/wp-json\/wp\/v2\/product\/9769","targetHints":{"allow":["GET"]}}],"collection":[{"href":"http:\/\/ksiegarnia-akademicka.pl\/index.php\/wp-json\/wp\/v2\/product"}],"about":[{"href":"http:\/\/ksiegarnia-akademicka.pl\/index.php\/wp-json\/wp\/v2\/types\/product"}],"wp:featuredmedia":[{"embeddable":true,"href":"http:\/\/ksiegarnia-akademicka.pl\/index.php\/wp-json\/wp\/v2\/media\/9770"}],"wp:attachment":[{"href":"http:\/\/ksiegarnia-akademicka.pl\/index.php\/wp-json\/wp\/v2\/media?parent=9769"}],"wp:term":[{"taxonomy":"product_brand","embeddable":true,"href":"http:\/\/ksiegarnia-akademicka.pl\/index.php\/wp-json\/wp\/v2\/product_brand?post=9769"},{"taxonomy":"product_cat","embeddable":true,"href":"http:\/\/ksiegarnia-akademicka.pl\/index.php\/wp-json\/wp\/v2\/product_cat?post=9769"},{"taxonomy":"product_tag","embeddable":true,"href":"http:\/\/ksiegarnia-akademicka.pl\/index.php\/wp-json\/wp\/v2\/product_tag?post=9769"}],"curies":[{"name":"wp","href":"https:\/\/api.w.org\/{rel}","templated":true}]}}

Ustawa o Straży Granicznej Komentarz

<p>Należy do serii:<br />
KRÓTKIE KOMENTARZE BECKA<br />
Autor:<br />
Maciej Rogalski<br />
Przemysław Szustakiewicz<br />
Bartłomiej Opaliński<br />
Wydawca: C.H. Beck<br />
Oprawa: Miękka<br />
Format: 13.5&#215;22.0cm<br />
Liczba stron: 330<br />
Rok wydania: 2018</p>
<p>Prezentowana pozycja – Ustawa o Straży Granicznej. Komentarz zawiera omówienie przepisów ustawy z 12.10.1990 r. o Straży Granicznej (Dz.U. z 2017 r. poz. 2365 ze zm.). Ustawa reguluje stosunek służbowy prawie 15 000 funkcjonariuszy Straży Granicznej – jest zatem dla funkcjonariuszy Straży Granicznej niczym Kodeks pracy dla pracowników. Ponadto w niektórych aspektach reguluje ona sytuacje prawną rodzin funkcjonariuszy.</p>
<p>Aktualnie na rynku wydawniczym brak jest publikacji, która w sposób kompleksowy przedstawiałaby treść ustawy o Straży Granicznej i zbierałaby orzecznictwo powstałe na tle jej stosowania. Publikacja jest więc jedynym tak obszernym i dokładnym komentarzem ustawy o Straży Granicznej, jaki ukazał się od chwili jej uchwalenia.</p>
<p>Książka w sposób precyzyjny pozwala zapoznać się Czytelnikowi ze wszystkimi zagadnieniami związanymi z tematyką Straży Granicznej, poruszając m.in. problematykę:</p>
<p>ustroju i kompetencje Straży Granicznej,<br />
uprawnień Straży Granicznej,<br />
stosunku służbowego funkcjonariuszy Straży Granicznej.</p>
<p>Komentarz prezentuje najbardziej aktualny stan prawny. Bazując na tekście jednolitym z 8.12.2017 r. uwzględnia i szczegółowo omawia najnowsze zmiany, dotyczące m.in.:</p>
<p>odpowiedzialności karnej funkcjonariuszy Straży Granicznej,<br />
zadań realizowanych przez Straż Graniczną,<br />
pomocy finansowej dla rodzin zmarłych funkcjonariuszy.</p>
<p>Niniejszy komentarz został przygotowany z myślą o funkcjonariuszach Straży Granicznej oraz innych służb mundurowych współpracujących z omawianą formacją. Publikacja stanowi także nieodzowną pomoc dla praktyków prawa, w tym radców prawnych i adwokatów oraz dla studentów prawa jako literatura uzupełniająca.</p>

<p>Należy do serii: KRÓTKIE KOMENTARZE BECKA Autor: Maciej Rogalski Przemysław [&hellip;]</p>
