{"id":9642,"date":"2018-12-14T14:32:21","date_gmt":"2018-12-14T13:32:21","guid":{"rendered":"http:\/\/ksiegarnia-akademicka.pl\/?post_type=product&#038;p=9642"},"modified":"2018-12-14T14:32:21","modified_gmt":"2018-12-14T13:32:21","slug":"szukaj-jak-google-i-konkurencja-wywolali-biznesowa-i-kulturowa-rewolucje","status":"publish","type":"product","link":"http:\/\/ksiegarnia-akademicka.pl\/index.php\/product\/szukaj-jak-google-i-konkurencja-wywolali-biznesowa-i-kulturowa-rewolucje\/","title":{"rendered":"Szukaj Jak Google i konkurencja wywo\u0142ali biznesow\u0105 i kulturow\u0105 rewolucj\u0119"},"content":{"rendered":"<p>Autor:<br \/>\nJohn Battelle<br \/>\nT\u0142umacze: Baranowski Maciej<br \/>\nWydawca: Wydawnictwo Naukowe PWN<br \/>\nOprawa: Twarda<br \/>\nFormat: 17.2&#215;24.4cm<br \/>\nLiczba stron: 236<br \/>\nWydanie: 1<br \/>\nRok wydania: 2007<\/p>\n<p>Google zar\u00f3wno jako spotka, jak i filozofia, zmieni\u0142o Internet i caly kosmos wiedzy. John Battelle nie tylko napisa\u0142 b\u0142yskotliw\u0105 ksi\u0105\u017ck\u0119 biznesow\u0105, ale na kanwie niesamowitej sagi o Google zbadal fenomen wyszukiwania. Ksi\u0105\u017ck\u0119 powinni przeczyta\u0107 wszyscy u\u017cytkownicy wyszukiwarek.<br \/>\nWalter Isaacson,<br \/>\ndyrektor generalny Aspen Institute, by\u0142y redaktor Time<br \/>\noraz byty dyrektor generalny CNN<\/p>\n","protected":false},"excerpt":{"rendered":"<p>Autor: John Battelle T\u0142umacze: Baranowski Maciej Wydawca: Wydawnictwo Naukowe PWN [&hellip;]<\/p>\n","protected":false},"featured_media":9643,"template":"","meta":[],"product_brand":[],"product_cat":[29],"product_tag":[5392,1405,456],"class_list":{"0":"post-9642","1":"product","2":"type-product","3":"status-publish","4":"has-post-thumbnail","6":"product_cat-marketing-i-reklama","7":"product_tag-google","8":"product_tag-internet","9":"product_tag-marketing","11":"first","12":"instock","13":"sale","14":"shipping-taxable","15":"purchasable","16":"product-type-simple"},"_links":{"self":[{"href":"http:\/\/ksiegarnia-akademicka.pl\/index.php\/wp-json\/wp\/v2\/product\/9642","targetHints":{"allow":["GET"]}}],"collection":[{"href":"http:\/\/ksiegarnia-akademicka.pl\/index.php\/wp-json\/wp\/v2\/product"}],"about":[{"href":"http:\/\/ksiegarnia-akademicka.pl\/index.php\/wp-json\/wp\/v2\/types\/product"}],"wp:featuredmedia":[{"embeddable":true,"href":"http:\/\/ksiegarnia-akademicka.pl\/index.php\/wp-json\/wp\/v2\/media\/9643"}],"wp:attachment":[{"href":"http:\/\/ksiegarnia-akademicka.pl\/index.php\/wp-json\/wp\/v2\/media?parent=9642"}],"wp:term":[{"taxonomy":"product_brand","embeddable":true,"href":"http:\/\/ksiegarnia-akademicka.pl\/index.php\/wp-json\/wp\/v2\/product_brand?post=9642"},{"taxonomy":"product_cat","embeddable":true,"href":"http:\/\/ksiegarnia-akademicka.pl\/index.php\/wp-json\/wp\/v2\/product_cat?post=9642"},{"taxonomy":"product_tag","embeddable":true,"href":"http:\/\/ksiegarnia-akademicka.pl\/index.php\/wp-json\/wp\/v2\/product_tag?post=9642"}],"curies":[{"name":"wp","href":"https:\/\/api.w.org\/{rel}","templated":true}]}}