{"id":9614,"date":"2018-12-14T11:08:35","date_gmt":"2018-12-14T10:08:35","guid":{"rendered":"http:\/\/ksiegarnia-akademicka.pl\/?post_type=product&#038;p=9614"},"modified":"2018-12-14T11:08:35","modified_gmt":"2018-12-14T10:08:35","slug":"prawo-odnawialnych-zrodel-energii-w-polsce-i-w-niemczech","status":"publish","type":"product","link":"http:\/\/ksiegarnia-akademicka.pl\/index.php\/product\/prawo-odnawialnych-zrodel-energii-w-polsce-i-w-niemczech\/","title":{"rendered":"Prawo odnawialnych \u017ar\u00f3de\u0142 energii w Polsce i w Niemczech"},"content":{"rendered":"<p>Redakcja: Lisso\u0144 Piotr, Ziemski Krystian<br \/>\nWydawca: Wydawnictwo Naukowe UAM<br \/>\nOprawa: Mi\u0119kka<br \/>\nFormat: 17.0&#215;24.0cm<br \/>\nLiczba stron: 206<br \/>\nWydanie: 1<br \/>\nRok wydania: 2018<\/p>\n<p>Problematyka odnawialnych \u017ar\u00f3de\u0142 energii (OZE) jest jednym z najistotniejszych obszar\u00f3w bada\u0144 naukowych w zakresie prawa energetycznego. Ustawa z dnia 20 lutego 2015 r. o odnawialnych \u017ar\u00f3d\u0142ach energii ma przyczyni\u0107 si\u0119 do efektywnego realizowania cel\u00f3w okre\u015blonych w przepisach unijnej dyrektywy 2009\/28\/WE z 23 kwietnia 2009 r. w sprawie promowania stosowania energii ze \u017ar\u00f3de\u0142 odnawialnych. Przepisy polskiego prawa z czasem uleg\u0142y zmianom, tak co do zasad podejmowania dzia\u0142alno\u015bci wytw\u00f3rczej, jej form organizacyjnych, jak i zasad wsparcia finansowego. Nie tylko w Polsce prawo odnawialnych \u017ar\u00f3de\u0142 energii jest prawem \u201estale odnawialnym&#8221;, czego dowodz\u0105 do\u015bwiadczenia innych kraj\u00f3w Unii Europejskiej, np. ustawodawstwo Niemiec, kraju o bardzo zaawansowanym rozwoju sektora OZE.<\/p>\n<p>Uchwycenie istoty zmian zachodz\u0105cych obecnie w Polsce i w Niemczech sta\u0142o si\u0119 przedmiotem opracowa\u0144 zawartych w niniejszej publikacji, kt\u00f3re podzielono tematycznie na trzy cz\u0119\u015bci. Jako pierwsze przedstawiono zagadnienia energetyki wiatrowej; zasady budowy elektrowni wiatrowych s\u0105 jednymi z najbardziej spornych problem\u00f3w, zar\u00f3wno w Polsce, jak i w Niemczech. Cz\u0119\u015b\u0107 druga po\u015bwi\u0119cona zosta\u0142a udzielaniu wsparcia finansowego dla wytw\u00f3rc\u00f3w energii ze \u017ar\u00f3de\u0142 odnawialnych. Ostatnia cz\u0119\u015b\u0107 dotyczy zagadnie\u0144 zwi\u0105zanych z procesem inwestycyjnym i funkcjonowaniem instalacji wytw\u00f3rczych. Poszczeg\u00f3lne opracowania dotycz\u0105 m.in. zasad podejmowania dzia\u0142alno\u015bci w zakresie wytwarzania energii z OZE, udzielania pozwole\u0144 na budow\u0119 elektrowni wiatrowych, ryzyk zwi\u0105zanych z ich funkcjonowaniem dla ochrony gatunk\u00f3w przyrodniczych, budowy i funkcjonowania instalacji fotowoltaicznych oraz biogazowych, wytwarzania energii w instalacjach prosument\u00f3w, udzielania gwarancji pochodzenia energii wytwarzanej z OZE, dzia\u0142ania systemu aukcyjnego, przy\u0142\u0105czania instalacji OZE do sieci oraz bilansowania handlowego energii wprowadzanej do sieci.<\/p>\n<p>Autorami opracowa\u0144 s\u0105 przedstawiciele \u015brodowiska naukowego z Polski i Niemiec, w szczeg\u00f3lno\u015bci autorzy komentarzy do przepis\u00f3w dotycz\u0105cych OZE oraz przedstawiciele praktyki prawniczej, w tym przedstawiciele wyspecjalizowanych organ\u00f3w administracji publicznej.<\/p>\n","protected":false},"excerpt":{"rendered":"<p>Redakcja: Lisso\u0144 Piotr, Ziemski Krystian Wydawca: Wydawnictwo Naukowe UAM Oprawa: [&hellip;]<\/p>\n","protected":false},"featured_media":9615,"template":"","meta":[],"product_brand":[],"product_cat":[39],"product_tag":[4247,6078,2654],"class_list":{"0":"post-9614","1":"product","2":"type-product","3":"status-publish","4":"has-post-thumbnail","6":"product_cat-srodowisko-prawo-i-zarzadzanie","7":"product_tag-energetyka","8":"product_tag-odnawialne-zrodla-energii","9":"product_tag-prawo-ochrony-srodowiska","11":"first","12":"instock","13":"sale","14":"shipping-taxable","15":"purchasable","16":"product-type-simple"},"_links":{"self":[{"href":"http:\/\/ksiegarnia-akademicka.pl\/index.php\/wp-json\/wp\/v2\/product\/9614","targetHints":{"allow":["GET"]}}],"collection":[{"href":"http:\/\/ksiegarnia-akademicka.pl\/index.php\/wp-json\/wp\/v2\/product"}],"about":[{"href":"http:\/\/ksiegarnia-akademicka.pl\/index.php\/wp-json\/wp\/v2\/types\/product"}],"wp:featuredmedia":[{"embeddable":true,"href":"http:\/\/ksiegarnia-akademicka.pl\/index.php\/wp-json\/wp\/v2\/media\/9615"}],"wp:attachment":[{"href":"http:\/\/ksiegarnia-akademicka.pl\/index.php\/wp-json\/wp\/v2\/media?parent=9614"}],"wp:term":[{"taxonomy":"product_brand","embeddable":true,"href":"http:\/\/ksiegarnia-akademicka.pl\/index.php\/wp-json\/wp\/v2\/product_brand?post=9614"},{"taxonomy":"product_cat","embeddable":true,"href":"http:\/\/ksiegarnia-akademicka.pl\/index.php\/wp-json\/wp\/v2\/product_cat?post=9614"},{"taxonomy":"product_tag","embeddable":true,"href":"http:\/\/ksiegarnia-akademicka.pl\/index.php\/wp-json\/wp\/v2\/product_tag?post=9614"}],"curies":[{"name":"wp","href":"https:\/\/api.w.org\/{rel}","templated":true}]}}