{"id":9572,"date":"2018-12-13T14:25:28","date_gmt":"2018-12-13T13:25:28","guid":{"rendered":"http:\/\/ksiegarnia-akademicka.pl\/?post_type=product&#038;p=9572"},"modified":"2024-12-04T13:58:29","modified_gmt":"2024-12-04T12:58:29","slug":"lad-energetyczny-idee-i-rzeczywistosc","status":"publish","type":"product","link":"http:\/\/ksiegarnia-akademicka.pl\/index.php\/product\/lad-energetyczny-idee-i-rzeczywistosc\/","title":{"rendered":"\u0141ad energetyczny Idee i rzeczywisto\u015b\u0107"},"content":{"rendered":"<p>Redakcja: Kwiatkiewicz Piotr, Szczerbowski Rados\u0142aw, Jagusiak Bogus\u0142aw<br \/>\nWydawca: Fundacja na rzecz Czystej Energii<br \/>\nOprawa: Mi\u0119kka<br \/>\nFormat: 17.0&#215;24.0cm<br \/>\nLiczba stron: 420<br \/>\nRok wydania: 2018<\/p>\n<p>&#8222;Immanentn\u0105 cech\u0105 \u0142adu jest \u0142\u0105czenie element\u00f3w, kt\u00f3rych wzajemne powi\u0105zania cz\u0119stokro\u0107 zdaj\u0105 si\u0119 zupe\u0142nie niedostrzegalne, tworzenie z tych postrzeganych, jako funkcjonuj\u0105ce bez zwi\u0105zku i wp\u0142ywu na siebie cz\u0119\u015bci, jednej sp\u00f3jnej ca\u0142o\u015bci. Nie inaczej jest z \u0142adem w przestrzeni energetycznej czy pro\u015bciej ujmuj\u0105c, \u0142adem energetycznym. Kryj\u0105 si\u0119 za nim uporz\u0105dkowane relacje w obszarze produkcji, dostaw i konsumpcji energii w no\u015bnikach pierwotnych i wt\u00f3rnych. W przypadku tych pierwszych, rzecz dotyczy tak samego zabezpieczenia mo\u017cliwo\u015bci up streamowych, jak i procesu wydobycia ich transferu do miejsca ich przetworzenia, czyli down streamu. Natomiast w odniesieniu do drugich, sprowadza si\u0119 do zapewnienia odpowiednich mocy wytw\u00f3rczych oraz optymalnego ich wykorzystania. Prawid\u0142owo\u015b\u0107 ta przede wszystkim sprawdza si\u0119 w energetyce zawodowej, chocia\u017c trudno by\u0142oby odm\u00f3wi\u0107 jej zastosowania w mikrogeneracji.&#8221;<br \/>\nZe wst\u0119pu<\/p>\n","protected":false},"excerpt":{"rendered":"<p>Redakcja: Kwiatkiewicz Piotr, Szczerbowski Rados\u0142aw, Jagusiak Bogus\u0142aw Wydawca: Fundacja na [&hellip;]<\/p>\n","protected":false},"featured_media":9573,"template":"","meta":[],"product_brand":[],"product_cat":[7722,41],"product_tag":[1949,4247],"class_list":{"0":"post-9572","1":"product","2":"type-product","3":"status-publish","4":"has-post-thumbnail","6":"product_cat-energetyka","7":"product_cat-nauki-techniczne","8":"product_tag-ekologia","9":"product_tag-energetyka","11":"first","12":"instock","13":"sale","14":"shipping-taxable","15":"purchasable","16":"product-type-simple"},"_links":{"self":[{"href":"http:\/\/ksiegarnia-akademicka.pl\/index.php\/wp-json\/wp\/v2\/product\/9572","targetHints":{"allow":["GET"]}}],"collection":[{"href":"http:\/\/ksiegarnia-akademicka.pl\/index.php\/wp-json\/wp\/v2\/product"}],"about":[{"href":"http:\/\/ksiegarnia-akademicka.pl\/index.php\/wp-json\/wp\/v2\/types\/product"}],"wp:featuredmedia":[{"embeddable":true,"href":"http:\/\/ksiegarnia-akademicka.pl\/index.php\/wp-json\/wp\/v2\/media\/9573"}],"wp:attachment":[{"href":"http:\/\/ksiegarnia-akademicka.pl\/index.php\/wp-json\/wp\/v2\/media?parent=9572"}],"wp:term":[{"taxonomy":"product_brand","embeddable":true,"href":"http:\/\/ksiegarnia-akademicka.pl\/index.php\/wp-json\/wp\/v2\/product_brand?post=9572"},{"taxonomy":"product_cat","embeddable":true,"href":"http:\/\/ksiegarnia-akademicka.pl\/index.php\/wp-json\/wp\/v2\/product_cat?post=9572"},{"taxonomy":"product_tag","embeddable":true,"href":"http:\/\/ksiegarnia-akademicka.pl\/index.php\/wp-json\/wp\/v2\/product_tag?post=9572"}],"curies":[{"name":"wp","href":"https:\/\/api.w.org\/{rel}","templated":true}]}}