{"id":9392,"date":"2018-12-11T13:02:29","date_gmt":"2018-12-11T12:02:29","guid":{"rendered":"http:\/\/ksiegarnia-akademicka.pl\/?post_type=product&#038;p=9392"},"modified":"2018-12-11T13:02:29","modified_gmt":"2018-12-11T12:02:29","slug":"system-zarzadzania-kryzysowego-diagnoza-i-kierunki-doskonalenia","status":"publish","type":"product","link":"http:\/\/ksiegarnia-akademicka.pl\/index.php\/product\/system-zarzadzania-kryzysowego-diagnoza-i-kierunki-doskonalenia\/","title":{"rendered":"System zarz\u0105dzania kryzysowego Diagnoza i kierunki doskonalenia"},"content":{"rendered":"<p>Autor:<br \/>\nGrzegorz Pietrek<br \/>\nRedakcja: Difin<br \/>\nWydawca: Difin<br \/>\nOprawa: Mi\u0119kka<br \/>\nFormat: 15.7&#215;22.7<br \/>\nLiczba stron: 376<br \/>\nRok wydania: 2018<\/p>\n<p>Ksi\u0105\u017cka w spos\u00f3b kompleksowy omawia zagadnienia zwi\u0105zane z funkcjonowaniem systemu zarz\u0105dzania kryzysowego w Polsce. Jest ona efektem wieloletnich, wszechstronnych bada\u0144. Poparta jest wiedz\u0105 teoretyczn\u0105 oraz wynikami bada\u0144 empirycznych przeprowadzonymi przez autora. Stanowi jeden z element\u00f3w, kt\u00f3re opisuj\u0105 i wyja\u015bniaj\u0105 zasady funkcjonowania, diagnozuj\u0105 mankamenty oraz wskazuj\u0105 koncepcje poprawy funkcjonowania systemu. Dotyka ona bardzo wra\u017cliwego zagadnienia zagro\u017ce\u0144 dla ludzi, mienia i \u015brodowiska. Wskazuj\u0105c na niedostatki funkcjonowania systemu, opieraj\u0105c si\u0119 na badaniach metodami naukowymi, wskazuje na mo\u017cliwe modyfikacje systemu, ukierunkowane na jego skuteczno\u015b\u0107.<\/p>\n","protected":false},"excerpt":{"rendered":"<p>Autor: Grzegorz Pietrek Redakcja: Difin Wydawca: Difin Oprawa: Mi\u0119kka Format: [&hellip;]<\/p>\n","protected":false},"featured_media":9393,"template":"","meta":[],"product_brand":[],"product_cat":[7511,30],"product_tag":[541,3951],"class_list":{"0":"post-9392","1":"product","2":"type-product","3":"status-publish","4":"has-post-thumbnail","6":"product_cat-kierowanie-i-zarzadzanie","7":"product_cat-zarzadzanie","8":"product_tag-zarzadzanie","9":"product_tag-zarzadzanie-kryzysowe","11":"first","12":"instock","13":"sale","14":"shipping-taxable","15":"purchasable","16":"product-type-simple"},"_links":{"self":[{"href":"http:\/\/ksiegarnia-akademicka.pl\/index.php\/wp-json\/wp\/v2\/product\/9392","targetHints":{"allow":["GET"]}}],"collection":[{"href":"http:\/\/ksiegarnia-akademicka.pl\/index.php\/wp-json\/wp\/v2\/product"}],"about":[{"href":"http:\/\/ksiegarnia-akademicka.pl\/index.php\/wp-json\/wp\/v2\/types\/product"}],"wp:featuredmedia":[{"embeddable":true,"href":"http:\/\/ksiegarnia-akademicka.pl\/index.php\/wp-json\/wp\/v2\/media\/9393"}],"wp:attachment":[{"href":"http:\/\/ksiegarnia-akademicka.pl\/index.php\/wp-json\/wp\/v2\/media?parent=9392"}],"wp:term":[{"taxonomy":"product_brand","embeddable":true,"href":"http:\/\/ksiegarnia-akademicka.pl\/index.php\/wp-json\/wp\/v2\/product_brand?post=9392"},{"taxonomy":"product_cat","embeddable":true,"href":"http:\/\/ksiegarnia-akademicka.pl\/index.php\/wp-json\/wp\/v2\/product_cat?post=9392"},{"taxonomy":"product_tag","embeddable":true,"href":"http:\/\/ksiegarnia-akademicka.pl\/index.php\/wp-json\/wp\/v2\/product_tag?post=9392"}],"curies":[{"name":"wp","href":"https:\/\/api.w.org\/{rel}","templated":true}]}}

System zarządzania kryzysowego Diagnoza i kierunki doskonalenia

<p>Autor:<br />
Grzegorz Pietrek<br />
Redakcja: Difin<br />
Wydawca: Difin<br />
Oprawa: Miękka<br />
Format: 15.7&#215;22.7<br />
Liczba stron: 376<br />
Rok wydania: 2018</p>
<p>Książka w sposób kompleksowy omawia zagadnienia związane z funkcjonowaniem systemu zarządzania kryzysowego w Polsce. Jest ona efektem wieloletnich, wszechstronnych badań. Poparta jest wiedzą teoretyczną oraz wynikami badań empirycznych przeprowadzonymi przez autora. Stanowi jeden z elementów, które opisują i wyjaśniają zasady funkcjonowania, diagnozują mankamenty oraz wskazują koncepcje poprawy funkcjonowania systemu. Dotyka ona bardzo wrażliwego zagadnienia zagrożeń dla ludzi, mienia i środowiska. Wskazując na niedostatki funkcjonowania systemu, opierając się na badaniach metodami naukowymi, wskazuje na możliwe modyfikacje systemu, ukierunkowane na jego skuteczność.</p>

<p>Autor: Grzegorz Pietrek Redakcja: Difin Wydawca: Difin Oprawa: Miękka Format: [&hellip;]</p>
