{"id":8886,"date":"2018-12-03T14:30:54","date_gmt":"2018-12-03T13:30:54","guid":{"rendered":"http:\/\/ksiegarnia-akademicka.pl\/?post_type=product&#038;p=8886"},"modified":"2024-01-03T10:55:06","modified_gmt":"2024-01-03T09:55:06","slug":"rachunek-prawdopodobienstwa-i-statystyka-matematyczna-w-zadaniach-2-statystyka-matematyczna","status":"publish","type":"product","link":"http:\/\/ksiegarnia-akademicka.pl\/index.php\/product\/rachunek-prawdopodobienstwa-i-statystyka-matematyczna-w-zadaniach-2-statystyka-matematyczna\/","title":{"rendered":"Rachunek prawdopodobie\u0144stwa i statystyka matematyczna w zadaniach 2 Statystyka matematyczna"},"content":{"rendered":"<p>Autor:<br \/>\nJ. Bartos<br \/>\nW. Dyczka<br \/>\nW. Krysicki<br \/>\nWydawca: Wydawnictwo Naukowe PWN<br \/>\nOprawa: Mi\u0119kka<br \/>\nFormat: 16.5&#215;24.0cm<br \/>\nLiczba stron: 328<br \/>\nWydanie: 8<br \/>\nRok wydania: 2023<\/p>\n<p>Ka\u017cdy rozdzia\u0142 sk\u0142ada si\u0119 z podstawowych definicji i twierdze\u0144, rozwi\u0105zanych przyk\u0142ad\u00f3w o wzrastaj\u0105cym stopniu trudno\u015bci i zada\u0144 do samodzielnego rozwi\u0105zania. Na ko\u0144cu rozdzia\u0142u znajduj\u0105 si\u0119 odpowiedzi do zada\u0144; zadaniom trudniejszym towarzysz\u0105 r\u00f3wnie\u017c wskaz\u00f3wki. Druga cz\u0119\u015b\u0107 podr\u0119cznika dotyczy statystyki matematycznej.<\/p>\n","protected":false},"excerpt":{"rendered":"<p>Autor: J. Bartos W. Dyczka W. Krysicki Wydawca: Wydawnictwo Naukowe [&hellip;]<\/p>\n","protected":false},"featured_media":8887,"template":"","meta":[],"product_brand":[],"product_cat":[7519,35,7520],"product_tag":[253,269,5253,1612],"class_list":{"0":"post-8886","1":"product","2":"type-product","3":"status-publish","4":"has-post-thumbnail","6":"product_cat-matematyka","7":"product_cat-matematyka-i-jej-zastosowania","8":"product_cat-statystyka","9":"product_tag-matematyka","10":"product_tag-podrecznik-akademicki","11":"product_tag-rachunek-prawdopodobienstwa","12":"product_tag-statystyka","14":"first","15":"instock","16":"sale","17":"shipping-taxable","18":"purchasable","19":"product-type-simple"},"_links":{"self":[{"href":"http:\/\/ksiegarnia-akademicka.pl\/index.php\/wp-json\/wp\/v2\/product\/8886","targetHints":{"allow":["GET"]}}],"collection":[{"href":"http:\/\/ksiegarnia-akademicka.pl\/index.php\/wp-json\/wp\/v2\/product"}],"about":[{"href":"http:\/\/ksiegarnia-akademicka.pl\/index.php\/wp-json\/wp\/v2\/types\/product"}],"wp:featuredmedia":[{"embeddable":true,"href":"http:\/\/ksiegarnia-akademicka.pl\/index.php\/wp-json\/wp\/v2\/media\/8887"}],"wp:attachment":[{"href":"http:\/\/ksiegarnia-akademicka.pl\/index.php\/wp-json\/wp\/v2\/media?parent=8886"}],"wp:term":[{"taxonomy":"product_brand","embeddable":true,"href":"http:\/\/ksiegarnia-akademicka.pl\/index.php\/wp-json\/wp\/v2\/product_brand?post=8886"},{"taxonomy":"product_cat","embeddable":true,"href":"http:\/\/ksiegarnia-akademicka.pl\/index.php\/wp-json\/wp\/v2\/product_cat?post=8886"},{"taxonomy":"product_tag","embeddable":true,"href":"http:\/\/ksiegarnia-akademicka.pl\/index.php\/wp-json\/wp\/v2\/product_tag?post=8886"}],"curies":[{"name":"wp","href":"https:\/\/api.w.org\/{rel}","templated":true}]}}