{"id":8884,"date":"2018-12-03T14:29:01","date_gmt":"2018-12-03T13:29:01","guid":{"rendered":"http:\/\/ksiegarnia-akademicka.pl\/?post_type=product&#038;p=8884"},"modified":"2022-10-06T15:36:35","modified_gmt":"2022-10-06T13:36:35","slug":"rachunek-prawdopodobienstwa-i-statystyka-matematyczna-w-zadaniach-czesc-1-rachunek-prawdopodobienstwa-2","status":"publish","type":"product","link":"http:\/\/ksiegarnia-akademicka.pl\/index.php\/product\/rachunek-prawdopodobienstwa-i-statystyka-matematyczna-w-zadaniach-czesc-1-rachunek-prawdopodobienstwa-2\/","title":{"rendered":"Rachunek prawdopodobie\u0144stwa i statystyka matematyczna w zadaniach cz\u0119\u015b\u0107 1 Rachunek prawdopodobie\u0144stwa"},"content":{"rendered":"<p>Autor:<br \/>\nJ. Bartos<br \/>\nW. Dyczka<br \/>\nW. Krysicki<br \/>\nWydawca: Wydawnictwo Naukowe PWN<br \/>\nOprawa: Mi\u0119kka<br \/>\nFormat: 16.5&#215;23.5cm<br \/>\nLiczba stron: 255<br \/>\nWydanie: 9<br \/>\nRok wydania: 2022<\/p>\n<p>Kolejne wydanie dobrze znanego studentom 2-cz\u0119\u015bciowego podr\u0119cznika.<\/p>\n<p>Ka\u017cdy rozdzia\u0142 sk\u0142ada si\u0119 z podstawowych definicji i twierdze\u0144, rozwi\u0105zanych przyk\u0142ad\u00f3w o wzrastaj\u0105cym stopniu trudno\u015bci oraz zada\u0144 do samodzielnego wykonania. Na ko\u0144cu rozdzia\u0142u znajduj\u0105 si\u0119 odpowiedzi do zada\u0144; trudniejszym z nich towarzysz\u0105 wskaz\u00f3wki.<\/p>\n<p>Cz\u0119\u015b\u0107 I podr\u0119cznika dotyczy rachunku prawdopodobie\u0144stwa.<\/p>\n<p>Ksi\u0105\u017cka przeznaczona jest przede wszystkim dla student\u00f3w uczelni technicznych. Mog\u0105 z niego korzysta\u0107 r\u00f3wnie\u017c s\u0142uchacze uczelni ekonomicznych i kierunk\u00f3w \u015bcis\u0142ych uniwersytet\u00f3w i akademii pedagogicznych oraz wszyscy, kt\u00f3rzy stosuj\u0105 metody probabilistyczne w swojej pracy zawodowej.<\/p>\n","protected":false},"excerpt":{"rendered":"<p>Autor: J. Bartos W. Dyczka W. Krysicki Wydawca: Wydawnictwo Naukowe [&hellip;]<\/p>\n","protected":false},"featured_media":8885,"template":"","meta":[],"product_brand":[],"product_cat":[7519,35,7520],"product_tag":[253,269,5253,1612],"class_list":{"0":"post-8884","1":"product","2":"type-product","3":"status-publish","4":"has-post-thumbnail","6":"product_cat-matematyka","7":"product_cat-matematyka-i-jej-zastosowania","8":"product_cat-statystyka","9":"product_tag-matematyka","10":"product_tag-podrecznik-akademicki","11":"product_tag-rachunek-prawdopodobienstwa","12":"product_tag-statystyka","14":"first","15":"instock","16":"sale","17":"shipping-taxable","18":"purchasable","19":"product-type-simple"},"_links":{"self":[{"href":"http:\/\/ksiegarnia-akademicka.pl\/index.php\/wp-json\/wp\/v2\/product\/8884","targetHints":{"allow":["GET"]}}],"collection":[{"href":"http:\/\/ksiegarnia-akademicka.pl\/index.php\/wp-json\/wp\/v2\/product"}],"about":[{"href":"http:\/\/ksiegarnia-akademicka.pl\/index.php\/wp-json\/wp\/v2\/types\/product"}],"wp:featuredmedia":[{"embeddable":true,"href":"http:\/\/ksiegarnia-akademicka.pl\/index.php\/wp-json\/wp\/v2\/media\/8885"}],"wp:attachment":[{"href":"http:\/\/ksiegarnia-akademicka.pl\/index.php\/wp-json\/wp\/v2\/media?parent=8884"}],"wp:term":[{"taxonomy":"product_brand","embeddable":true,"href":"http:\/\/ksiegarnia-akademicka.pl\/index.php\/wp-json\/wp\/v2\/product_brand?post=8884"},{"taxonomy":"product_cat","embeddable":true,"href":"http:\/\/ksiegarnia-akademicka.pl\/index.php\/wp-json\/wp\/v2\/product_cat?post=8884"},{"taxonomy":"product_tag","embeddable":true,"href":"http:\/\/ksiegarnia-akademicka.pl\/index.php\/wp-json\/wp\/v2\/product_tag?post=8884"}],"curies":[{"name":"wp","href":"https:\/\/api.w.org\/{rel}","templated":true}]}}