{"id":8610,"date":"2018-09-27T13:43:02","date_gmt":"2018-09-27T11:43:02","guid":{"rendered":"http:\/\/ksiegarnia-akademicka.pl\/?post_type=product&#038;p=8610"},"modified":"2022-01-08T14:03:50","modified_gmt":"2022-01-08T13:03:50","slug":"elektroenergetyka-miejskiej-trakcji-elektrycznej","status":"publish","type":"product","link":"http:\/\/ksiegarnia-akademicka.pl\/index.php\/product\/elektroenergetyka-miejskiej-trakcji-elektrycznej\/","title":{"rendered":"Elektroenergetyka miejskiej trakcji elektrycznej"},"content":{"rendered":"<p>Adam Szel\u0105g, Zbigniew Dr\u0105\u017cek, Tadeusz Macio\u0142ek<\/p>\n<p>ISBN: 978-83-62805-42-6<br \/>\nLiczba stron: 338<br \/>\nFormat: B5<br \/>\nOprawa: twarda, szyta<br \/>\nRok wydania: 2017<\/p>\n","protected":false},"excerpt":{"rendered":"<p>Adam Szel\u0105g, Zbigniew Dr\u0105\u017cek, Tadeusz Macio\u0142ek ISBN: 978-83-62805-42-6 Liczba stron: [&hellip;]<\/p>\n","protected":false},"featured_media":8611,"template":"","meta":[],"product_brand":[],"product_cat":[41],"product_tag":[4289,7666],"class_list":{"0":"post-8610","1":"product","2":"type-product","3":"status-publish","4":"has-post-thumbnail","6":"product_cat-nauki-techniczne","7":"product_tag-elektroenergetyka","8":"product_tag-transport-miejski","10":"first","11":"outofstock","12":"shipping-taxable","13":"purchasable","14":"product-type-simple"},"_links":{"self":[{"href":"http:\/\/ksiegarnia-akademicka.pl\/index.php\/wp-json\/wp\/v2\/product\/8610","targetHints":{"allow":["GET"]}}],"collection":[{"href":"http:\/\/ksiegarnia-akademicka.pl\/index.php\/wp-json\/wp\/v2\/product"}],"about":[{"href":"http:\/\/ksiegarnia-akademicka.pl\/index.php\/wp-json\/wp\/v2\/types\/product"}],"wp:featuredmedia":[{"embeddable":true,"href":"http:\/\/ksiegarnia-akademicka.pl\/index.php\/wp-json\/wp\/v2\/media\/8611"}],"wp:attachment":[{"href":"http:\/\/ksiegarnia-akademicka.pl\/index.php\/wp-json\/wp\/v2\/media?parent=8610"}],"wp:term":[{"taxonomy":"product_brand","embeddable":true,"href":"http:\/\/ksiegarnia-akademicka.pl\/index.php\/wp-json\/wp\/v2\/product_brand?post=8610"},{"taxonomy":"product_cat","embeddable":true,"href":"http:\/\/ksiegarnia-akademicka.pl\/index.php\/wp-json\/wp\/v2\/product_cat?post=8610"},{"taxonomy":"product_tag","embeddable":true,"href":"http:\/\/ksiegarnia-akademicka.pl\/index.php\/wp-json\/wp\/v2\/product_tag?post=8610"}],"curies":[{"name":"wp","href":"https:\/\/api.w.org\/{rel}","templated":true}]}}