{"id":8361,"date":"2018-07-27T10:20:05","date_gmt":"2018-07-27T08:20:05","guid":{"rendered":"http:\/\/ksiegarnia-akademicka.pl\/?post_type=product&#038;p=8361"},"modified":"2018-07-27T10:20:06","modified_gmt":"2018-07-27T08:20:06","slug":"temat-na-pierwsza-strone","status":"publish","type":"product","link":"http:\/\/ksiegarnia-akademicka.pl\/index.php\/product\/temat-na-pierwsza-strone\/","title":{"rendered":"Temat na pierwsz\u0105 stron\u0119"},"content":{"rendered":"<p>Autor:<br \/>\nUmberto Eco<br \/>\nT\u0142umacze: \u017baboklicki Krzysztof<br \/>\nWydawca: Noir Sur Blanc<br \/>\nOprawa: Twarda z obwolut\u0105<br \/>\nFormat: 15.0&#215;24.0cm<br \/>\nLiczba stron: 189<br \/>\nWydanie: 1<br \/>\nRok wydania: 2015<\/p>\n<p>\u201eKraj groteskowy, zdeformowany, niepotrafi\u0105cy nawet godnie przyj\u0105\u0107 swojego tragicznego losu. Takie w\u0142a\u015bnie s\u0105 W\u0142ochy opisywane przez Umberto Eco w jego najnowszej powie\u015bci i taka jest rzeczywisto\u015b\u0107, kt\u00f3ra \u2013 zdaje si\u0119 m\u00f3wi\u0107 autor \u2013 wykroczy\u0142a ju\u017c poza wszelkie granice wyobra\u017ani. Jednak skoro prawda przewy\u017csza literack\u0105 fikcj\u0119, to czy warto pisa\u0107 tak\u0105 powie\u015b\u0107? Paradoksalnie, odpowied\u017a na to pytanie znajdziemy w\u0142a\u015bnie w tej ksi\u0105\u017cce\u2026\u201d (La Repubblica)<br \/>\nPan Colonna, g\u0142\u00f3wny bohater powie\u015bci, to typowy \u201ecz\u0142owiek bez w\u0142a\u015bciwo\u015bci\u201d, a m\u00f3wi\u0105c dosadniej &#8211; \u017cyciowy nieudacznik.Pi\u0119\u0107dziesi\u0105tka na karku i \u017cadnych znacz\u0105cych dokona\u0144 na koncie. Mo\u017ce jednak niespodziewana propozycja, jak\u0105 sk\u0142ada mu pewnego dnia 1992 roku niejaki Simei, zapocz\u0105tkuje tak d\u0142ugo oczekiwany prze\u0142om? Przez rok Colonna ma by\u0107 \u015bwiadkiem przygotowa\u0144 do publikacji pierwszego numeru nowego dziennika, a potem opisa\u0107 je w (rzecz jasna bestsellerowej) ksi\u0105\u017cce. Jego relacja nie musi \u015bci\u015ble trzyma\u0107 si\u0119 fakt\u00f3w, jako \u017ce \u00f3w dziennik, \u201egotowy m\u00f3wi\u0107 prawd\u0119 o wszystkim\u201d, w gruncie rzeczy jest blefem, maj\u0105 wi\u0119c one drugorz\u0119dne znaczenie.<br \/>\nColonna, \u015bwietnie zdaj\u0105c sobie spraw\u0119 z oszustwa, decyduje si\u0119 wzi\u0105\u0107 udzia\u0142 w eksperymencie i odegra\u0107 powierzon\u0105 mu rol\u0119. Na pocz\u0105tek poznaje barwn\u0105 i do\u015b\u0107 przypadkowo dobran\u0105 grup\u0119 dziennikarzy \u201eprzysz\u0142ej\u201d gazety. Jest w\u015br\u00f3d nich inteligentna trzydziestoletnia Maia Fresia (kt\u00f3rej wej\u015bcie w \u017cycie Colonny ma nieoczekiwane i ca\u0142kiem mi\u0142e konsekwencje\u2026), jest wyspecjalizowany w zadawaniu g\u0142upich pyta\u0144 Cambria; powi\u0105zany z tajnymi s\u0142u\u017cbami Lucidi; a tak\u017ce Braggadocio, wzorcowy dziennikarz \u015bledczy, nieustannie tropi\u0105cy rozmaite afery i spiski.<br \/>\nWszyscy oni dyskutuj\u0105 o zawarto\u015bci nowej gazety: horoskopy powinny by\u0107 optymistyczne, krzy\u017c\u00f3wki \u0142atwe, nekrologi natchnione, sformu\u0142owania jasne i nie wymagaj\u0105ce od czytelnika zb\u0119dnego namys\u0142u.<br \/>\nJednak najistotniejsze jest, jak odwraca\u0107 uwag\u0119 czytelnika od spraw, kt\u00f3re dla mocodawc\u00f3w pisma s\u0105 niewygodne, tudzie\u017c jak kierowa\u0107 uwag\u0119 czytelnika &#8211; tylko poprzez sugestie, nigdy wprost &#8211; na sprawy, kt\u00f3re s\u0105 niewygodne dla wrog\u00f3w tych\u017ce mocodawc\u00f3w.<br \/>\nTymczasem niezmordowany Braggadocio dopracowuje szczeg\u00f3\u0142y swojego odkrycia, jest bowiem przekonany, \u017ce uda\u0142o mu si\u0119 po\u0142\u0105czy\u0107w logiczn\u0105 ca\u0142o\u015b\u0107 najmroczniejsze tajemnice najnowszej historii W\u0142och: domniemania, \u017ce Mussolini prze\u017cy\u0142, a zabity zosta\u0142 jego sobowt\u00f3r; zamach stanu planowany przez ksi\u0119cia Borghese; terror Czerwonych Brygad; przypuszczalne zab\u00f3jstwo Jana Paw\u0142a I; afery banku watyka\u0144skiego. A wszystko to pod nieustann\u0105 kontrol\u0105 tajnej prawicowej organizacji Gladio, lo\u017cy maso\u0144skiej P2, mafii, CIA, Watykanu i tajnych s\u0142u\u017cb. Teza Braggadocia, cho\u0107 solidnie skonstruowana, wydaje si\u0119 wyssana z palca. Ale tyko do czasu\u2026<br \/>\nW najnowszej powie\u015bci Umberta Eco odnajdujemy elementy political fiction, thrillera, romansu i gorzkiej groteski. Przede wszystkim jednak jest to niepokoj\u0105ca wizja wsp\u00f3\u0142czesnego \u015bwiata kszta\u0142towanego przez media, kt\u00f3re bynajmniej nie mog\u0105 uchodzi\u0107 za wolne.<\/p>\n","protected":false},"excerpt":{"rendered":"<p>Autor: Umberto Eco T\u0142umacze: \u017baboklicki Krzysztof Wydawca: Noir Sur Blanc [&hellip;]<\/p>\n","protected":false},"featured_media":8362,"template":"","meta":[],"product_brand":[],"product_cat":[7627],"product_tag":[4696,7632,7633],"class_list":{"0":"post-8361","1":"product","2":"type-product","3":"status-publish","4":"has-post-thumbnail","6":"product_cat-historia-literatury","7":"product_tag-felietony","8":"product_tag-literatura-swiatowa","9":"product_tag-umberto-eco","11":"first","12":"instock","13":"sale","14":"shipping-taxable","15":"purchasable","16":"product-type-simple"},"_links":{"self":[{"href":"http:\/\/ksiegarnia-akademicka.pl\/index.php\/wp-json\/wp\/v2\/product\/8361","targetHints":{"allow":["GET"]}}],"collection":[{"href":"http:\/\/ksiegarnia-akademicka.pl\/index.php\/wp-json\/wp\/v2\/product"}],"about":[{"href":"http:\/\/ksiegarnia-akademicka.pl\/index.php\/wp-json\/wp\/v2\/types\/product"}],"wp:featuredmedia":[{"embeddable":true,"href":"http:\/\/ksiegarnia-akademicka.pl\/index.php\/wp-json\/wp\/v2\/media\/8362"}],"wp:attachment":[{"href":"http:\/\/ksiegarnia-akademicka.pl\/index.php\/wp-json\/wp\/v2\/media?parent=8361"}],"wp:term":[{"taxonomy":"product_brand","embeddable":true,"href":"http:\/\/ksiegarnia-akademicka.pl\/index.php\/wp-json\/wp\/v2\/product_brand?post=8361"},{"taxonomy":"product_cat","embeddable":true,"href":"http:\/\/ksiegarnia-akademicka.pl\/index.php\/wp-json\/wp\/v2\/product_cat?post=8361"},{"taxonomy":"product_tag","embeddable":true,"href":"http:\/\/ksiegarnia-akademicka.pl\/index.php\/wp-json\/wp\/v2\/product_tag?post=8361"}],"curies":[{"name":"wp","href":"https:\/\/api.w.org\/{rel}","templated":true}]}}