{"id":8292,"date":"2018-07-25T11:19:58","date_gmt":"2018-07-25T09:19:58","guid":{"rendered":"http:\/\/ksiegarnia-akademicka.pl\/?post_type=product&#038;p=8292"},"modified":"2018-07-25T11:19:59","modified_gmt":"2018-07-25T09:19:59","slug":"sapiens-od-zwierzat-do-bogow","status":"publish","type":"product","link":"http:\/\/ksiegarnia-akademicka.pl\/index.php\/product\/sapiens-od-zwierzat-do-bogow\/","title":{"rendered":"Sapiens Od zwierz\u0105t do bog\u00f3w"},"content":{"rendered":"<p>Autor:<br \/>\nYuval Noah Harari<br \/>\nT\u0142umacze: Hunia Justyna<br \/>\nWydawca: Dom Wydawniczy PWN<br \/>\nOprawa: Mi\u0119kka<br \/>\nFormat: 14.5&#215;20.5cm<br \/>\nLiczba stron: 528<br \/>\nWydanie: 1<br \/>\nRok wydania: 2018<\/p>\n<p>Siedemdziesi\u0105t tysi\u0119cy lat temu homo sapiens by\u0142 niewiele znacz\u0105cym zwierz\u0119ciem \u017cyj\u0105cym w pewnym zak\u0105tku Afryki. W ci\u0105gu nast\u0119pnych tysi\u0105cleci wyr\u00f3s\u0142 na pana ca\u0142ej planety i postrach ekosystemu. Dzi\u015b stoi na progu osi\u0105gni\u0119cia statusu boga, got\u00f3w dost\u0105pi\u0107 nie tylko wiecznej m\u0142odo\u015bci, lecz tak\u017ce boskich w\u0142adz tworzenia i niszczenia.<br \/>\nLudzie istnieli na d\u0142ugo przed narodzeniem sie historii. Sto tysi\u0119cy lat temu na ziemi \u017cy\u0142o sze\u015b\u0107 gatunk\u00f3w ludzkich, kt\u00f3re nie wyr\u00f3\u017cnia\u0142y si\u0119 niczym szczeg\u00f3lnym w\u015br\u00f3d nieprzebranej liczby innych organizm\u00f3w. Jak to si\u0119 sta\u0142o, ze homo sapiens podbi\u0142 \u015bwiat i zdominowa\u0142 planet\u0119, a jego zachowania i idee sta\u0142y sie decyduj\u0105ce dla los\u00f3w Ziemi? Autor zabiera nas w podr\u00f3\u017c do przesz\u0142o\u015bci i wraca do korzeni ludzko\u015bci, aby wyja\u015bni\u0107 najbardziej nurtuj\u0105ce pytania, na przyk\u0142ad:<br \/>\n\u2022 Czym tak naprawd\u0119 jest pieni\u0105dz \u2013 czy\u017cby jedyny pomost miedzy kulturami?<br \/>\n\u2022 Dlaczego stali\u015bmy si\u0119 tacy grubi?<br \/>\n\u2022 Czy mo\u017ce by\u0107 co\u015b nienaturalnego w ludzkich zachowaniach z punktu widzenia biologii?<br \/>\n\u2022 Sk\u0105d si\u0119 wzi\u0105\u0142 patriarchat w tak wielu kulturach?<br \/>\n\u2022 Czy kapitalizm jest religi\u0105?<br \/>\n\u2022 Kt\u00f3re wydarzenia najbardziej wp\u0142yn\u0119\u0142y na losy ludzko\u015bci? Czy na pewno wojny, podboje i koalicje? A mo\u017ce raczej udomowienie zwierz\u0105t, wynalazki, ideologie i religie?<\/p>\n","protected":false},"excerpt":{"rendered":"<p>Autor: Yuval Noah Harari T\u0142umacze: Hunia Justyna Wydawca: Dom Wydawniczy [&hellip;]<\/p>\n","protected":false},"featured_media":8293,"template":"","meta":[],"product_brand":[],"product_cat":[7506,27,7510,7508],"product_tag":[1190,5978,246],"class_list":{"0":"post-8292","1":"product","2":"type-product","3":"status-publish","4":"has-post-thumbnail","6":"product_cat-filozofia","7":"product_cat-nauki-spoleczne","8":"product_cat-polityka-spoleczna","9":"product_cat-socjologia","10":"product_tag-antropologia","11":"product_tag-ewolucja","12":"product_tag-socjologia","14":"first","15":"instock","16":"sale","17":"shipping-taxable","18":"purchasable","19":"product-type-simple"},"_links":{"self":[{"href":"http:\/\/ksiegarnia-akademicka.pl\/index.php\/wp-json\/wp\/v2\/product\/8292","targetHints":{"allow":["GET"]}}],"collection":[{"href":"http:\/\/ksiegarnia-akademicka.pl\/index.php\/wp-json\/wp\/v2\/product"}],"about":[{"href":"http:\/\/ksiegarnia-akademicka.pl\/index.php\/wp-json\/wp\/v2\/types\/product"}],"wp:featuredmedia":[{"embeddable":true,"href":"http:\/\/ksiegarnia-akademicka.pl\/index.php\/wp-json\/wp\/v2\/media\/8293"}],"wp:attachment":[{"href":"http:\/\/ksiegarnia-akademicka.pl\/index.php\/wp-json\/wp\/v2\/media?parent=8292"}],"wp:term":[{"taxonomy":"product_brand","embeddable":true,"href":"http:\/\/ksiegarnia-akademicka.pl\/index.php\/wp-json\/wp\/v2\/product_brand?post=8292"},{"taxonomy":"product_cat","embeddable":true,"href":"http:\/\/ksiegarnia-akademicka.pl\/index.php\/wp-json\/wp\/v2\/product_cat?post=8292"},{"taxonomy":"product_tag","embeddable":true,"href":"http:\/\/ksiegarnia-akademicka.pl\/index.php\/wp-json\/wp\/v2\/product_tag?post=8292"}],"curies":[{"name":"wp","href":"https:\/\/api.w.org\/{rel}","templated":true}]}}