{"id":7931,"date":"2018-07-14T09:29:14","date_gmt":"2018-07-14T07:29:14","guid":{"rendered":"http:\/\/ksiegarnia-akademicka.pl\/?post_type=product&#038;p=7931"},"modified":"2021-03-03T09:05:55","modified_gmt":"2021-03-03T08:05:55","slug":"last-minute-prawo-rodzinne-i-opiekuncze","status":"publish","type":"product","link":"http:\/\/ksiegarnia-akademicka.pl\/index.php\/product\/last-minute-prawo-rodzinne-i-opiekuncze\/","title":{"rendered":"Last Minute Prawo rodzinne i opieku\u0144cze 2020"},"content":{"rendered":"<p>Autor:<br \/>\nAnna G\u00f3lska<br \/>\nWydawca: Od.Nowa<br \/>\nOprawa: Mi\u0119kka<br \/>\nFormat: 14.5&#215;19.0cm<br \/>\nLiczba stron: 264<br \/>\nRok wydania: 2020<br \/>\nJ\u0119zyk wydania: polski<\/p>\n<p>Powt\u00f3rka do egzaminu z KRO mo\u017ce by\u0107 przyjemna<\/p>\n<p>Przekonaj si\u0119, \u017ce z nasza ksi\u0105\u017cka z serii Last minute to strza\u0142 w dziesi\u0105tk\u0119, je\u017celi chodzi o pomoc w przygotowaniach do egzaminu z prawa rodzinnego i opieku\u0144czego. To co\u015b w\u0142a\u015bnie dla Ciebie, je\u017celi chcesz szybko powt\u00f3rzy\u0107 ca\u0142y materia\u0142 wymagany na egzaminie albo je\u017celi interesuj\u0105 Ci\u0119 konkretne przepisy. Zwi\u0119z\u0142y i jasny j\u0119zyk, wiele przyk\u0142ad\u00f3w z \u017cycia, fragmenty orzecze\u0144 i wyrok\u00f3w \u2013 wszystko po to, aby\u015b zda\u0142 egzamin w pierwszym terminie.<\/p>\n<p>Wszystko pod r\u0119k\u0105 \u2013 kompletny zbi\u00f3r informacji do egzaminu z KRO<\/p>\n<p>Opracowanie autorstwa Anny Talagi i Anny G\u00f3lskiej to absolutny must have ka\u017cdego studenta przygotowuj\u0105cego si\u0119 do egzaminu z Prawa rodzinnego i opieku\u0144czego. To spos\u00f3b na skuteczn\u0105 powt\u00f3rk\u0119 i usystematyzowanie wiedzy, a tak\u017ce jej pog\u0142\u0119bienie dzi\u0119ki elementom dodatkowym, takim jak przyk\u0142ady z \u017cycia czy fragmenty orzecze\u0144. Podobnie jak we wszystkich tytu\u0142ach z serii Last minute, tu r\u00f3wnie\u017c zastosowano wiele r\u00f3\u017cnych rozwi\u0105za\u0144 graficznych, dzi\u0119ki kt\u00f3rym nauka up\u0142ywa mi\u0142o i przyjemnie. Poza tym por\u0119czny format ksi\u0105\u017cki sprawi, \u017ce b\u0119dziesz m\u00f3g\u0142 mie\u0107 j\u0105 zawsze przy sobie. Na \u0142awce w parku, w tramwaju, a mo\u017ce w kawiarni \u2013 powtarzaj wiadomo\u015bci wsz\u0119dzie tam, gdzie chcesz.<\/p>\n<p>Wybierz t\u0119 ksi\u0105\u017ck\u0119, je\u017celi:<\/p>\n<p>zale\u017cy Ci na szybkiej powt\u00f3rce do egzaminu z KRO i skutecznym uporz\u0105dkowaniu wiadomo\u015bci;<br \/>\ncenisz efektywne i sprawdzone rozwi\u0105zania;<br \/>\nwiele informacji zapami\u0119tujesz wzrokowo;<br \/>\nszanujesz sw\u00f3j czas i marz\u0105 Ci si\u0119 d\u0142ugie wakacje po zdaniu egzaminu w pierwszym terminie.<\/p>\n","protected":false},"excerpt":{"rendered":"<p>Autor: Anna G\u00f3lska Wydawca: Od.Nowa Oprawa: Mi\u0119kka Format: 14.5&#215;19.0cm Liczba [&hellip;]<\/p>\n","protected":false},"featured_media":13967,"template":"","meta":[],"product_brand":[],"product_cat":[7491,18],"product_tag":[7561,615,4584],"class_list":{"0":"post-7931","1":"product","2":"type-product","3":"status-publish","4":"has-post-thumbnail","6":"product_cat-cywilne","7":"product_cat-prawo","8":"product_tag-last-minute","9":"product_tag-prawo-cywilne","10":"product_tag-prawo-rodzinne-i-opiekuncze","12":"first","13":"instock","14":"sale","15":"shipping-taxable","16":"purchasable","17":"product-type-simple"},"_links":{"self":[{"href":"http:\/\/ksiegarnia-akademicka.pl\/index.php\/wp-json\/wp\/v2\/product\/7931","targetHints":{"allow":["GET"]}}],"collection":[{"href":"http:\/\/ksiegarnia-akademicka.pl\/index.php\/wp-json\/wp\/v2\/product"}],"about":[{"href":"http:\/\/ksiegarnia-akademicka.pl\/index.php\/wp-json\/wp\/v2\/types\/product"}],"wp:featuredmedia":[{"embeddable":true,"href":"http:\/\/ksiegarnia-akademicka.pl\/index.php\/wp-json\/wp\/v2\/media\/13967"}],"wp:attachment":[{"href":"http:\/\/ksiegarnia-akademicka.pl\/index.php\/wp-json\/wp\/v2\/media?parent=7931"}],"wp:term":[{"taxonomy":"product_brand","embeddable":true,"href":"http:\/\/ksiegarnia-akademicka.pl\/index.php\/wp-json\/wp\/v2\/product_brand?post=7931"},{"taxonomy":"product_cat","embeddable":true,"href":"http:\/\/ksiegarnia-akademicka.pl\/index.php\/wp-json\/wp\/v2\/product_cat?post=7931"},{"taxonomy":"product_tag","embeddable":true,"href":"http:\/\/ksiegarnia-akademicka.pl\/index.php\/wp-json\/wp\/v2\/product_tag?post=7931"}],"curies":[{"name":"wp","href":"https:\/\/api.w.org\/{rel}","templated":true}]}}